{"id":943,"date":"2011-07-27T10:06:13","date_gmt":"2011-07-27T10:06:13","guid":{"rendered":"http:\/\/www.art-3.org\/art-contemporain\/?page_id=943"},"modified":"2012-06-28T14:43:14","modified_gmt":"2012-06-28T14:43:14","slug":"s-deshais-m-lehrmann-a-j-chaton-texte-de-n-feodoroff","status":"publish","type":"page","link":"http:\/\/www.art-3.org\/art-contemporain\/s-deshais-m-lehrmann-a-j-chaton-texte-de-n-feodoroff","title":{"rendered":"S Deshais, M Lehrmann, A.J Chaton : texte de N. Feodoroff"},"content":{"rendered":"<h4 style=\"text-align: justify;\">Leurs  interventions, pr\u00e9sent\u00e9es en plusieurs temps et en divers lieux\u2013elles  seront visibles dans un espace priv\u00e9 (un appartement investi pour  l&rsquo;occasion), dans l&rsquo;espace public (les murs de la ville) et \u00e0 art3- se  feront \u00e9galement dans l&rsquo;espace du livre dans deux publications  sp\u00e9cifiques, l&rsquo;une de Marisa Lerhmann, l&rsquo;autre de Sabine Anne Deshais  avec une contribution d&rsquo;Anne-James Chaton.<br \/>\nLe travail de <strong>Marisa Lehrmann<\/strong>, jeune artiste allemande,  est nourri de cin\u00e9ma, de chanson, de litt\u00e9rature populaire comme des  grands romans classiques. Elle y traque les images et les  repr\u00e9sentations de la femme et de la f\u00e9minit\u00e9. Puis elle les extrait,  les isole ou les colle, les monte et les associe de fa\u00e7ons diverses.<br \/>\nSon intervention \u00e0 art3 articule la publication d&rsquo;un livre d&rsquo;artiste,  une exposition de ses dessins et une installation. Fonctionnant sur un  principe de d\u00e9placement et de recyclage, le livre, en deux fascicules  li\u00e9s mais ind\u00e9pendants, propose une s\u00e9rie de texte et un ensemble de  dessins. Les textes, \u00e9nigmatiques, sont le fruit de collage de fragments  de coupures de presse. Pour ses dessins, Marisa Lehrmann reprend au  crayon les principaux contours d&rsquo;images d&rsquo;actrices (silhouettes avec  d\u00e9cors et objets) des ann\u00e9es 20 aux ann\u00e9es 50. Elle produit ainsi des  images qui sugg\u00e8rent des situations ouvertes (et parfois st\u00e9r\u00e9otyp\u00e9es)  qui s&rsquo;inscrivent alors dans un nouveau contexte, passant du film \u00e0 la  succession potentiellement narrative du livre. Et les deux parcours  -\u00e9crit, visuel-, se croisent dans une mise en regard du texte comme  image et de l&rsquo;image comme texte. Regard sur le cin\u00e9ma inscrit \u00e9galement  dans trois projections pr\u00e9sent\u00e9es dans un appartement.<br \/>\n<strong> Sabine Anne Deshais<\/strong> propose une mise en abyme qui se  d\u00e9ploie comme souvent dans son travail en une installation, un livre et  une performance. La mise en sc\u00e8ne de l&rsquo;installation pr\u00e9sent\u00e9e \u00e0 art3  reprend l&rsquo;esth\u00e9tique des motifs de la toile de Jouy \u2013cotonnades  imprim\u00e9es fabriqu\u00e9es \u00e0 partir de la fin du 18<sup>\u00e8me<\/sup> si\u00e8cle, une  des premi\u00e8res formes de production industrielle d&rsquo;images. Ses propres  motifs, \u00e9rotiques -d\u00e9tournements de sc\u00e8nes champ\u00eatres puis\u00e9es dans  l&rsquo;histoire de la peinture\u2013 se substituent aux motifs floraux et  mythologiques habituels. Recouvrant la totalit\u00e9 de la surface du mur,  ils enveloppent la reconstitution d&rsquo;un coin de salon, avec canap\u00e9 et  t\u00e9l\u00e9viseur. Mais en guise de programme, ce t\u00e9l\u00e9viseur diffuse <em>COOL !<\/em>,  un montage de photographies montrant des cam\u00e9ras de surveillance,  images enregistr\u00e9es au fil de ses p\u00e9r\u00e9grinations dans diverses villes  d&rsquo;Europe. Montage dont l&rsquo;univers sonore m\u00eale des sons (de villes, de  s\u00e9ries t\u00e9l\u00e9, de jeux vid\u00e9o, \u2026) \u00e0 la musique de Zwell, artiste avec qui  Sabine Anne Deshais collabore r\u00e9guli\u00e8rement. Installation o\u00f9 les faits  et gestes passent de l&rsquo;univers de la surveillance \u00e0 l&rsquo;intimit\u00e9  surexpos\u00e9e par l&rsquo;imagerie d\u00e9tourn\u00e9e affich\u00e9e au mur. Images  photographiques et dessins qu&rsquo;elle confronte par superposition dans  l&rsquo;espace du livre. Involution du priv\u00e9 et du public qui se retrouvera  lors d&rsquo;une installation r\u00e9alis\u00e9e \u00e0 partir d&rsquo;un repas.<br \/>\nPo\u00e8te sonore, essayiste, <strong>Anne-James Chaton<\/strong> se nourrit  de l&rsquo;univers quotidien apparemment le plus anodin, pour le dynamiter et  lui restituer sa dimension politique. Utilisant aussi bien le livre, le  disque ou la performance, son travail repose sur les principes  d&rsquo;accumulation -le plus souvent syst\u00e9matique-, de trace et d&rsquo;indice.<br \/>\nSa pr\u00e9sence est ici multiple. Outre une intervention dans le livre de  Sabine Anne Deshais, il a r\u00e9alis\u00e9 les portraits des deux autres artistes  invit\u00e9s. Selon la proc\u00e9dure singuli\u00e8re qu&rsquo;il a mise en place &#8211; et dont  c&rsquo;est la premi\u00e8re mise en \u0153uvre en tant que commande -, Anne-James Chaton  leur a demand\u00e9 de vider poches et sacs et d&rsquo;en \u00e9taler le contenu sur la  table : cartes, tickets, objets divers\u2026 Il en a not\u00e9 scrupuleusement  toutes les parties textuelles visibles, et les a report\u00e9es sous forme de  texte, qu&rsquo;il a fait agrandir et imprimer au format d&rsquo;une affiche. Les  portraits ainsi r\u00e9alis\u00e9s seront placard\u00e9s sur les murs de Valence.  Enfin, Anne-James Chaton fera une lecture-performance lors du  vernissage.<br \/>\nNicolas Feodoroff<\/h4>\n<p><em> <\/em><\/p>\n<div class=\"pdf24Plugin-cp\"> \t<form name=\"pdf24Form0\" method=\"post\" target=\"pdf24PopWin\" action=\"https:\/\/doc2pdf.pdf24.org\/wordpress.php\"><input type=\"hidden\" name=\"blogCharset\" value=\"Cw1x07UAAA==\" \/><input type=\"hidden\" name=\"blogPosts\" value=\"MwQA\" \/><input type=\"hidden\" name=\"blogUrl\" value=\"yygpKbDS1y8vL9dLLCrRNdbLL0rXB7GS8\/NKUnML8osSM\/MA\" \/><input type=\"hidden\" name=\"blogName\" value=\"SywqMQYA\" \/><input type=\"hidden\" name=\"blogValueEncoding\" value=\"gzdeflate base64\" \/><input type=\"hidden\" name=\"postId_0\" value=\"szQxBgA=\" \/><input type=\"hidden\" name=\"postTitle_0\" value=\"C1ZwSS3OSMws1lHwVfBJzSjKTczL01Fw1PNScM5ILMnPU7BSKEmtKElVSElV8NNTcEvNT8kvyk9LAwA=\" \/><input type=\"hidden\" name=\"postLink_0\" value=\"FcoxDoAgDAXQE306uHmbRopgpCWlCR5f3d7wasTYidZaiT2wJfOTfh2mIX2Yc1OayDIrt4mOW6p3VgXjwlE5TBHyhHwHiiKWza2UFw==\" \/><input type=\"hidden\" name=\"postAuthor_0\" value=\"SywqMQYA\" \/><input type=\"hidden\" name=\"postDateTime_0\" value=\"MzIwNNQ1MNc1MlcwNLAyMLcyNAYA\" \/><input type=\"hidden\" name=\"postContent_0\" value=\"bVjNjiO3Eb77KRgHMGaAlsbrOIDhVQYInDVgY5w1skgOuVEUW+KETfbyR1nd8g5+gZzikd\/A50ZeJE+Sr4pkqzU7l91WiyKrvvq+r4qzOXwpYjpZ\/YdPk\/6QVtKavftaPOaYTH96\/en9g84hCmFc0uGoXTLexU6MYTpHfJrOOgrtxGhzNLwy6WHEq0Rvd+ao8crimw\/\/+9dP2lqsFlEH75I4mmi29GInXRTZCR1HqTS2NsfpLG7wRo6jDNgQByGAo0ZMYvQ5CGE\/C\/F99q+9UjIipNuubNPet73y1holbuiYgaLbaWEljkYktxTk9G+BE363QlBC9CWw6byXthz60p67jISOQZcvd0itHiMZG+Q3TmdlevM+ayDVfp2dptN\/kMFEKR50OAzSucv3MqfAK97JrcHaPzr88ycdD9JgT3nUStAWChEGs810ltjV39La1fdyQJbfHGTybr3ZBnF3\/8mDFinIozSWdt7EhAT393MMh0AxbO7q+048ajoDiJiY8D9QwoKd7gSKk4QD9MHQTsq46TzIjp8PwME7frYmgRJBpoxcRj9mK02goIeBckMi+4ANowh+IPSUlTEyUGvxBqeJE8WLz4IqZga518wl5k3QjXUV6VLMXtPmWFQ\/IjDjDMJYix8zsCPW8Qagd5AmIRnePHq895k\/KI9FHT8OAFi3MxGdV4bL0svpZz6UOY2AK8TvUIelOBqlGEWVLQe1IMhcNPC78qgxoMCO+KgI+sPooym\/0KAnpQusHONBC\/CYUCHedC2+9U7Rk5OgbYREsD1JySkzcvy76Txa8Jd5XdAKWp1QgT1nXoLpWLbE6V5GxfEDeWuAuxiIicbRRtqB\/Il9wCNMzQFFVL5gRU6iS5zYL+oBOqf3LYU1uBfLKuwxnZ3ZD8ijCCaSBrG+D9lwmFQcBMlFCHJPCURRvsgjiMZEGPF\/1Cg52cMCrU48YzvTCPELmYVQQZ4AMCVZsZJInTTm2S1qZSoR50IpSFDhxU009uCzTom4QhIlmJUPXCS\/fdQp3jLvcTBb5RefCzqhffz955X3wHFH6UqEbIpS6qHvs0E99\/vpKbAj4RVokasEfAYb6fQbHAiz7D1qFEmD09mn00in3IqySUvGRQWLpc2kpVCb\/zraDKhQ+lQaVBf8Jz7B8npjB6I2yIxwlCJ0gdzoE9GeNMbEcjJA\/dh9tkkkWLRUnFIGxdCKFYAKpEb0gaztqiMLVgHxz8ZLpBrwmTgZ9F6GHe1ayFUspYDUxL+sVl3Ai9fiL+XXpAs7u5coSFwZfjk4URhUk0etCs5X\/a4BtmhPzQ2axb7k4rPPXqmmJSi3J8TLhdKiqNWblkak0jRYIJDZ1fHD517QidlZgAt\/PWoQg9ivgMWDnM+ManoqbcleyDFvtEx6drVZPpeumA7TmcXL5Bw8BofmzcmbovzvfT4JjADKJ\/KoSnBobmBEe7kN2IGfcRLBakIzdOOo7K++2sQ83k9PgwaQeIIMpidFtk0p8tmIbDAkFOyIfJszQFpcRjIvzDWB6fpM3GvxjjfwZCSiZkHeFHwxJrFCTcgWnC4ORK7M+EVqgcM4\/ZLopyN6zoUlM0wHWLs3pcNTQ9DoGfAuQEL1jnmL2SZlFiVkUkHsoU\/6SHUcTungrd+XYA6gF5bbSNyGoo6BdMqIo37U\/epBoHxfpxYMQOgtxtLAdtTWj6Muv0EfAMfp\/OcNSnlT2g+cAsRii1PSSfgKB4Vz7HSGgjH6reG0hofBfSZ+FejR70HgTiCE5WK00b7PWLXRw\/03b98+iN9s7vDIzY97cHX88QDGYJPxYGpz5kyp2koONGuUSmT0X0x1RPFu9k7tYBsAPnBBJLtY66Yje+Qert+mCbno7mVEpDZTwXiTQQ2o54cWGnepGaky6EKZHiUepl9sEUOkjW9wYtmOZ6TaJ2PFg989kjceDRjmO8jkP7fVaoccq7DE3\/8J1naX2YxKQW7x4rzILXNLsVCO2bIo2KfEd0uF++lX9uYecxGSRUkBG7UTcv7Sbj5KcubVDDgHOxtIMgPzj5bwEEP2AUVf+zNPClVQtED2vVEHfmKmItBSwyUDmPps9mUSep+bCZGgQeI+8PRGp8EidLiMUFdifDbJEyhHbyv7c7uBaG589QpRjTloWDj1XLTB0jwX4\/2VeQJ4CDFW72yOdpEWfFTOQ+SPfnpKuvIHMxja7qnMgq2hfDTiX7oJwiqTeRIv1QvPyeyMrv2KpuUyYNGdDZOI3xlIm69VxNqTk6ifDqxvi6yDLtYESCX0gV\/Xzg+boYqsxV+TQaaSvQuFEVs67DJRWnJnE4nHNG7LZTvqrroZMPHshmE5ki1lKJXKQ64Qr1oSrT3GE40+dZRcsbKwtSoDwkzQHWa3eXqXrcvRKtxxjDKgn01mtMjsLV\/KSm0XI365Fuo2v+sXRdjBaoW88KCk5ANfQng+LSMRX\/xiEzZftY8kIG5JlqZTitGr6byjWxWI3wR94T+f1Lo6j\/nis99+9cWrV685dfIqoS4Nu2xZe+X8u\/\/+lHloQD2ollQvmj7oAigA5kcMpHsUKgVS8C2xtByYGJgyenUoUo1SxSX82B2qx7hVJjGSq8ul4pBUknRT+BrWHvhqgBvUPzTdM8osXe0ZBim+49lHgvnkNZjjcBVAOLGOcfAVwpIhJ2TrdSOXP0G0Pz108z2PqRfKeAc21fmBS1tn4WusyTCF5MusYamUYQZZUZchcqcrayj2psvFZ8GCMu\/PHIntjyNUQ0ys\/Kaqof394m8Ajwc58cb1JN2PC9OTP9GxFvMrSLNaKK7aFi4\/gNIZOM1+VsOfDRoHGuq32u988H2\/uTt8iaF2vKc2LbhDb+7G+0\/+Dw==\" \/><\/form> \t<div class=\"pdf24Plugin-cp-link\"> \t\t<a href=\"#\" onclick=\"var pdf24Win = window.open('about:blank', 'pdf24PopWin', 'resizable=yes,scrollbars=yes,width=600,height=250,left='+(screen.width\/2-300)+',top='+(screen.height\/3-125)+''); pdf24Win.focus(); document.pdf24Form0.submit(); if(typeof pdf24OnCreatePDF === 'function'){void(pdf24OnCreatePDF(this,pdf24Win));} return false;\">TELECHARGER L\\'ARTICLE AU FORMAT PDF<\/a> \t<\/div> <\/div>","protected":false},"excerpt":{"rendered":"<p>Leurs interventions, pr\u00e9sent\u00e9es en plusieurs temps et en divers lieux\u2013elles seront visibles dans un espace priv\u00e9 (un appartement investi pour l&rsquo;occasion), dans l&rsquo;espace public (les murs de la ville) et \u00e0 art3- se feront \u00e9galement dans l&rsquo;espace du livre dans &hellip; <a href=\"http:\/\/www.art-3.org\/art-contemporain\/s-deshais-m-lehrmann-a-j-chaton-texte-de-n-feodoroff\">Continuer la lecture <span class=\"meta-nav\">&rarr;<\/span><\/a><\/p>\n","protected":false},"author":1,"featured_media":0,"parent":0,"menu_order":10,"comment_status":"closed","ping_status":"closed","template":"","meta":{"footnotes":""},"class_list":["post-943","page","type-page","status-publish","hentry"],"_links":{"self":[{"href":"http:\/\/www.art-3.org\/art-contemporain\/wp-json\/wp\/v2\/pages\/943","targetHints":{"allow":["GET"]}}],"collection":[{"href":"http:\/\/www.art-3.org\/art-contemporain\/wp-json\/wp\/v2\/pages"}],"about":[{"href":"http:\/\/www.art-3.org\/art-contemporain\/wp-json\/wp\/v2\/types\/page"}],"author":[{"embeddable":true,"href":"http:\/\/www.art-3.org\/art-contemporain\/wp-json\/wp\/v2\/users\/1"}],"replies":[{"embeddable":true,"href":"http:\/\/www.art-3.org\/art-contemporain\/wp-json\/wp\/v2\/comments?post=943"}],"version-history":[{"count":5,"href":"http:\/\/www.art-3.org\/art-contemporain\/wp-json\/wp\/v2\/pages\/943\/revisions"}],"predecessor-version":[{"id":2381,"href":"http:\/\/www.art-3.org\/art-contemporain\/wp-json\/wp\/v2\/pages\/943\/revisions\/2381"}],"wp:attachment":[{"href":"http:\/\/www.art-3.org\/art-contemporain\/wp-json\/wp\/v2\/media?parent=943"}],"curies":[{"name":"wp","href":"https:\/\/api.w.org\/{rel}","templated":true}]}}