{"id":928,"date":"2011-07-26T17:41:33","date_gmt":"2011-07-26T17:41:33","guid":{"rendered":"http:\/\/www.art-3.org\/art-contemporain\/?page_id=928"},"modified":"2012-06-28T14:36:10","modified_gmt":"2012-06-28T14:36:10","slug":"entretien-entre-claude-horstmann-et-sylvie-vojik","status":"publish","type":"page","link":"http:\/\/www.art-3.org\/art-contemporain\/entretien-entre-claude-horstmann-et-sylvie-vojik","title":{"rendered":"Entretien Claude Horstmann et Sylvie Vojik"},"content":{"rendered":"<p style=\"text-align: justify;\">\u00c0 la suite de sa r\u00e9sidence en 2006 \u00e0 Valence, Claude Horstmann r\u00e9alise une exposition dans l\u2019espace d\u2019art3 On drawing on et une publication, Fortune drawing Drawings fortune. Ces deux propositions rendent compte de la principale pr\u00e9occupation de l\u2019artiste, le dessin, qui interroge l\u2019espace, le langage, la photographie, ce medium tenant une place particuli\u00e8re sans sa production.<br \/>\nL\u2019espace du livre et l\u2019espace d\u2019exposition sont abord\u00e9s avec leurs caract\u00e9ristiques propres dans l&rsquo;intention de les d\u00e9voiler ou de les transformer. Ce travail s\u2019effectue \u00e0 partir de motifs en noir profond ou jaune vif pr\u00e9sent\u00e9s sur diff\u00e9rents supports.<br \/>\nL\u2019entretien qui suit propose de revenir sur certaines r\u00e9alisations de Claude Horstmann pour comprendre ce qui est en jeu dans sa d\u00e9marche.<\/p>\n<p style=\"text-align: justify;\"><em>Sylvie Vojik : En 2002 &#8211; 2003, tu r\u00e9alises une commande pour le Landeskriminalamt Baden-Wu\u0308rttemberg \u00e0 Stuttgart (si\u00e8ge de la police judiciaire) et interviens dans le couloir, espace sobre, blanc, tr\u00e8s long qui distribue les diff\u00e9rentes portes des bureaux. Comment as-tu pens\u00e9 cet espace ? As-tu tenu compte, par exemple, de l&rsquo; \u201cactivit\u00e9\u00a0\u00bb qui s&rsquo;y m\u00e8ne ? Qu&rsquo;as-tu finalement r\u00e9alis\u00e9 ?<\/em><br \/>\nClaude Horstmann : En un tel lieu, o\u00f9 tout est enqu\u00eate, d\u00e9pistage et preuve, je voulais faire quelque chose d&rsquo;autonome : donner \u00e0 voir des dessins muraux en un noir profond qui rythment l&rsquo;espace et introduisent une autre lecture du couloir m\u00eame. Les 25 motifs jouent avec ce qui existe (d\u00e9tails architecturaux, murs, plafond, portes) mais ils ne se soumettent pas au lieu et \u00e0 son activit\u00e9. Les dessins semblent r\u00e9sister \u00e0 une identification et fixation, ils cr\u00e9ent des angles de vue et des perspectives diff\u00e9rents. Par leur principe d\u2019ouverture, ils transforment et \u00e9largissent l&rsquo;espace.<br \/>\n<em>S.V. : Est-ce \u00e0 dire que tes dessins muraux sont autant d&rsquo;indices qui permettent une nouvelle identification du lieu, cet int\u00e9rieur qui g\u00e9n\u00e8re sa propre structure m\u00eame invisible ou illisible ?<\/em><br \/>\nC.H. : Les dessins mettent en question une seule identification d&rsquo;un lieu, ils le traversent et le d\u00e9rangent. Une, parfois, tout autre dimension de l&rsquo;espace est \u00e9voqu\u00e9e. Le moment de d\u00e9chirer la surface avec le noir peut m\u00eame \u00eatre troublant avec certains motifs. Je crois que la tension entre un espace donn\u00e9, ses mesures, ses connotations et cette autre \u00ab\u00a0dimension\u00a0\u00bb, cet autre \u00ab\u00a0image\u00a0\u00bb obtenue avec d&rsquo;autres proc\u00e9d\u00e9s et regards peut \u00eatre productive, surtout pour un lieu tellement connot\u00e9.<br \/>\nL&rsquo;id\u00e9e de l&#8217;emploi du mot int\u00e9rieur me pla\u00eet ici, car il mentionne le fait d&rsquo;habiter un espace. Par quoi un espace est d\u00e9fini ? Il y a toujours beaucoup d&rsquo;\u00e9l\u00e9ments et d&rsquo;aspects \u00e0 prendre en compte. Dans le meilleur des cas, il y a aussi beaucoup de vide. Je crois que j&rsquo;essaie en fait de d\u00e9tacher l&rsquo;espace de ses fixations, d&rsquo;ouvrir un potentiel qui touche \u00e0 l&rsquo;invisibilit\u00e9.<br \/>\n<em>S.V. : Justement l&rsquo;habit\u00e9 est une exposition que tu as r\u00e9alis\u00e9e au Bon Accueil \u00e0 Rennes en 2005. Tu as pr\u00e9sent\u00e9 une s\u00e9rie d&rsquo;oeuvres o\u00f9 cohabitent des dessins et des photographies prises dans la rue. Tu photographies des espaces \u00ab\u00a0d\u00e9j\u00e0 l\u00e0\u00a0\u00bb, des rues \u00e9troites \u00e0 peine \u00e9clair\u00e9es, une partie de mur sur lequel des mots ont \u00e9t\u00e9 effac\u00e9s. Une image embl\u00e9matique prise \u00e0 Marseille montre un endroit qui est entre un immeuble et une colline. Quelle place la photographie tient-elle dans ton travail et comment dialoguent le dessin et la photographie ? Y-a-t-il un moment o\u00f9 le dessin \u00ab\u00a0peut\u00a0\u00bb plus que la photographie ?<\/em><br \/>\nC.H. : J&rsquo;ai d\u00e9couvert par la photographie qu&rsquo;il existe dans le r\u00e9el des parties vacantes ou inoccup\u00e9es, des zones \u00ab\u00a0blanches\u00a0\u00bb, libres ou ind\u00e9termin\u00e9es qui \u00e9chappent \u00e0 une d\u00e9finition ou fonction. Cela inspire mon travail de dessin pour trouver des formes autonomes, \u00ab\u00a0n\u00e9gatives\u00a0\u00bb (pas forc\u00e9ment des ombres), qui sont en m\u00eame temps pr\u00e9sentes et absentes. Je me sers tr\u00e8s rarement de la photographie et c&rsquo;est encore plus rare qu&rsquo;une photo devienne autonome comme c&rsquo;est le cas avec la s\u00e9rie de photos sur Marseille. Dans mon travail, la discussion se fait toujours entre le dessin, la photographie et le langage. Je discute l&rsquo;un<br \/>\navec ou contre l&rsquo;autre et je les combine souvent. C&rsquo;est le c\u00f4t\u00e9 plastique qui les lient : ce qui devient espace par les moyens utilis\u00e9s et comment quelque chose peut cr\u00e9er un espace.<br \/>\n<em>S.V. : Dans ton travail, les mots, les phrases sont dessin\u00e9s, ou peuvent avoir un aspect sculptural, reliefs contre le mur, ou dispos\u00e9s au sol. Comme les \u00e9l\u00e9ments que tu pr\u00e9l\u00e8ves dans le r\u00e9el pour tes motifs picturaux, tu pr\u00e9l\u00e8ves un ensemble de mots \u00e0 partir de diff\u00e9rents supports, afin de cr\u00e9er des s\u00e9ries o\u00f9<\/em><em> chaque entit\u00e9 est autonome mais peut aussi \u00eatre lue dans un continuum, une histoire un peu abstraite<\/em><em> mais po\u00e9tique. Travailles-tu une compl\u00e9mentarit\u00e9 entre le dessin et les mots ? Qu&rsquo;est-ce que ce jeu de<\/em><em> langage nous dit du monde dans lequel nous \u00e9voluons ?<\/em><br \/>\nCH : Oui, on peut parler d&rsquo;une compl\u00e9mentarit\u00e9 surtout quand je montre plusieurs travaux. Le spectateur se trouve dans un champ de diff\u00e9rents \u00e9nonc\u00e9s qui sont li\u00e9s, mais dont le sujet n&rsquo;est pas le m\u00eame. Ils ne s&rsquo;illustrent pas. En ce qui concerne les textes, c&rsquo;est un travail en soi. L&rsquo;ensemble de mots cr\u00e9e une entit\u00e9 par rapport \u00e0 son sujet et \u00e0 son expression (comment et de quoi il parle). Par diff\u00e9rents moyens (la suite du texte install\u00e9 dans l&rsquo;espace, le traitement du m\u00eame mat\u00e9riau de base en diff\u00e9rentes versions etc.),<br \/>\nj&rsquo;essaie souvent de rendre la lecture libre. Ceci cr\u00e9e des mouvements (et parfois des contre mouvements) de sens et met en question les significations fixes. C&rsquo;est un potentiel que le spectateur actualise selon sa perception. Le livre \u00ab\u00a0Fortune drawings Drawing fortunes\u00a0\u00bb produit \u00e0 l&rsquo;occasion de ma r\u00e9sidence et de l&rsquo;exposition, montre un texte, mais aussi une \u00ab\u00a0image\u00a0\u00bb de texte. Il consiste en diff\u00e9rents \u00e9nonc\u00e9s qu&rsquo;on peut soit regarder en soi, soit lier entre eux. Dans la suite des pages, leur sens et leur construction se d\u00e9placent parfois. L&rsquo;anglais me convenait ici parce que cette langue me permettait de jouer avec un c\u00f4t\u00e9<br \/>\n\u00ab\u00a0banal\u00a0\u00bb et en m\u00eame temps \u00ab\u00a0important\u00a0\u00bb. D\u00e9veloppant sa propre expression et un son \u00ab\u00a0simple\u00a0\u00bb, le texte joue avec des lieux communs ainsi qu&rsquo;avec les \u00e9vidences, souhaits et d\u00e9sirs que tout le monde peut avoir. Il les actualise ou les relativise.<br \/>\nS<em>.V. : Cette publication est une succession de mots r\u00e9colt\u00e9s, archiv\u00e9s depuis un certain temps que tu as choisi de dessiner. Le geste d&rsquo;appropriation indique quelque chose de cette banalit\u00e9 ou lieu commun.<\/em><em> Comment regardes-tu cela? Est-ce le caract\u00e8re relatif dont tu viens de parler ?<\/em><br \/>\nC.H. : Je r\u00e9colte les mots un peu partout, dans les journaux, les conversations. Ils trouvent un premier lieu dans mon cahier d&rsquo;esquisses o\u00f9 ils figurent comme mat\u00e9riau. C&rsquo;est une source d&rsquo;inspiration et parfois je m&rsquo;en sers pour travailler un texte. Dans le cas du livre, ce sont des phrases qu&rsquo;on trouve dans les petits g\u00e2teaux asiatiques (fortune cookies) qui m&rsquo;ont inspir\u00e9es. Dans ce cas pr\u00e9cis, c&rsquo;est une appropriation de leur sonorit\u00e9. Aucune phrase n&rsquo;est prise telle quelle. Tout est construit et reconstruit pour travailler le texte qui d\u00e9veloppe enfin son propre caract\u00e8re et autonomie. Ce genre d&rsquo;\u00e9nonc\u00e9, ce genre de promesse jouent avec ce qui est commun et individuel. Tout le monde sait qu&rsquo;on tombe par pur hasard sur les phrases dans ces petits g\u00e2teaux, mais tout le monde esp\u00e8re aussi qu\u2019elles deviennent une petite v\u00e9rit\u00e9 personnelle. Ce qui m&rsquo;int\u00e9resse, c&rsquo;est le moment o\u00f9 le texte cr\u00e9e ce champ de lecture entre objectivit\u00e9 et subjectivit\u00e9, entre lieu commun et \u00e9vidence. L&rsquo;aspect de relativit\u00e9 concerne plut\u00f4t la question quand et comment une phrase devient importante ou non.<br \/>\n<em>S.V. : La publication propose diff\u00e9rentes lectures ou amorce des histoires possibles. Elle sera pr\u00e9sent\u00e9e en parall\u00e8le \u00e0 l&rsquo;exposition \u00e0 art3. Ce sont deux espaces avec leurs caract\u00e9ristiques propres. Dans quelle histoire souhaites-tu t&rsquo;inscrire ? Ces productions appartiennent-elles \u00e0 une histoire en particulier ?<\/em><br \/>\nC.H. : Dans l&rsquo;exposition, je montre des dessins sur diff\u00e9rents supports : feuilles de papier et vinyl de dessin, livre, mur. L&rsquo;histoire, disons le parti pris, est donn\u00e9e par le titre de l&rsquo;expo : ON DRAWING ON. Dans son expression presque programmatique, il indique que le sujet est le dessin comme pratique et domaine artistique, mais mentionne aussi une id\u00e9e de continuum : dessiner encore, dessiner toujours, ne pas arr\u00eater de dessiner. Cet aspect temporel me pla\u00eet ainsi que la mention d&rsquo;une r\u00e9flexion. Effectivement, mon int\u00e9r\u00eat concerne tout ce qui est de l&rsquo;ordre de l&rsquo;inscription : couche, surface, superposition, notation, langage pictural. Cela inclus aussi l&rsquo;impr\u00e9visible, l&rsquo;espace, le blanc, les conditions et mat\u00e9riaux qui existent dans un lieu. J&rsquo;interviens dans ces espaces l\u00e0. Un mur est un mur et on peut le prononcer, le transformer ou le faire vibrer. Ces effets spatiaux et plastiques sont possibles par un signe pictural ainsi que par un mot dessin\u00e9. De cette mani\u00e8re, les diff\u00e9rentes productions dans mon travail ne sont pas tr\u00e8s \u00e9loign\u00e9es, m\u00eame si elles d\u00e9veloppent leurs propres caract\u00e9ristiques et formes.<br \/>\n<em>S.V. : Les titres de certaines de tes expositions et dessins annoncent un processus en train de se faire. Tu as recours \u00e0 la sym\u00e9trie, une sorte de redoublement (par exemple, Fortune Drawings Drawing fortunes, ou called to be &#8211; to be called). Cette r\u00e9p\u00e9tition m&rsquo;intrigue. J&rsquo;\u00e9voque cela en r\u00e9action \u00e0 la mention de r\u00e9flexion dans ta derni\u00e8re r\u00e9ponse. Comment vois-tu ce processus ?<\/em><br \/>\nCH : Je peux dire que cette forme de r\u00e9p\u00e9tition, de redoublement m&rsquo;intrigue aussi beaucoup. Souvent quand je dis ou \u00e9cris quelque chose (dans le travail artistique), je sens le d\u00e9sir de mentionner le contraire : cela me semble aussi vrai et possible (une de mes oeuvres s&rsquo;appelle \u00ab\u00a0texte\/contre-texte\u00a0\u00bb). Ce n&rsquo;est pas une n\u00e9gation totale que je cherche, mais plut\u00f4t la possibilit\u00e9 d&rsquo;un potentiel de signification. Comme s&rsquo;il y avait une autre dimension du sujet. Il y a un effet de d\u00e9placement dans cette forme de r\u00e9p\u00e9tition, un<br \/>\nmouvement de mots qui correspond \u00e0 un mouvement de sens. Le fait de \u201ctourner\u201d quelques mots ou expressions les rend actifs et met en question cause, raison et lin\u00e9arit\u00e9. Je crois que c&rsquo;est ici qu&rsquo;une possibilit\u00e9 de r\u00e9flexion se fait. Il faut \u00eatre pr\u00e9cis pour travailler et cr\u00e9er ces effets de \u00ab\u00a0diff\u00e9rence\u00a0\u00bb. Pour moi c&rsquo;est vraiment un travail plastique.<br \/>\nEntretien r\u00e9alis\u00e9 par Sylvie Vojik par courriels les 7 et 8 mars 2007.<\/p>\n<p>&nbsp;<\/p>\n<address>Claude Horstmann est n\u00e9e en 1960 \u00e0 Minden, elle vit et travaille \u00e0 Stuttgart et Marseille<br \/>\nwww.claudehorstmann.de<br \/>\nEtudes<br \/>\n1981-87 Histoire de l\u2018art, Universit\u00e4t Osnabr\u00fcck, Dipl\u00f4me \u00e9quivalent DEA 1988-93 Akademie der Bildenden K\u00fcnste Stuttgart 1995-97 Professeur de sculpture et de dessin \u00e0 la Haute Ecole des Arts et M\u00e9tiers de Pforzheim 1998 Prix Sybille-Assmus, Heidelberger Kunstverein, R\u00e9sidence \u00e0 Langeland, Danemark (3 mois) 1998-99 Professeur \u00e0 l\u2018Akademie der Bildenden K\u00fcnste Stuttgart 1999 Bourse du Ministerium f\u00fcr Wissenschaft, Forschung und Kunst du Baden-W\u00fcrttemberg pour la Cit\u00e9 Internationale des Arts-Paris (6 mois) 2001 R\u00e9sidence Ast\u00e9rides, La Friche Belle de Mai, Marseille (8 mois) 2001 Aide \u00e0 la cr\u00e9ation, Hermann-Haake-Stiftung, Schloss Monrepos, Ludwigsburg 2001-02 Commande Publique, Landeskriminalamt Baden-W\u00fcrttemberg 2004 Commande Publique, Robert-Bosch-Krankenhaus, Stuttgart 2005 Bourse dans le cadre des \u00e9changes d\u2019artistes entre le Land Baden-W\u00fcrttemberg et la R\u00e9gion Rh\u00f4ne-Alpes 2006 R\u00e9sidence art3, Valence (3 mois).<br \/>\nExpositions individuelles et performances (s\u00e9lection)<br \/>\n2007 on drawing on, art3, Valence, publication<br \/>\n2007 Galerie OUI, Marseille, avec Emmanuelle Germain 2005 L\u2019Habit\u00e9, Bon Accueil\/sepa, Rennes<br \/>\n2005 rest, Kunstmuseum Stuttgart, Performance<br \/>\n2004 zeichenzone (zone dessins), Galerie am Pfleghof, T\u00fcbingen<br \/>\n2003 x-olation room, W\u00fcrttembergischer Kunstverein Stuttgart avec St\u00e9phane Le Mercier<br \/>\nExpositions collectives (s\u00e9lection)<br \/>\n2006 XVe Bourse d\u2019Art Monumental, Galerie Fernand L\u00e9ger, Ivry-sur-Seine<br \/>\n2005 Break on through, Kunstverein Neuhausen<br \/>\n2004 what you see is what you get, Schloss Untergr\u00f6ningen, catalogue<br \/>\n2004 K\u00f6rperbilder und Projektionen (Images du corps et projections), Shedhalle, T\u00fcbingen<br \/>\nPassage, Goethe Institut, Istanbul<\/address>\n<div class=\"pdf24Plugin-cp\"> \t<form name=\"pdf24Form0\" method=\"post\" target=\"pdf24PopWin\" action=\"https:\/\/doc2pdf.pdf24.org\/wordpress.php\"><input type=\"hidden\" name=\"blogCharset\" value=\"Cw1x07UAAA==\" \/><input type=\"hidden\" name=\"blogPosts\" value=\"MwQA\" \/><input type=\"hidden\" name=\"blogUrl\" value=\"yygpKbDS1y8vL9dLLCrRNdbLL0rXB7GS8\/NKUnML8osSM\/MA\" \/><input type=\"hidden\" name=\"blogName\" value=\"SywqMQYA\" \/><input type=\"hidden\" name=\"blogValueEncoding\" value=\"gzdeflate base64\" \/><input type=\"hidden\" name=\"postId_0\" value=\"szSyAAA=\" \/><input type=\"hidden\" name=\"postTitle_0\" value=\"c80rKUotyUzNU3DOSSxNSVXwyC8qLslNzMtTSC1RCK7MKctMVQjLz8rMBgA=\" \/><input type=\"hidden\" name=\"postLink_0\" value=\"HchJDoAgDADAF5UevPmbBhtBoSWlQvy9y20yyb2tiHPOQOawBLUdP0UV59rUKAuyuLFnFvgFsdC1MSS17pXkbYd+l5EZhh75fAA=\" \/><input type=\"hidden\" name=\"postAuthor_0\" value=\"SywqMQYA\" \/><input type=\"hidden\" name=\"postDateTime_0\" value=\"MzIwNNQ1MNc1MlMwNLcyMLcyNgYA\" \/><input type=\"hidden\" name=\"postContent_0\" value=\"lVvLjhxHdt3rKwJjQGgCWc2HXuSIpsCXREqUxBH1sJfRmVFV0cwXIzKbTa209CfYwBgQDC\/UY8ArYQDDWqm2\/gp9ic+5NyIzq7rlx2I0XZkZETfu49xzbwTv9iYOb2r3t38Y3PmwsrXftH80p2Mc\/PrNh3+4t\/vB1NbE0Q\/OVM5Ea8LuIvrKtaUzrjW3btx43+x+NN\/amo8K87C2Iz580oU4NLZt+T1mjc6MLUac9130g+9aU9k2mvq3H\/7Jxd5isgp\/2jC8Y77Eu2Bf+3Zj8JkbZGA\/ntS+tBxZmI+7MPBh\/uyR\/n80a31xbB66CHHHc9OHLq8YTXAtBB9M2TW97gd764NvS99Dfvy5u+jKcuytSuhEPgjl44Ct1RwSo4cEr0ZvfDu4ELqNW+xCPqptu7Eb\/o3Zt93QbYLttx4PsM3GVX5szOBa26at1dx+z2XKsfa7nwL1DHEjheuqsaQ0x3dPgrl+761nC42NpvZn+Bo6OlDkQs+xwzr2pAsVDGfsmSsh4xiiKW2w5bC7CNidfzVCY1RWoObENG+H+GrsPuQ220kffLu7OOt87YLpxvxsCBgC7TcuUPn8fWZ9bSJlWa9dOYyObiK7DBzVdPCwSBdqOzzB0uuurTjlqaVWzvxa7BGxOAWPI4b59Rry4gl\/9z2sHff00g7BDR5z0j502mR\/sXVwZ67FUpypdGGwvoXkyT2tegg+u+TAfccBcBm6D7QNFXN6FwdKf+pG1ResBc00NpRbd3z3en\/vrbv\/S2zddc29F2\/qM+\/Mt92pf2n+aB5LRN0yb\/\/N7Vs3b37IH+8UZhinKIriMpAGokFKkQ0u94y\/4svgG9\/a2jaDeWDh6qvvxv\/6hzAMrjlxYUMDvBjGYdjACuYowtU2UxR0CC8H4SpfeuuDu0avEheHfG32CS491jBYYZK3xe4kwLNP4PQlJA27n\/BZh6Ckjiq4VvAnY3KcyXz0NRhPgjSakzE4O57DcbAtxqeNK2y5x7K7C6h7yGt9ZO7LGzjkmIK4oEsBVlzT1\/jBzSS\/Nb\/98Gf4tz\/z8J9ff\/z1P9Up0ts3ptn91HLKP43pka66pgKdiJF0Dhk+unsdtkqedslBxGxjC7FqBKQbC9Pt\/sMM3TgkJ3k17v5CUeEfPTQCbKBy4U\/jGZ6ewtmhVOuBX9Q85HQ1\/mfKrXhuFm8curZrHJarurZF+MGcZ51EU0zAFE0zBqiSjjkeRBZ3H94MW9laVlJSrJqaWOMZb+JjWC\/QbgjdIFiTLA\/F\/aUBxD7Dqrfey3F82o1iOcJLDpBzwqY5wq4RazWwB6GBPMIJIWNBWWNB+KN8RfKIa6ahJvg9hIh0sLFxAzEIpsYko+iYImP\/ADczGVllypqIcPo6mTFSElEYd8bsBaFTOuFMa3+eUgvXLTGCA6lXQLm4Lmw0ip74sHch9o7L7nl1PDbPbRB0zVlF0biDnQPVqPPPYIlFuI+L2oaNj\/GyZTK6CVQcf3tMX4vDqhQwrZKzmOGyAyjqjwOTTDUhOYIbn9I42ELWKlXSUsS6vqSbakweXaqLMFtwe5xis7toU7JKmQNwF0b1F3ESjDjz0cMMxHVf1+nHfjgdP+G2lqbLkgmQI4QoySjeMF4hYtod\/F1FpYprTUGwU9IxczeEhznx4Nh80ypyrDsPF5RQVX+vPKwSc7Y7iJJIW511COcLCQA4f6OOwsnh3AFOJnQprDkgJdsUhw6LqFqABoECdiNhc4oaSUkxRdSx+RQIECCfmBizDkkwyXIM75zvgQa7i8IwOTQOa7uoP0q86IaU2aCDkmpN+\/z13379cdor0VFNPL\/0DWBKYLM7Id6m3SzQKChjKHcXwiwwOjhklirqVnWTmcAQ6CCaaFqSVjIXQTPBrYqLMM4ZPbstptc0JVnxgw+J9Z2nb0JVS69shEzt\/h0PS1+Q4MAZTKP0pSWYEWHngNjaE09cmHSpAYxXfqFfmh0iIDF4pIuntXljLF0GkAcWdYLUBWTsp0kRzaABwlHcvJQVwIjCgRKPgHdrDjs2j1JybRyChDshypQ20pllOTsiMhZrkR9V7sBHTid3jdbL\/Lpb8c7BgpeEQ5cmpcdSGf+wYBYYgBC8qKbvhAAiuTHqsXFMxH3MBFGC3Nd+YbwFYH0KwuP2so7oHWmVmj2oCgTORjCAOfvSZc0DvLsPag4Fce2vXEvypgXIe8fmaxky80WFC\/GLeUdIt\/RZJueyU9snlM\/Ak\/F9Qdo5q\/AuJUCof0Yn6+1\/xGGq06ixtbs4pY52P2pw8X0gx4YlYDAiNl3BgYPiUYnsz6QD\/UtFQJYsxgGaC1+tHUmBzAKfxx5aQpHocA2owbYF04xErWHmIxUVWq\/yc7XPLeCQDoY5JgyBK0KcBaNNLzyo2EiwTgVY2QG+WVr9aZREoVXLQYVjSL6HlXwg+gJlmWoBJ4WXAqa3dbcRxjAVVYLSB9N9ZP5+ZVfDCqMhUkJb2m8eRWUTbwSq+nqc4HJ\/oisyzqc5NL2gtyZpoZOHo19lishdKKvJdJhWU7uo0aI5s6UVhsuU10o5qZblR993bXIQIcxbF9U9an8S8hAGK7KzbzlMDMPcYvuem08UJuGRhAwGgUBpkYjaC8LDlXtyg2ah\/WrSmMAvkw\/2K0IJFSGzUoIJUSkglt9YoTii2iOSL3xZKrjJwK6h1Ne0HBbGgYDUFIeI7+eAdBJa9kT\/FthqiDwhpooh2OByKj3UPv1mQi0uUXZMLDQ1h83WkdDhSMzCokVJrJJm8by9eVjL2FwQ2wks0hRacE4RkyB6oVCp7lHflERmltkpt0yJQSNp0TO4Yl9zs0B0ItMNM+8Y2+SxImRHCq6TLpMw5znVAgubPCGgRNqWNOfhwX53PxMyELpa8YvdOLBm2CIkEnNX9U1ll4SEIM8bVoLj4AWX4zKi92sWIQBCo5fJ9XJqeHSAEUVaZ4j6V78NltgrvqV6xLoFVdE72SPs12ma0gxroMG6Z4WByYLDxtZxUpvgqYyGppFypCEyYvY61Z6y6CKBp2xEN653P525eBD3GkouczbT+6m42R8mSKsVSWp+xP12yFWtjcJYBDnfJlUy5tRPJYsppuF\/0LqlqEzTOa9Oni\/llBhESYTysnpMGDa2oh7fjmOj2WcLgOu8ZgGMY9jCPEhZ83o6ZwegohshHar5oD2W0KlD0Sc12qBC7ceDun9KZ4sq3Gl5I77ktLuyWDhFC+sVVl6DkkB2QpJhJE3KWzL1eiT13Qf\/J\/C7L0fQw65VtcAIbGZVCxS5LH3mrq9Gi1r6dEqhhCEv7TRxYXYxUBeIK9qBTC66hLWzure26Q9tjloKGE6HnLC09uLrouuq01QZx1PorV2ENWG5drkof5rK5ilfQbwhpNr5mH2KFOKwOQqONnXv3PlA2F\/C47hI3Gwiemwsvz70ZHFPZXLJAwkZgDm6cS7TVfS5bAfpC06x8yijiPAv5d9YVwxzTTn5UlcJh47mxvSoW2DiG2wNy+23MBe9WfVkTTVjylUgSgwqK93MEwAOd7zXrGIhmaqo8vhakVzpgG8n1NVWozB8CJj7J5LgmZ5Ln9SlXA5DFGqO3JALUmX\/6l\/zF9eUrCtLbdx+dUwrRr9pp7JYOD1T7cN9my7JvETjwlUtRNVWfXQ1LWbZJihdr9TimUvtZrKDgxZ8zD343IJX0iDVnx+W1QIIkc31dbN\/mjDs1dxTTVAs6KqYOcWEwhmF2K9XK6efMRqoRmn+7Jt0P96yZAkPIvmwlrKABXX+Qp8inYQEZI6h\/ijVBPl8hCxw4yR5SeirseQHBZHuSCIL7AWSQreT2ecAY9OJOxTe0sKpSCxQ0vLLCRtZyxMOR+FSqZ+T6j1244JSGwKOpP3ktMI9bWtr0ZW7RNlUlwxcsFh+g10CSuEQfc9exdzsWQSw1AgS1RwePZuxidgmY4hIqYWghGM8F\/IwQkdse\/jZEKltIhCuvsGGRjdusTut0eg0IaVnorKWNFUiHkIJxPqcZPZq5H0+ACsgr8WTzEheMLcoI3koel2cNk1FahzLMm03415g2VAPAtPS3DyjQ1WuH70ivbZ0kmbn0hYkCRXzTMl5aILogucMi35vL3r2KgV7d8rY9nrD2RHEooK8XeqPqm6P59SZm+vJsyVTl1DFR7mjKIRYjoTY1FMtrTXz4NN0CuByuryyonJZJW7O7YlFkOrAVEVO1NIyDq1wJeWuLVFWwUsTmebNVnEL9QGDT\/ZWZS5e2q1fpG6H\/7KNqjU++4BrvxlDOvJbIv0hLgp6M7bmXilLqKlBnJGZiX\/KglrApHIqEaAwodTc1WGZkc\/q5Aww09mJ3y4xaMkWhAO7gW6\/2f3LwFMS+I+36bzuKIEtdte99OydM7U301xDqgRZSCZxShWH1LT0l1I+InTP6+R0j0gGKhm0xX5\/LLXOouT7TET6DNLPEzdl1fR1PgRJ8OcH7RPOPw\/VNwGGFCIZeYjf5MKEmAQ\/C191E931kmMRSW1wi46cYr3oPr2SziRq3eiuPLqIQwogPRqpABcVtpQ2NMFNtNI6WRgPFZgWTD22tbURoZYaOLO1KzXEJdOmvLaPaOAuskfNdq9GHnPWeiShNW4+ReZczpzRv4WBwTfZ9BQzPHR7nqEtU26+OCyJ93ssagnlK\/SczFwzq9FU2J2cunwGQ33FcfGgyMR\/BiU980jQvsh6WsBVbkJozjcRVTDtAYmM6XaiPcrGF2XowjVzETslM0kA7XySvqhDn9k9yJ8OjZccMO1ZmjS26QQs8CtXSwSCKMcb5NmMAaCDXbQkhYLAM8hPf6r3OqiL\/iee8hKEmCzBBI\/zUmfx\/3J6nwJdI3Au5lL+VNwfZpQrA99+JDcm5tsGkUAgDS3xsJW6XGo+TXPqhvTawu+khEd7PHzB6eYSatmA\/b1Tfsy0dqNPjo9Ve2FiA9JS+2bR3CoyyqLQnz0rC1yw7u8UlEVwwaxCO\/xyipKbHQbBFNwhH2Xl+IV59NX9755+8Qn+TKo+qGb4h\/Zd2eppUhtWWvmLLD5XcynyUlmsiaoPqXlLttM1vKpg9B6KztUoPcwHGzMVng5LpqKe58WJZaTeWTE\/yN2qwkjbmWe0gWfVYZ+cPCTCaniSy2COenHYkumbFDxNviyyKKcRA+vanUsV8Vhug3gtaoTapxMcLDsHu2DgAowXhuhCtW8ZdWIpUtjCkvOJIp\/B8Q9A4ex3+USsmHoJqWlTT83Tkq1FVem0RsNAToeZxVWFZboAkahM5adTt4lznC9OxRnYqR1AYDyemtGHNy7KxblCvfuRXX45FEjlnPw5TK0MucPUtaLFXO7mezlKf9MVgzOWo0HvSfF+DkONt57k7sAwdwhT622CNgkPUn3UmrPmFh6Q3vNgLvfrECWZpja2lftNxRX3QRbYUx30WqWl0aULANow3l3UHWTQzrrWL5AgZcaJNbRDQst8s+kyavL0X\/rfV6UF9ka8HHQK0853hio9cp\/hLJ8cCYbZVgyQeWvHqmGUsyo2H1ot49UO+eCKhIhiMiegmnzT8JSIF8aUmYYhXWCqeGKs3YujvXsvuRx\/9HvluHQ9S+QeVyG4DEhKvmKkv\/TVteNUAMHZe3b3JKgWtCGAT7vZW\/U03EkdwQ3yzK7MeWwJBksMSCdDFk+DuoMsBy26+QoQSrhUoSxUeLmR96mUfOfzVQj1M7FoWnXaR3FJh4cbOzhmPTYvUgEydf2QP6hIkOegh66LYuwo94az186AfU3ynfQD9CJCTJfgMoIHvVrV0kOCk068qC\/dYkmCneGthGcKR3MkLRjOA7HS8Wac60dhAKzIhcdd15bSSn6wOhdrX2omynUQPfsRQjtY5fPcAY+QBV21ATwzMpVIj4CXNzLmdhO9ftmgyh33uVXJg+4zEur59tHiNsao2fI4H8CTRhK40vG29FKaCVf\/RzeYjlWm5tpU0WtrNECPPe9MCeExe5\/RiFKt57P1337488BK1oXffvjn7BL5mHZcEIOYug+Yl0GyvrKRV8LS0C8MHbXyrAmhNhVfe8f9S+bO5tD+OdieQfbCL51UiSbXdnFTQ0rCSwWZm05yyjlZVPkGSULw0mmr6DkHN53fE45um9j5FBtThsmw+3i6uzlfuyPE7V2Q5AMiJbCxVnV+QPluwx+Bnrdu3Pgg37y893Z7EvsP9ZetKtrg3qWbe5SuTdT85p33b8gpuecl4UJyCfKkFKyTOvavUOLNdEKYtvH69evjUpbZ5lWOq\/zy8YDnMf24eef2zdXtD8yTzKb1uvE\/YuICWd5Lz3nY\/etgvoytPQm7X8qXhXnk+3r3M+8QXcBXz6zccHv0+D7Ev317decdc\/+lrdgqIbqaB76u5M6z+Wz3S8vu0iz8zTt33lvd+cA8D92apaDcOpmOz3I7NrFShfMnlqeTj8tO6aq5H7Qf9zlji70QDHiOoPt+63zDBW5jdn8OG55QRav7MTYjUtETh9qv5pVUyPjZCMGwWUf2\/tXcDsaSz3hdC7yqKki0HYz80hy9Q\/+K12T61Z07S\/kpJTT4\/1HBHfOAmVfOEGB5uSfI+9nr3S\/BfCd38iLK3vUgORZ\/jkiqI0JYxOaodNEW30\/3bPVWrjUPJfqektK1Anp2objVc8sccvR+2g+89+Zy\/\/ej8JSKuRv16cfB897NA71b4eB4vljc6Di6vZzmPoYlmzF2E+F94gL9cfXE2pdu9QIQBGqwKcyLclsDLsznXRscgAPrjdVrv4knIzbDCVc3bglcy53j56yUpQr53VvHS2Vg\/LtXDf6qw+th9aCDUlefgae+dO3W0j1mA\/Fyz2SgqZtWpaJRrkXAQ2L+twO03uLgneJdJZFeNIGqN4TDr7a7n1v4Zt27qP+cYWEE1uJF\/scNk+9NmLUggHOTqFZWiaqD+ceyfW2OAGdsIODTa2kw0YrEff63DsX+csWyJ7Ec9Ane867Cl988XbhAod2Bx1S01v6f0N5er0gZ3o9\/oveuiuVtquvR9bZIF6rmVd5DoopwenFzBK1DTEx2KczzeXPzmHfN945O2vKWizmS\/yZSDAKUpbYNMKJ2m223LszXu19OPO9kzrO8Y85XXa3sI3RdU5il8XyUa2wL0Fi4iyjgBXbYwy8ck\/Tn4CtApivsxftM+Qrv1dZ53\/zdt27yPqgPUcsYGeVYuJ539DHDG672DB7FuuvpWXizQv25esHrXUudPgjOvqTRh23oxs222NvIF25kACyV8a55vbWDeQMiER2q+zj\/3rhhDt1viDGbsPtrK9rk3cdBr1gt5\/ps99cAtzwhJAZBMYDnqXvJjQMgj57yDC3qXe\/QqxfzAy3LYMMXW1dtrTjboeWe2xjlH7180rkBQPUU+\/IDG\/5P42Dbk7G+ez3n4bf+Gw==\" \/><\/form> \t<div class=\"pdf24Plugin-cp-link\"> \t\t<a href=\"#\" onclick=\"var pdf24Win = window.open('about:blank', 'pdf24PopWin', 'resizable=yes,scrollbars=yes,width=600,height=250,left='+(screen.width\/2-300)+',top='+(screen.height\/3-125)+''); pdf24Win.focus(); document.pdf24Form0.submit(); if(typeof pdf24OnCreatePDF === 'function'){void(pdf24OnCreatePDF(this,pdf24Win));} return false;\">TELECHARGER L\\'ARTICLE AU FORMAT PDF<\/a> \t<\/div> <\/div>","protected":false},"excerpt":{"rendered":"<p>\u00c0 la suite de sa r\u00e9sidence en 2006 \u00e0 Valence, Claude Horstmann r\u00e9alise une exposition dans l\u2019espace d\u2019art3 On drawing on et une publication, Fortune drawing Drawings fortune. Ces deux propositions rendent compte de la principale pr\u00e9occupation de l\u2019artiste, le &hellip; <a href=\"http:\/\/www.art-3.org\/art-contemporain\/entretien-entre-claude-horstmann-et-sylvie-vojik\">Continuer la lecture <span class=\"meta-nav\">&rarr;<\/span><\/a><\/p>\n","protected":false},"author":1,"featured_media":0,"parent":0,"menu_order":5,"comment_status":"closed","ping_status":"closed","template":"","meta":{"footnotes":""},"class_list":["post-928","page","type-page","status-publish","hentry"],"_links":{"self":[{"href":"http:\/\/www.art-3.org\/art-contemporain\/wp-json\/wp\/v2\/pages\/928","targetHints":{"allow":["GET"]}}],"collection":[{"href":"http:\/\/www.art-3.org\/art-contemporain\/wp-json\/wp\/v2\/pages"}],"about":[{"href":"http:\/\/www.art-3.org\/art-contemporain\/wp-json\/wp\/v2\/types\/page"}],"author":[{"embeddable":true,"href":"http:\/\/www.art-3.org\/art-contemporain\/wp-json\/wp\/v2\/users\/1"}],"replies":[{"embeddable":true,"href":"http:\/\/www.art-3.org\/art-contemporain\/wp-json\/wp\/v2\/comments?post=928"}],"version-history":[{"count":7,"href":"http:\/\/www.art-3.org\/art-contemporain\/wp-json\/wp\/v2\/pages\/928\/revisions"}],"predecessor-version":[{"id":2373,"href":"http:\/\/www.art-3.org\/art-contemporain\/wp-json\/wp\/v2\/pages\/928\/revisions\/2373"}],"wp:attachment":[{"href":"http:\/\/www.art-3.org\/art-contemporain\/wp-json\/wp\/v2\/media?parent=928"}],"curies":[{"name":"wp","href":"https:\/\/api.w.org\/{rel}","templated":true}]}}