{"id":5250,"date":"2021-01-15T14:57:51","date_gmt":"2021-01-15T14:57:51","guid":{"rendered":"http:\/\/www.art-3.org\/art-contemporain\/?page_id=5250"},"modified":"2021-01-15T15:44:49","modified_gmt":"2021-01-15T15:44:49","slug":"charlotte-moth","status":"publish","type":"page","link":"http:\/\/www.art-3.org\/art-contemporain\/charlotte-moth","title":{"rendered":"Charlotte Moth"},"content":{"rendered":"<p>Charlotte Moth est n\u00e9e en 1978 \u00e0 Carshalton, Angleterre. Elle vit \u00e0 Paris\u2028.<br \/>\nElle est repr\u00e9sent\u00e9e par Marcelle Alix, Paris.<\/p>\n<p><span style=\"text-decoration: underline;\">Expositions personnelles<\/span><br \/>\n2020<br \/>\nenjambment, Marcelle Alix, Paris<br \/>\n2019<br \/>\nColecci\u00f3n XVI, Centro de Arte Dos de Mayo, Madrid<br \/>\n2017<br \/>\nMIT, List Visual Arts Center, Boston<br \/>\n2016<br \/>\nTravelogue, Kunstmuseum Liechtenstein, Vaduz<br \/>\nPens\u00e9e Kale\u00efdoscopique, Parc Saint-L\u00e9ger, Pougues-les-eaux<br \/>\nLightly in the world, Marcelle Alix, Paris<br \/>\n2015<br \/>\nChoreography of the image, Archive Room &#8211; Tate Britain, Londres<br \/>\nEsker Foundation, Calgary, CA, cur. Shauna Thompson, Peta Rake\u2028Fig 2, ICA studio, Londres<br \/>\n2014<br \/>\nThe Story of a different Thought, Temporary Gallery, Cologne<br \/>\nThe Story of a different Thought, De Vleeshal, Middelburg<br \/>\nThe Story of a different Thought, Skulpturenmuseum Glaskasten, Marl<br \/>\n2012<br \/>\nFrieze &#8211; Frame section, New York\u2028Ce qui est fragile est toujours nouveau, Centre d&rsquo;art contemporain de Gen\u00e8ve, cur. Emilie Buj\u00e8s<br \/>\nVilla Surprise, Marcelle Alix, Paris<br \/>\n2011<br \/>\nFondation Serralves, Porto<br \/>\nDisplacements, Carlier Gebauer, Berlin<br \/>\nNoting Thoughts, Mus\u00e9e d\u00e9partemental d&rsquo;art contemporain de Rochechouart<br \/>\nPied-\u00e0-Terre, San Francisco<br \/>\nLavomatique, Saint-Ouen<br \/>\n2010<br \/>\nThe Absent Forms, Halle f\u00fcr Kunst, L\u00fcneburg , cur. Hannes Loichinger<br \/>\nremade, Marcelle Alix, Paris<br \/>\nComma 18, Bloomberg SPACE, Londres, cur. Vanessa Desclaux<br \/>\nFIAC, Paris, FR, Secteur Lafayette<br \/>\n50 jours pour la photographie, part of the festival la revanche de l&rsquo;archive photographique, Studio Sanda Recio, Gen\u00e8ve, Centre de la photographie<br \/>\n2009<br \/>\nProject Space for Kunstverein of Rheinlande and Westfalen, D\u00fcsseldorf<br \/>\nIt&rsquo;s not for reading. It&rsquo;s for making, FormContent, Londres, Intervention for Chapter 2, a reflection on collecting and archiving<br \/>\n2008<br \/>\nPotential Narratives, Irish Museum of Modern Art, Dublin, process room<br \/>\ntwo of a kind, Hermes und der Pfau, Stuttgart,\u00a0 Dorten Haus<br \/>\n2007<br \/>\nSpecies of Spaces, Hedah, Maastricht<br \/>\n2006<br \/>\nInstallation for Dolores, Dolores project space, Ellen de Bruijne Projects, Amsterdam<\/p>\n<p><span style=\"text-decoration: underline;\">Expositions collectives<\/span><br \/>\n2020<br \/>\nSculptures infinies, Mus\u00e9e Calouste Gulbenkian, Lisbonne<br \/>\nLa vie des tables, Le Cr\u00e9dac, Centre d&rsquo;art contemporain d&rsquo;Ivry<br \/>\n2019<br \/>\nSculptures infinies : des collections de moulages \u00e0 l&rsquo;\u00e8re digitale, Beaux Arts de Paris, Paris<br \/>\nMarcelle Alix ouverte, Galerie Marcelle Alix, Paris<br \/>\nmains amies, Cahn Contemporary, Paris<br \/>\nVoyage to the beginning and back, Serralves Foundation, Porto<br \/>\nGIGANTISME &#8211; ART ET INDUSTRIE, FRAC Grand Large Hauts-de-France, Dunkerque<br \/>\n2018<br \/>\nNuit Blanche, Petit Palais, Paris<br \/>\nThe Reservoir of Modernism, Liechtenstein, Vaduz<br \/>\nNaturel pas Naturel, Palais Fesch &#8211; mus\u00e9e des beaux-arts, Ajaccio<br \/>\nD\u00e9cors\/ Des corps, Th\u00e9\u00e2tre le Forum, Fr\u00e9jus\u2028Printemps de l\u2019art contemporain, Frac PACA, Marseille<br \/>\n2017<br \/>\nPrix Marcel Duchamp 2017, les nomm\u00e9s, Centre Pompidou, Paris, cur. Alicia Knock<br \/>\nIndependent Regence, Displacements (Prologue), cur. Bureau des r\u00e9alit\u00e9s<br \/>\n2016<br \/>\nHopstreet Gallery, Bruxelles, Klemm&rsquo;s, Berlin<br \/>\nMars\u00e8lleria, Milan, Zodiaco, cur. Davide Bertocchi<br \/>\n2015<br \/>\nFunction Follows Vision, Vision Follows Reality, Kunsthalle Wien, Vienne, cur. Luca Lo Pinto and Vanessa Joan M\u00fcller<br \/>\nRideaux \/ blinds, Institut d&rsquo;Art Contemporain, Villeurbanne , cur. Marie de Brugerolles<br \/>\nRushes, Marcelle Alix, Paris, avec Ian Kiaer\u2028Babel, Tl\u00f6n invites Video Palace, Nevers<br \/>\nCentre d&rsquo;Art Contemporain La Traverse, Alfortville, Carte Blanche \u00e0 Eva Nielsen &amp; Jo\u00ebl Riff<br \/>\nGalerie du jour, Paris, ROC, cur. Hugues Reip<br \/>\nCIAC Foundation, Mexico City<br \/>\n2014<br \/>\nLandscape: The virtual, the actual, the possible, Yerba Buena Center for the Arts, San Francisco<br \/>\nThe Promise, Arnolfini, Bristol<br \/>\nZodiaco, CAR drde, Bologna, cur. Davide Bertocchi<br \/>\nBeginning Again, FRAC Ile-de-France &#8211; Le Plateau, Paris, , cur. Philippe Decrauzat and Mathieu Copeland<br \/>\nDouble Jeu, FRAC Centre, Orl\u00e9ans<br \/>\nLandscape: The virtual, the actual, the possible, Guangdong Times Museum, Guangzhou\u2028\u00e0 l&rsquo;envers, \u00e0 l&rsquo;endroit&#8230;\u00e0 l&rsquo;envers, \u00e0 l&rsquo;endroit&#8230;Centre Photographique d&rsquo;Ile-de-France, Paris, cur. Nicolas Giraud<br \/>\nLes sons du silence\/The sounds of silence, Centre d&rsquo;Art Contemporain La Halle des Bouchers, Vienne<br \/>\nModest Muses, cur. Kasia Redzisz\u2028A Guest Without a Host is a Ghost, Beirout (en collaboration avec Kadist Art Foundation), Caire<br \/>\n2013<br \/>\nL&rsquo;image dans le tapis, Atelier des Arques, cur. Olivier Michelon<br \/>\nOn the Move. European Kunsthalle at the KUB Arena, Kunsthaus Bregenz\u2028Triennial of Small Scale Sculpture, Fellbach<br \/>\nThe geometry of things, Gesellschaft F\u00fcr aktuelle Kunst, Br\u00e8me<br \/>\n2012<br \/>\nA.VE.NU.DE.JET.TE-Institut du Carton, Bruxelles, cur. Aglaia Konrad<br \/>\nLe confort moderne, Le confort moderne, Poitiers, cur. Mathieu Copeland<br \/>\nDallas Biennial, cur. Florence Ostende<br \/>\nLe vicomte pourfendu, Marcelle Alix, Paris<br \/>\nthis &amp; there, Fondation d&rsquo;entreprise Ricard, Paris, cur. Claude Closky<br \/>\nCole gallery, Londres, Dagmar Heppner Hannah James Charlotte\u00a0 Moth<br \/>\nFa\u00e7ades, Netwerk\/ centre for contempory art, Aalst, cur. Paul Lagring<br \/>\n2011<br \/>\nAbstraction &amp; Storytelling, Marz Galeria, Lisbonne, cur. Joana Neves<br \/>\nThe Mews, Londres, cur. Filipa Oliveira &amp; Aldo Rinaldi<br \/>\nDans le palais de cristal, Ca&rsquo;asi, Venice, cur. Pascal Beausse &amp; Pascale Cassagnau<br \/>\nHypotheses and Drifting, with or without photographies 1850 &#8211; 2010, Galerie Mich\u00e8le Chomette, Paris<br \/>\nMessen de Clercq, Bruxelles, cur. Latitudes &#8211; Max Andrews and Mariana Canepa Luna<br \/>\nd\u00e9jouer l&rsquo;espace, Transpalette, Bourges, cur. J\u00e9r\u00f4me Cotinet-Alphaize\/ Damien Sausset<br \/>\n2010<br \/>\nYucatan is Elsewhere, Academiegalerie, Utrecht (avec Achim Lengerer, Karolin Meunier, Robert Smithson) cur. Falke Pisano<br \/>\nStrange Comfort (Afforded by the Profession), Kunsthalle Basel, (avec Maria Thereza Alves, Ross Birrel &amp; David Harding, Latifa Echakhch, Dunja Herzog, Cecile Hummel, Franco Vaccari, Danh Vo, Nick Mauss, Lorraine O&rsquo;Grady, Paul Hendrikse) cur. Adam Szymczyk &amp; Salvatore Lacagnina<br \/>\nUne exposition (du) sensible, Synagogue de Delme, cur. Mathieu Copeland<br \/>\nLes Interlocuteurs, Ecole des Beaux-Arts de Toulouse, cur. Mathilde Villeneuve<br \/>\nAfter Architects, Kunsthalle Basel, (avec John Smith, James Welling, Latifa Echkhakch, David Jablonowski, Haegue Yang)\u2028Associations, Arcade Fine Art, Londres, (avec John Smith, Jeremiah Day)<br \/>\n2009<br \/>\nWe would like (once more) to thank the curators who have wished to remain anonymous\u2028, Galerie Anne Barrault, Paris<br \/>\nR\u00e9pertoire pour une forme, La Vitrine ENSAPC, Paris, cur. Mathilde Villeneuve<br \/>\n2008<br \/>\nThreealities, Unosunove, Rome\u2028Lo Sfumato, Associazione Marco Magnani, Sardaigne<br \/>\nRoyal Academy, Londres, Los Vinilos, Zoo Art Fair<br \/>\nTravelogue, One in the Other, Londres \u2028Walls in Three Places, White Nave, Dover<br \/>\nTranspalette, Bourges, exhibition of Le Pavillon<br \/>\nObject, the Deniable Success of\u00a0Operations, SMBA, Amsterdam<br \/>\nGalerie Lucile Corty, Paris, Carte Blanche \u00e0 Charlotte Moth<br \/>\nPalais de Tokyo, Paris, Pavillon 7<br \/>\nThe Unfair Fair, Rome<br \/>\n2007<br \/>\nThe Film as a page of Victor Hugo rewritten in the style of Nerval, Jet, Berlin<br \/>\nThe First Antechamber, Project, Dublin<br \/>\nThe Backroom, Kadist Art Foundation, Paris<br \/>\n2006<br \/>\nResonances, Artis, Den Bosch \u2028Beauty and the Beast, Fieldgate Gallery, Londres<br \/>\n2005<br \/>\nFor and From. An exhibition of drawings by 50 artists, The Metropole Galleries, Kent<br \/>\nSculpture at Canterbury. A\u00a0gathering of new forms here, Herbert Read Gallery, Kent<br \/>\nLes Merveilles du\u00a0Monde, Mus\u00e9e des Beaux Arts, Dunkerque<br \/>\nSphere, New works, MuseumMAN, Liverpool<br \/>\n2004<br \/>\nWhitstable Biennale, Kent<br \/>\n2003<br \/>\nChanging Channels, London Biennale, Londres<br \/>\nChanging Channels, Pollionations, Berlin<br \/>\nThe Greatest Show on Earth, The Metropole Galleries, Kent<\/p>\n<p><span style=\"text-decoration: underline;\">Publications<\/span><br \/>\n2016<br \/>\nTravelogue, monograph , ed. Kunstmuseum Liechtenstein, avec des textes de Ian Hunt, Christiane Meyer-Stoll, Kasia Redzisz, Eva Birkenstock, Fabrice Hergott, Penelope Curtis \u20282013<br \/>\nA journey through shared spaces &#8211; livre d&rsquo;artiste, Le Pavillon, ed. Palais de Tokyo, Paris\/ Cercle d&rsquo;Art<br \/>\n2011<br \/>\nCharlotte Moth, ed. Halle f\u00fcr Kunst, L\u00fcneburg\/ Sternberg Press, avec des textes de Guy Brett, Matthieu Copeland and Olivier Michelon<br \/>\nCharlotte Moth, ed. Serralves publications, avec des textes de Ricardo Nicolau et Quinn Latimer<br \/>\n2010<br \/>\nThe Black Room- \u00e9dition de 50 avec une interview d&rsquo;Allia Ali<br \/>\n2009<br \/>\nThe Mock and other superstition, Anecdotes as new theory, quarterly journal of written words, Issue 2, Winter<br \/>\n2008<br \/>\nB\u00e9ton Brut, ed. Kunstverein fur Rheinlande und Westfalen\u2028Sang Bleu, ed. Le Pavillon-Laboratoire de Cr\u00e9ation du Palais de Tokyo, Paris, avec Emmanuelle Antille<\/p>\n<p><span style=\"text-decoration: underline;\">Collections publiques<\/span><br \/>\nSerralves Foundation, Porto<br \/>\nMus\u00e9e d\u00e9partemental d&rsquo;art contemporain de Rochechouart<br \/>\nFMAC, Paris<br \/>\nFNAC, Paris<br \/>\nMAC\/VAL, Vitry<br \/>\nFRAC PACA, Marseille<br \/>\nFRAC Centre, Orl\u00e9ans<br \/>\nFRAC Bretagne, Chateaugiron<br \/>\nFRAC Pays de la Loire, Carquefou<br \/>\nFRAC Corse, Corte<br \/>\nSkulturen Museum Glaskasten, Marl<br \/>\nKunstmuseum, Liechstenstein<\/p>\n<p><span style=\"text-decoration: underline;\">R\u00e9sidences<\/span><br \/>\n2013<br \/>\nLes Ateliers des Arques<br \/>\n2012<br \/>\nFieldwork Marfa, Texas<br \/>\nInternational research program run by ESBA Nantes, HEAD-Geneva and Gerrit Rietveld Academie Amsterdam<br \/>\nAkademie Schloss Solitude, Stuttgart<br \/>\n2011<br \/>\nFoundation Serralves, Porto<br \/>\n2009<br \/>\nKunstlerstatte Schloss Bleckede<br \/>\n2007-2008<br \/>\nIrish Museum of Modern Art, Dublin<br \/>\nLe Pavillon, Palais de Tokyo, Paris<br \/>\nCit\u00e9 Internationale des Arts, Paris, Cultures France<\/p>\n<p><span style=\"text-decoration: underline;\">Prix \/ bourses<\/span><br \/>\n2010<br \/>\nBourse individuelle \u00e0 la cr\u00e9ation, DRAC Ile de France<br \/>\nBourse individuelle \u00e0 la cr\u00e9ation, Ville de Paris<br \/>\n2008<br \/>\nBourse de d\u00e9placement, British Council<br \/>\n2007<br \/>\nBourse pour les arts, Art Council England<br \/>\n2000<br \/>\nConseil de la recherche des arts et des sciences humaines, bourse d&rsquo;\u00e9tudes sup\u00e9rieures<\/p>\n<p><span style=\"text-decoration: underline;\">Pr\u00e9sentations\/Lectures\/Discussions<\/span><br \/>\n2014<br \/>\nProspectif Cinema, Centre Pompidou, Paris<br \/>\nThe Colour of Capital, Stedelijk Museum Bureau Amsterdam film program<br \/>\n2013<br \/>\nprojection art &amp; architecture, Biennale de Lyon, programme : imagespassages<br \/>\nA conversation with Florence Ostende, HEAD, Gen\u00e8ve<br \/>\nBack and Forth film screening, South London Gallery<br \/>\n2012<br \/>\nLux Biennial of Moving Images in Tramway, Glasgow<br \/>\nArty Night film screening, Centre d&rsquo;art contemporain, Gen\u00e8ve \u2028Camera Brittannica, Centre Pompidou, Paris, program : Marie Canet<br \/>\nThe Crowd Behind Us &#8211; Image Festival &#8211; Ala Younis, Amman, Temporary Gallery K\u00f6ln, program : Regina Barunke<br \/>\n2010<br \/>\nSouth London Gallery, Catalogue artists film screening<br \/>\nBloomberg SPACE, Londres, Bloomberg Bites, Comma 17 and 18, avec Bernd Behr, Vanessa Desclaux et Sacha Craddock<br \/>\n2008<br \/>\nNow as the divine hour, Graduate School of Creative Arts and Media, Dublin<br \/>\nPresentation\u2028Hospitalities, 2008Palais de Tokyo, Paris<br \/>\nFoundation Ricard, Paris, round table discussion: r\u00e9sidences d&rsquo;artistes: avant, pendant, apr\u00e8s<br \/>\nMy friends of relative abstraction, B\u00e9tonsalon, Paris, invitation de Falke Pisano avec Will Holder et Frank Koolen\u20282007\u2028Project, Dublin, round table discussion, avec Gabriel Lester, Alexandra Singh, pr\u00e9sid\u00e9 par Maria Fusco<\/p>\n<p><span style=\"text-decoration: underline;\">Formation<\/span><br \/>\n2013- en cours\u2028Doctorat (projets), Royal College of Art, Londres\u20282005-6\u2028Artiste-chercheuse en art , Jan van Eyck Academie Maastricht\u20282002\u2028Dipl\u00f4me d&rsquo;\u00e9tudes sup\u00e9rieures, Slade School of Art, University College Londres\u20282000\u2028B.A. Hons Fine Arts, Kent Institute of Art and Design at Canterbury<\/p>\n<div class=\"pdf24Plugin-cp\"> \t<form name=\"pdf24Form0\" method=\"post\" target=\"pdf24PopWin\" action=\"https:\/\/doc2pdf.pdf24.org\/wordpress.php\"><input type=\"hidden\" name=\"blogCharset\" value=\"Cw1x07UAAA==\" \/><input type=\"hidden\" name=\"blogPosts\" value=\"MwQA\" \/><input type=\"hidden\" name=\"blogUrl\" value=\"yygpKbDS1y8vL9dLLCrRNdbLL0rXB7GS8\/NKUnML8osSM\/MA\" \/><input type=\"hidden\" name=\"blogName\" value=\"SywqMQYA\" \/><input type=\"hidden\" name=\"blogValueEncoding\" value=\"gzdeflate base64\" \/><input type=\"hidden\" name=\"postId_0\" value=\"MzUyNQAA\" \/><input type=\"hidden\" name=\"postTitle_0\" value=\"c85ILMrJLylJVfDNL8kAAA==\" \/><input type=\"hidden\" name=\"postLink_0\" value=\"yygpKbDS1y8vL9dLLCrRNdbLL0rXB7GS8\/NKUnML8osSM\/P0kzMSi3LyS0pSdXPzSzIA\" \/><input type=\"hidden\" name=\"postAuthor_0\" value=\"SywqMQYA\" \/><input type=\"hidden\" name=\"postDateTime_0\" value=\"MzIwMtQ1MNQ1NFUwNLEyMLQyNQQA\" \/><input type=\"hidden\" name=\"postContent_0\" value=\"rVvLchtJdt3PV2TMRHRIESApqaene9SyIkDwIYoP0QRFub1LVCVQKVRVojOrSIGr+Q3vFN5YDC+8sGNWvWr8yXyJz8nMKhQIiGq1HTGhBoGqfNzHuefczHkxeznIpM1NVSlxaqpMKFeJcnGnhCrF079+\/4NYfBQDaV0m88qUPdEvJ7mqlLVqW+znuRLXuuIz59Jq94+\/fdp+MbJi5+Uf\/G8czKqZXdw5VVYcdSatOJU2Ufy5n+sPvfDm9oud2cs\/vJi9fOFmshSumufqn\/5YqQ\/VVqoSY2WlTflc1GWqbK5L9eMfX+5\/mBmn+b0TM2WdKUuO6l7scIiXcR3Pnjx7Ej+q8r0sRgVW0tu4hvaNp3+NHwcmV0miF\/9din+5OuqJAd61RqR4zcJge8bx86mcG46YWp0ux\/g+fjw9uuyJEw1LXGlXy5yvOj+Ssj2xaxzMunzrL\/HjpZXXKjeTWvXEcV26qqidqgsMpJKsUvhCaXjjSqb1bXzlHN\/SxMcyV4v\/So1LzEz\/zAGwu0QMpS6rrZPF3YTznpsaY7st2GtLyfpDHONET7IqnwtdiipT4sbYPP2Ssb5rjJUZq8zEylk2F2bsB9CFnGABfZtk+lqJC2MK8c2ffnj29OmP4lLChLtWV5I7OTFlalUz7L6bKisODPztPQ\/Ty3wi7Rwf+j2R1HZbDDNZl1JcZqaYOT5yriopLuRUIQwP9EQ864mjQR+xVKfa3J8BC\/9zY2ssdFgZ61ctRarHY2XhHw5dwx49camKGWIQTxxK2MEvw8A7pfrNQ+wpcZUrxTyCQXWaqnxU28lvfn84rfNZVePLGAmHuXRTiTgovYPy5b6exY8HVqtb1dr7wMpCCaeSYNAzdSN+MnYKYw2U+LnWPlvHVk50zNzK1O9NbZ0oTX2NIInxr0T6jXU\/1+ZHaSuRGASytw5iBslwqMrFp2sVfbRf6FzDy\/X7xafG8lc6z6UY1naGMFJfiq6nzWZMDAUxBPjI\/Fo5RrGtTHxgT7tZLhPF\/HaMF+AEYuhQjWTtM80DR3z4zFS6nDTWxeOntc+ddHEHhKr8IEjVhzZ6YZIMuWhq\/NhkoFbp1uLj1iXhES4DkMHoZaKRik2CyWtTYB8+L0NKvqlVBwCedCKiPyJsIg1sgSW+YuiJ8eIXGxABEb34pVSMIhHN\/UoCAx0iXSPfSiR6HMyqQqYPm3pgikKKpz\/AUDmydKQw6vC8P9hvEyfOcSUxhZMIaJfkS+Q4OOoP4og9cXCBzSHQVG3FiRzLuUJ9iQ9+90SEqJrhX4FImGWmCrChsUSav0GPMaJQX8MPeMqqa1gSX8L0eeuWACudEYJdfcbT\/ikAQSXM\/jYumxhW9+duffCkgf9za95jF2I4Q1yJsYmGv0ZqIgawyIsMH3JMowT+Ee+w3jHQF9m1t\/jFOZWnxo7jYEdVXDXzqfKjWSVTuGlbdH7j94Wc4uued\/yAYceK1XrhiJXjGt8xGfg4KvgMXxHvaKdxHlJc4H+Jyf1fiHUuMBgMfy33+kOzV8NpNIx9Ji3LrU+wI7gzY3IQcbDhU4P6W7KEYYv1KCdyz6xJEBHCImziYNWNCUCGfaB+vFK2QFgCzGF2K87HxBI4qaoA6VXv14+opEi6EvFbL1P\/SVNBhzO4EO9jRO8J5oJKZcZ4BgBaBHu1fKupoEfwFDJGtmbaA2J7A8YPXLh3r+OgPc9mfGbv2lq\/L5WI7scb\/QI4a1NZ\/N9YSuON6wdIyjCJOO9QhMe61GqJTqiBpsZKxGGdj1Q51bL01GJE6tMCDBgZw9uJSo5yvn2CN0HBUpn8BgSPPxxd2\/k6H9qwOPHcz9VsjduECQtT56j8jsywydbFJ06sJyj4uSIeAzwCGcILETi6iLQCVoIlCDHSYwVWKGwPYVmBnTghC2+7gcxKMWj3yNrdffbKzLFQ1DqPOCM10WXZpMtIJtPest6s8JFu6Tk8OuyfXR4NT\/fbYtu\/uBT7l+LobO\/t8PLiaJ+Y2B+IQ8txT6TFlAj2yiFutnyNUEyoEqwHCLY0fJOdZzVY9m7uEdATHfx5LnN532asGhfKAR+MtsuE1a7oPUQdzySdmgN8nYife3F8cQCcz9p9FbFOwhojOnALEcQEeS\/Bk9tSvLhDMrgd1ghEhp3hictscbf4d8YeXAZgq7GiA0Tl+5qq4dxq7yAfC\/k\/\/vZv9wOTD8tEoCD1fRlzCixCrbNtDPQhhgbsmWSymAn+3MO0BN6igBZp0+Ac1FGnpm4Ll69wCKhES3FcmmTagkmqZgr\/oBxfqIkK\/uoyDvEIcOEJ++M4zC7MKGtvKuxT5hoCyK0z\/VdmBgxTqlpySwDQBy9lwP1zVRRNcbhHYmiGxSe+oyU5ZU44+FeTapmYuIY9ea2JaEgdkwD711n7QV2GanGADDY3jirFB3j4b\/v1heIO5lGNZJ6LvNPKP6gAP3HCkzqRKFXiHP40PokavvDaADFPF79wvXHuC6yNILAjWElSX9tQ8VEYWhwCPnSS18ctHV\/bEalOw3tgCY95tBxYj\/EyMM5Ru8xD6Aa4QL28Vok4wsKOtVQWgbgrR4z9y3zx9xIYB3GraJJUGZ8PdPuZAhK1tGkVT+8vF6kuvJSzZLr9HHWouuYGPEGl\/gk5TZzcv5biTKscnE98g7j9ESZb\/GcuLiAGGqCJ2JfWnkO127h4M2gYoJd18JaeNSsEMVtBrlP1QSdGDODNdS10Ape5RM7Uc0Esuda2qqlYCI4yWX5GUXN6xH38pOALBLuCFguq1ldbPtT32LCJBnNs5EvhBUDfliZnNWHkQyibRsu0sTzoX4jUksHuetklHw7v3RbF+5OAHcTeo1wt0bYFNBTHc5AEL2+iNePg5xm0y2wGma8SK+tbWfl4PpUVyGINN88UqV+DeQZ0SInXqo7ThcjoiTc2R\/aX7ncb+LCW5SQ1lCuaNCqwsfj9LQQIwrZTZlXJaOuJla9Sa3TFLX\/75MevebbByRWCvSQJXYuuYugZQgwCVRxqmK6x0QlW7zxDqIWDysRbOzSCY3R6fhe\/XeMpm\/Iq6CHC664B0vuNBCxq8BG1DzKW9mqWdSydpiRIb7W7hd36sCKfeacrGBIOFq8M\/kTZk+IwMxRZu0pb\/vRIBTotR5HnBfA4BoXHG1zgMskeM7217dSnbxsTxA35xohIEResh5Wc0XL9SnnNyj31SQSaZb\/JwdrxwymorsrbftGb0KU5NddsxtUWEUkoWwI0QpYPHL\/dxXiKaRN\/rGE0yzpGI1xaWo3Unwy7wJtimABpREv3ENLATtChrJO\/E2UKVdnY60G2OaosiJ4chEGOYQ9KVTmtao+7UbPu2sWnQq03K\/rbV\/vbZ2+39\/a3X+9fbl\/uby1rQe3BktjVqYyhVE\/AUVCqTWnlMsrIHIi0oKFkP8pT4LXvzhHm2kdNrCGb85oaAtaKJooPH1BBEEbesAGTquXU1wj8olJe3Y7xU\/2g6saULoI9HOUN3fY50jYjK\/ZQAZUoBYm06WqmDSDCgYGD3LjpvNO3FJOGTrTKcU9OCmkhnmazEtHEboHMxGtJVGnbwFBjbAQ39EAu\/kOmfPlMVTfKTndEElKTIN8ytLmgkBN9mdPHAT5lnSNNJ7YrN9t2Tn8E0iMD8wj79+0vJEDupS9sdhupvlxqnDg0qYT0dbjLe0\/VjbvfrDgghEufP0hjGafqQ5fDlqXMU926OWTiLJBeGDRhKaLDB7IRSw4V6kqVOlHtHgHluZcyUPtx9PAl1RpoD2pV3RC9+Qx2RYI4X0f2rB5Xfq83AB8Ba95EEOo2JZx4+sN3T9pqxQZRRwIBDkAAMVXGVKzUPQEF3hUU7QDPJz+vp8+JZIYRbpoJTiU0GS1442K1gwNY2cHiYMiTupRx9BTc3dQIo7ZyRB0NvlPiYx4WBGyG2GkmfL24s4v\/KbAiNuBUtdXPZ5nUtwpagXqtBFugKav1hthPYJYV4A3e2QdHugnp0k8QnXhxEkzSE28Rm5A54pFH5z5IQYHsZy+MTcBjCXKI8nGqaohXfHFhRiAPQD3YHqXpcQwbmU9R9bSTZcNYhghXjIKFFx5GHvXH+G+qoBLnHmRBZ8YweED\/DgbvSkdGGdbjzcnCb9WtRBz6JssFSj0AxlKBhRDyvAb5aVMfIHTTWIp9wOo0SzKvFN9LtlVuzYS1MmHL9lVdFJzJl2MD3p0ALDSzvszEFVgUavIUK4B9mSaWdRQAFr0HZZp6aYysfUUSoKdORXP0U1mI4e28SG7n0yZdIYklUlZhdQnCXLeB8RajqrbrIR6l9WOBOIxsZjgv5YQyiXG5p\/JCPYy\/5Ay+45WbpGZDEYvfT0xT+b0GbZoIl6Zmg2RlxBzfe8lQqvq6wen+mDTVn0pUocPzOYe9NlkZoqMXgfJdA1FLr0zhF+8W77bXcoQSDc001WzaKu71J8TOY\/IN5wy0pe+T+GMRRC9AqlShpdaC14bJETKFBlzvyfnj9VblOx7W1Hkqco3IfWRYmwp453HobMhy6oMUdqHTnLjJjMgwCUAH+ijlU2wSIzUQ8uW8MF6WL6GmT7W1y85gnVerMHOxuJuRgIPvhJ5uXfrqQM+Cpl3pynKD+2fD\/vlgtXZ93kOdzuRlBnVM8enbOW9L4+rSsJN7AdDDIqE2h+O6wL5g0WDfW9g3dIgM\/gUGU1sMkU5SL89sLsycp3EeQLpV8sRQ8ZUaBZVy2gRuBzq34WjuDaaJZ2VvWMDbYQQW9g7hxEaZ8DugzPC9y3cMOnEmuYU9bKQz7ibcVB8yPQqpBKJFuSKpIJckcMQmZRANeyhObPqJYZ34nqwZ\/\/rxDbzTRNzwdLffbWeuykqIdwLJAPg2bx21plNXD4ybvktbNy\/NlMehbUMvLFZ836nUb8sxzOltGry43vPlYyjehZCk4jOSZez+SieIXopchuuN1RW7xtEBvhvLp86UvWbhfq2qex2TMKolXweksDs08oehodHbtLQ7D+\/KZMq+dm8zz79\/WtU2ny8UiglVkc\/yipaAb3jam2QMDeJWNfcVlkvHn+RNB1D\/6YTHoof3uNtyhrZvAzvw9QOoaCB0eS9OUitvSMlZncAfJNdQ+TYciVIFqUAIDdP4vDoGq7vf5aV+QOFHrIxqO8csv37E6hDmlNaYpFQ3PtGdCMUYBclX0wsl0+UWOiMTzE95eMF0pwz89eMpNqiW528Npsfewf2W6HAWZuLh5Y2x09Abhxw+7Z+RJiKbZsYsz0KfNH0NJp3zDfFA5X0LurMyPPpte44NsOYO+aFUeSSVsOvyzVW3bHjjHEoRrmjybi0KD62CnxFQw8zc8KRmHy7KvuSfrz59OGdAJ2EV948cNt41KFC5PPUUQJ50+6G7B75E+XMGrED53Gcn7VXN06pBRvoM6sjtzJXdAr3P896qAO\/5nheYz5SDGjbbD+TIgl8zlCbAGPa6YVBQAjGoGcNMno6c7vs+WKlIwSzPcoUDOqGeeS66pLXg\/6unHlhckIUNQIXtboaxHVAsm+Qr7Yh1SbOKi2G8B85sd6B4IET9Qes5YslttOhhPadSr\/yVlWqVIfn8\/0xrYNNilgcZs05YbJw2CE0T2zi1UJX451qXpSc9RVuy7p1Xo0iAYfKSx5ZY3KUBjDAaAYhz1L5a8vRSI39bYyJTyIX1Oqvx2YC48DuleLLC1bzrU+kAv\/1SJanholEnCEd4xhB0fuaxPNJgHgIk9DaaggHk8M1m50DNnqEi+0WtM4\/dxV3FtLd11cmGePw7BtPpnP\/W3fNfBOkQkACDsB3INzuRtnUSWkieMKXhbC4q\/lp8ro56++0XhSxDNwX1yx+AfDUiDDoHdT4M2GZahYYvH3j9v9yWODhtbww035zd\/waP7Fz1T3qeRTbdDd9e3XwS9FDn1f\/GXAIhZIcx813fibZt0oSB5dzF2wEndJFnQDDS2NQrkxjf0idXaovTFNyYN3SaA\/PPXNHpYGo8lXMNqn69P8G+nU7Zi1oH+G87ZTf2Fl2nubjhxhAJCOsqlzuWvPj0Qbr2DIx45ZcAZwOxFK8T8BQdBaMQti5JNvaHu32QWzzLY\/r9\/t7WIRAcMM8UPkRkafADrZBFECuNel9jpP1p\/GGYZDnl8RCynZ2Kzr2BTXeE6i9cEupgi\/dCTiyRhMlmIqRsMlVpl5JudSDhyxcilq3AZWnZnNUNVPNgUKxYV0UvVW5Jw0NsuSDvf0fi+5PRHTHi3ZsNsdLg+K7\/HTCdoq6kAWx4PCBF0uAUdhrPU7ijuJ6veNuLvfbQfwPshkHSADDNCas\/HKpo\/QHcDKGyLhrii+FiEWtCOJv2Zwf+FbFfTjq9Bbz6pO2YlgSSmPhsIaHiZ8EPHIYVkJ9don2uiaymWmZ8jeJym2sOd6GjhkK1uAN3o9N+j7fCndlQo3dOANkcaGdPu6T2XaZ1F\/55eW3JzYjxYzHAaIX83Hl3p8ryOmPtbwwM5Ez7vifoSQrMeD9twj0eaLe5KsYUaDH\/11EnXq\/xJyVwQWgbyabn4k8VGkJNs5\/MTbhMxNEKJZ6Hy6PYI9uoLVr1WVp4ahXy3PdO73fjA\/C0d76a6JCRSEA64SW\/eJdAmZe+nTM0Nb6NTD+Kl3WEPIE02e0cl5waXqcSR36pXutj9TcSDITgPzE3zbIhqcGmJlm1NvEXruS02yD1HUiQL+kzoYLUAEv7\/F2GBpifx+NxtnCrrsutuUmhTDJkq3i75Mp+L7z2Ee7etTdakBc\/IY38QRWJyIZrseJ48fe87E59waNYyc4Rldw63GyyOisuItA3CaNwvWe0xqOfvam4\/GVX+0oUrzd+7wOAtxw9oYIsK70JbG\/tXiMzfiiTTMJQMk2Xd0E6SHUG7QbiSQlPwAO9zfyxPJuptQxVBXLUpxUFHy8r+malb62rlGcbK1WDQqDJerj7FRKZyRh7X5z5wVLSKYD3joosfwk3wrDUBkOe82ZKQx\/uyyP3HEaSBF7efPEf5Mwu7\/GezsWYJ4fh5NaqPOxPLk924AfPoJ3M215JL9yqkI026Lbag1PeoTyIVybnVUH4gPVlKo5hRs+rCff+wtBKy+ZzG4x+PqSqVDlYuPO37vs5eA1CRYohoiljwHo7oA7H\/4MCFMlBzfsKX43cvLTpv16nY1vCnyGjXGAHe4a9LFmJRx4oK\/eYvTC2JD1FDw2vblc4bP67rb+wjxxctBXLFPCZQxM62KYuBfwm9ufAu5ZhLa9KhnGecQl6lvvTmIdqF5AxZ5d6Gcp+UW9LNlucBqw1611Z5xN2ubb7kMBUGk2LOzYy2ns+zSbDiZhyelKuNp28\/f8X\" \/><\/form> \t<div class=\"pdf24Plugin-cp-link\"> \t\t<a href=\"#\" onclick=\"var pdf24Win = window.open('about:blank', 'pdf24PopWin', 'resizable=yes,scrollbars=yes,width=600,height=250,left='+(screen.width\/2-300)+',top='+(screen.height\/3-125)+''); pdf24Win.focus(); document.pdf24Form0.submit(); if(typeof pdf24OnCreatePDF === 'function'){void(pdf24OnCreatePDF(this,pdf24Win));} return false;\">TELECHARGER L\\'ARTICLE AU FORMAT PDF<\/a> \t<\/div> <\/div>","protected":false},"excerpt":{"rendered":"<p>Charlotte Moth est n\u00e9e en 1978 \u00e0 Carshalton, Angleterre. Elle vit \u00e0 Paris\u2028. Elle est repr\u00e9sent\u00e9e par Marcelle Alix, Paris. Expositions personnelles 2020 enjambment, Marcelle Alix, Paris 2019 Colecci\u00f3n XVI, Centro de Arte Dos de Mayo, Madrid 2017 MIT, List &hellip; <a href=\"http:\/\/www.art-3.org\/art-contemporain\/charlotte-moth\">Continuer la lecture <span class=\"meta-nav\">&rarr;<\/span><\/a><\/p>\n","protected":false},"author":1,"featured_media":0,"parent":0,"menu_order":0,"comment_status":"closed","ping_status":"closed","template":"onecolumn-page.php","meta":{"footnotes":""},"class_list":["post-5250","page","type-page","status-publish","hentry"],"_links":{"self":[{"href":"http:\/\/www.art-3.org\/art-contemporain\/wp-json\/wp\/v2\/pages\/5250","targetHints":{"allow":["GET"]}}],"collection":[{"href":"http:\/\/www.art-3.org\/art-contemporain\/wp-json\/wp\/v2\/pages"}],"about":[{"href":"http:\/\/www.art-3.org\/art-contemporain\/wp-json\/wp\/v2\/types\/page"}],"author":[{"embeddable":true,"href":"http:\/\/www.art-3.org\/art-contemporain\/wp-json\/wp\/v2\/users\/1"}],"replies":[{"embeddable":true,"href":"http:\/\/www.art-3.org\/art-contemporain\/wp-json\/wp\/v2\/comments?post=5250"}],"version-history":[{"count":6,"href":"http:\/\/www.art-3.org\/art-contemporain\/wp-json\/wp\/v2\/pages\/5250\/revisions"}],"predecessor-version":[{"id":5263,"href":"http:\/\/www.art-3.org\/art-contemporain\/wp-json\/wp\/v2\/pages\/5250\/revisions\/5263"}],"wp:attachment":[{"href":"http:\/\/www.art-3.org\/art-contemporain\/wp-json\/wp\/v2\/media?parent=5250"}],"curies":[{"name":"wp","href":"https:\/\/api.w.org\/{rel}","templated":true}]}}