{"id":3639,"date":"2016-01-21T10:58:43","date_gmt":"2016-01-21T10:58:43","guid":{"rendered":"http:\/\/www.art-3.org\/art-contemporain\/?page_id=3639"},"modified":"2021-11-05T16:08:40","modified_gmt":"2021-11-05T16:08:40","slug":"action-nouveaux-commanditaires-%e2%80%93-fondation-de-france","status":"publish","type":"page","link":"http:\/\/www.art-3.org\/art-contemporain\/action-nouveaux-commanditaires-%e2%80%93-fondation-de-france","title":{"rendered":"action Nouveaux commanditaires \u2013 Fondation de France"},"content":{"rendered":"<h1><strong>action Nouveaux commanditaires \u2013 Fondation de France<\/strong><\/h1>\n<address>\u00a0<\/address>\n<p>En 2000, la Fondation de France a mandat\u00e9 Val\u00e9rie Cudel alors directrice d\u2019art3 (de 2000 \u00e0 2009) pour la mise en \u0153uvre de l\u2019action Nouveaux commanditaires en Rh\u00f4ne-Alpes, en Auvergne et en Midi-Pyr\u00e9n\u00e9es.<\/p>\n<p>L\u2019action Nouveaux commanditaires permet \u00e0 des citoyens confront\u00e9s \u00e0 des enjeux de soci\u00e9t\u00e9 ou de d\u00e9veloppement d\u2019un territoire, d\u2019associer des artistes contemporains \u00e0 leurs pr\u00e9occupations par le biais d\u2019une commande. Son originalit\u00e9 repose sur une conjonction nouvelle entre trois acteurs privil\u00e9gi\u00e9s\u00a0: l\u2019artiste, le citoyen commanditaire et le m\u00e9diateur culturel agr\u00e9\u00e9 par la Fondation de France, accompagn\u00e9s des partenaires publics et priv\u00e9s r\u00e9unis autour d\u2019un projet.<br \/>\nVal\u00e9rie Cudel A demeure<br \/>\n<a href=\"http:\/\/www.nouveauxcommanditaires.eu\/\" target=\"_blank\" rel=\"noopener\">http:\/\/www.nouveauxcommanditaires.eu\/<\/a><\/p>\n<p>&nbsp;<\/p>\n<p>Projets r\u00e9alis\u00e9s\u00a0: <strong><br \/>\n<a href=\"http:\/\/www.art-3.org\/projets-territoire\/cecile-bart\/\"> C\u00e9cile Bart<\/a><\/strong><strong><br \/>\nEt pluie le soleil<\/strong>, Maison d\u2019enfants l\u2019Arc-en-Ciel, Thiers \/ Puy-de-D\u00f4me, r\u00e9gion Auvergne, oeuvre inaugur\u00e9e en novembre 2003<\/p>\n<p><strong><a href=\"http:\/\/www.art-3.org\/projets-territoire\/tilt-pietro\/\">Tilt<\/a><\/strong><br \/>\n<strong>Pietro<\/strong>,\u00a0Beaumont\/Puy-de-D\u00f4me, r\u00e9gion Auvergne, oeuvre inaugur\u00e9e en novembre 2007<\/p>\n<p><strong>Alejandra Riera <\/strong><br \/>\n<em>Lancement les 4 et 5 mai 2012 : Enqu\u00eate sur le | notre dehors <\/em>&#8211; <em>Pr\u00e9sentation du film-document et de la publication \u2013 recherche initi\u00e9e en 2007 avec les habitant(e)s du quartier de Fontbarlettes.<\/em><\/p>\n<p>&nbsp;<\/p>\n<div class=\"pdf24Plugin-cp\"> \t<form name=\"pdf24Form0\" method=\"post\" target=\"pdf24PopWin\" action=\"https:\/\/doc2pdf.pdf24.org\/wordpress.php\"><input type=\"hidden\" name=\"blogCharset\" value=\"Cw1x07UAAA==\" \/><input type=\"hidden\" name=\"blogPosts\" value=\"MwQA\" \/><input type=\"hidden\" name=\"blogUrl\" value=\"yygpKbDS1y8vL9dLLCrRNdbLL0rXB7GS8\/NKUnML8osSM\/MA\" \/><input type=\"hidden\" name=\"blogName\" value=\"SywqMQYA\" \/><input type=\"hidden\" name=\"blogValueEncoding\" value=\"gzdeflate base64\" \/><input type=\"hidden\" name=\"postId_0\" value=\"MzYztgQA\" \/><input type=\"hidden\" name=\"postTitle_0\" value=\"S0wuyczPU\/DLLy1LTSytUEjOz81NzEvJLEnMLEotVnjUMFnBLT8vJRGsKiVVwa0oMS85FQA=\" \/><input type=\"hidden\" name=\"postLink_0\" value=\"HcpLDoAgDADR07CsGN2ot2mgKAtaUot4fD+7Sd4cZnXzvvc+oBrMg+juvwrCRqWKYmaPwbIwsLSLsN0vloIcs2FWOsHR5JbRrTMk4Yj\/GwmSIgd6AA==\" \/><input type=\"hidden\" name=\"postAuthor_0\" value=\"SywqMQYA\" \/><input type=\"hidden\" name=\"postDateTime_0\" value=\"MzIwNNM1MNQ1MlQwNLAyMLQyMQYA\" \/><input type=\"hidden\" name=\"postContent_0\" value=\"pVXLbhtHELzrKxo0YNgAl6tHgiTyigCtyCc7IBwjV2O42yJHmZ1Zz4OygBz8Dz7lpitz9hdo4R\/xl7h6uLQgR3AS5EBwh9tTXV1d3axWB9MqRO\/scqrqqJ2lX1xas0pvqXZtq2yjo9KeA316956eOduoHNUwPfPK1lyVw\/WqBNZepZoG0WF6c12Vu+e9qpueWTrc398fk1H3wZAiSaZiv6HflOk3XjOdpoYNKeN8oAYk6ug1QptP7\/5UPh7RI1wXUOqv5funx9S55CVDqwMTW\/r4Pq09Sxojl75dIeJfrvoPlouZ6TiM5YcZQv3SAizK8YVudDG\/8v3G9hsOk6rscnXP\/xm9Y98CBFQbnGod3RVbPDh7Dv1Qd9i9Y3vBuA\/SwdW634gmLsm56TdrNq7ruGUbsxDJUmTvAYcs4602Qe6xz2AQSofIOVHktnNeaZtTGU7QtUMtrq5TlxuCs4KATAutdBgS8K4UntCvqNB5vdRWGS3EPHcOWgfovo20F85ulbCihDHSiIgmwCaAhEpDXr3W6PMSBYab6+Ntg7Zkx8JgUOiujNIGvGv7TaOVAFGdTExebLJEJSCUC7jXY2MkB1qnllbUFnUQHNkODUoLo+sgKYSchAAxWSGdohhr0Lvz7oLjpFp4Kqd7X7l1BtwWxHh4XSlaeT4\/Ga1i7I7L8vLycmIHi9x1yIRTOaKo\/JLjyej1wij7+wj6mpORda5jy340\/VcomLzpzpkP7SJ0T3aneaaeC0P\/wiD9bgN8gzJ0Ko4mzi\/LbfWhuHVdWXOtDRcLBJWjKZ32GznTU5y3VHb4d\/OcQWiToJwRpxvW5kvkmF7Af9I8SM72XFmQFofMfF2wLU41mzG9WsHlgUqap6ui4eLn\/kOLLntxlbud3TE5zmsApk3LhNd5N1i35nbh8wo52gn0heJ\/1SBqE4tOM65Dg1c43S19kHY4znPgbbk310\/RyhYjWv7vWn74upaZ4QsYxCt6Cb0U\/Y0Ut9PnMiB5qRiMwncyBN9jI2sAHhzSMZ3ZN6n\/K24HHf36Aylj3qwr2c5VCYyHD348PDh4QoI3B7MAuGEEE51r0xaNq1NOAnjZyWoYum2U\/MNgya\/Y44MCddRDeVIVqTXXmd1KLWB2Gx\/x4yDQb5LsjbzvZOwjfGg4xryeQeWeSfgM\" \/><\/form> \t<div class=\"pdf24Plugin-cp-link\"> \t\t<a href=\"#\" onclick=\"var pdf24Win = window.open('about:blank', 'pdf24PopWin', 'resizable=yes,scrollbars=yes,width=600,height=250,left='+(screen.width\/2-300)+',top='+(screen.height\/3-125)+''); pdf24Win.focus(); document.pdf24Form0.submit(); if(typeof pdf24OnCreatePDF === 'function'){void(pdf24OnCreatePDF(this,pdf24Win));} return false;\">TELECHARGER L\\'ARTICLE AU FORMAT PDF<\/a> \t<\/div> <\/div>","protected":false},"excerpt":{"rendered":"<p>action Nouveaux commanditaires \u2013 Fondation de France \u00a0 En 2000, la Fondation de France a mandat\u00e9 Val\u00e9rie Cudel alors directrice d\u2019art3 (de 2000 \u00e0 2009) pour la mise en \u0153uvre de l\u2019action Nouveaux commanditaires en Rh\u00f4ne-Alpes, en Auvergne et en &hellip; <a href=\"http:\/\/www.art-3.org\/art-contemporain\/action-nouveaux-commanditaires-%e2%80%93-fondation-de-france\">Continuer la lecture <span class=\"meta-nav\">&rarr;<\/span><\/a><\/p>\n","protected":false},"author":1,"featured_media":0,"parent":0,"menu_order":0,"comment_status":"closed","ping_status":"open","template":"","meta":{"footnotes":""},"class_list":["post-3639","page","type-page","status-publish","hentry"],"_links":{"self":[{"href":"http:\/\/www.art-3.org\/art-contemporain\/wp-json\/wp\/v2\/pages\/3639","targetHints":{"allow":["GET"]}}],"collection":[{"href":"http:\/\/www.art-3.org\/art-contemporain\/wp-json\/wp\/v2\/pages"}],"about":[{"href":"http:\/\/www.art-3.org\/art-contemporain\/wp-json\/wp\/v2\/types\/page"}],"author":[{"embeddable":true,"href":"http:\/\/www.art-3.org\/art-contemporain\/wp-json\/wp\/v2\/users\/1"}],"replies":[{"embeddable":true,"href":"http:\/\/www.art-3.org\/art-contemporain\/wp-json\/wp\/v2\/comments?post=3639"}],"version-history":[{"count":7,"href":"http:\/\/www.art-3.org\/art-contemporain\/wp-json\/wp\/v2\/pages\/3639\/revisions"}],"predecessor-version":[{"id":5631,"href":"http:\/\/www.art-3.org\/art-contemporain\/wp-json\/wp\/v2\/pages\/3639\/revisions\/5631"}],"wp:attachment":[{"href":"http:\/\/www.art-3.org\/art-contemporain\/wp-json\/wp\/v2\/media?parent=3639"}],"curies":[{"name":"wp","href":"https:\/\/api.w.org\/{rel}","templated":true}]}}