{"id":2954,"date":"2013-09-13T11:59:02","date_gmt":"2013-09-13T11:59:02","guid":{"rendered":"http:\/\/www.art-3.org\/art-contemporain\/?page_id=2954"},"modified":"2013-10-10T09:51:55","modified_gmt":"2013-10-10T09:51:55","slug":"samuel-gross-denis-savary","status":"publish","type":"page","link":"http:\/\/www.art-3.org\/art-contemporain\/samuel-gross-denis-savary","title":{"rendered":"Samuel Gross \/ Denis Savary"},"content":{"rendered":"<p>Sur des tables sont pr\u00e9sent\u00e9s d&rsquo;\u00e9tranges objets en verre. Ceux-ci  semblent group\u00e9s par familles, ni vraiment class\u00e9s par taille, ni par  couleur, juste assembl\u00e9s en attente d&rsquo;une destination claire.<br \/>\nLe titre de l&rsquo;exposition de Denis Savary (artiste suisse n\u00e9 en 1981,  vivant et travaillant \u00e0 Gen\u00e8ve) nous sugg\u00e8re a priori d&rsquo;inclure ces  objets \u00e0 une extension de l&rsquo;arch\u00e9ologie. Certes ces baudruches de verre  peuvent \u00e9voquer des reliques d&rsquo;obscures pratiques, d&rsquo;ancestraux \u00e9l\u00e9ments  rituels ou une s\u00e9rie d&rsquo;objets \u00e0 l&rsquo;usage effac\u00e9, semblables \u00e0 ceux que  l&rsquo;on peut trouver derri\u00e8re les vitrines des mus\u00e9es d&rsquo;antiquit\u00e9s, mais,  pourtant, la quinzaine de globuleux objets nous apparait famili\u00e8re.<\/p>\n<p>Ils ont des teintes de bouteilles, passant du vert \u00e0 l&rsquo;ambr\u00e9, et leurs  formes semblent zoomorphes. Nous pourrions les prendre pour des  agrandissements d&rsquo;unicellulaires ou de visqueux micro-organismes. Ces  membranes sans noyau que le verre a fig\u00e9s gonfl\u00e9es paraissent flotter  dans l&rsquo;espace. Peut-\u00eatre pourrions-nous y lire une \u00e9vocation de nos  fant\u00f4mes domestiques, qui tels des incubes ou des succubes, abuseraient  de nous durant notre sommeil, posant sur nous durant la nuit leurs  translucides structures vides aux couleurs de certaines de nos ivresses.  Ils rejoindraient, alors, une vaste galerie de figures atemporelles,  dont l&rsquo;artiste peuple les lieux d&rsquo;exposition. Le public attentif  reconna\u00eetra en eux un caract\u00e8re d&rsquo;\u00e9tranget\u00e9 commun avec de curieuses  sculptures, d&rsquo;apparentes anecdotiques sayn\u00e8tes film\u00e9es et d&rsquo;elliptiques  dessins qui sont propres \u00e0 son vocabulaire.<\/p>\n<p>Denis Savary rappelle,  ainsi, au public que tel Tag\u00e8s, g\u00e9nial enfant n\u00e9 vieillard chauve de la  mythologie \u00e9trusque, les artistes s&#8217;emploient \u00e0 produire des r\u00e9cits  catalysant la pragmatique brutalit\u00e9 de notre r\u00e9alit\u00e9.<br \/>\nSamuel Gross est directeur artistique de la Fondation Speerstra, Apples, Suisse.<\/p>\n<div class=\"pdf24Plugin-cp\"> \t<form name=\"pdf24Form0\" method=\"post\" target=\"pdf24PopWin\" action=\"https:\/\/doc2pdf.pdf24.org\/wordpress.php\"><input type=\"hidden\" name=\"blogCharset\" value=\"Cw1x07UAAA==\" \/><input type=\"hidden\" name=\"blogPosts\" value=\"MwQA\" \/><input type=\"hidden\" name=\"blogUrl\" value=\"yygpKbDS1y8vL9dLLCrRNdbLL0rXB7GS8\/NKUnML8osSM\/MA\" \/><input type=\"hidden\" name=\"blogName\" value=\"SywqMQYA\" \/><input type=\"hidden\" name=\"blogValueEncoding\" value=\"gzdeflate base64\" \/><input type=\"hidden\" name=\"postId_0\" value=\"M7I0NQEA\" \/><input type=\"hidden\" name=\"postTitle_0\" value=\"C07MLU3NUXAvyi8uVtBXcEnNyyxWCE4sSyyqBAA=\" \/><input type=\"hidden\" name=\"postLink_0\" value=\"FcYxDsAgCADAFyFDt\/6GVKImFQxQSX\/f9KbrEetEzMxCFnAUtYb\/LpXgudRoCDrNh29opu5QWYaD0yZ7Pw==\" \/><input type=\"hidden\" name=\"postAuthor_0\" value=\"SywqMQYA\" \/><input type=\"hidden\" name=\"postDateTime_0\" value=\"MzIwNNY1sNQ1NFYwNLQysLQyMAIA\" \/><input type=\"hidden\" name=\"postContent_0\" value=\"ZVXNitxGEL77KQoCJoHZNZtLHLwsBIeYQAiBzQuUWj3aWlrdcv+IGT9Njp4ccsob6MXyVUkab5LL7Eqq7v7q+6m+nx4eW6beF6rcBfwpKVaa8nIpPlb8Uv86l48tvVsuNXMcUJK6Z18L+Uizz9nf0nvfTjdOiIofsQk2GHJqk66eONORRwnY+0BRaM4so5a4wKXsJZW1wgr0kVxqwbd8oOdWqidU6s5ajVO5Vmzgr8ha9NpBlchVUtSdBbDuu0xvHl794qlKzVpCYVvhT1MqYsV4+6OPUuiRZ85n+ppzFT2zNMGpFJeLnnn3\/du7A9EsMwO7rwQyZgWtj8sf9MHH5fPsv6GYGkhsw7B8xpkMKiVluWKV6ELDBwcedyKxXFvwJ7RVNkw7Us7uabmkkAYxonPFQl3ccetzc0\/4F+UmBNHk26zcLpc5fWx+FTb7IHj4omTqigMGMJ9BmH46XL9xxOborZ2wCQhXqYA0S20+QPpmUKFbFv9iw72PHXYrPKCj45Hdcjmsvlj9hSIHuxCOpWs5egZ0JTWhAYWdsxiBumSGfBKt0UJjw+EvmgH\/aEHUqgcaWfBLU2q54sOBAuMgiZ9YzCM0hNSps0479yYXTzAdS12dagff3r+ZHl7dTw8\/a9eg1CLiJdaV8C41PK2unmBPtUHfVIf6kgceu6wEwDDqZzB5THnUmO1J+ZTSmPIEHW\/pVwWj4OGZWKz3KfvYgwd9axiIB8SwV2+u2nxJgTgfQjPzm1LqC8E3bXcUl9NNygPD66Me9l43GwED2ykgjsrGmZtJE3ZPMR1l0OANKR6DUW9kFZ0PdAwJYURge11+jVeZ2MGuv0HTm+XPuuG3rm6M8TMFoDQvqVcd71mMSTkCm8vfSlOfRg326lEoCQnC6gMEqXV7n5o4Z88H4q4VD4AKb90R5\/Utq0IxKZaSxhHaQbhkuhVQ+7IKpolw1K6Yjr0SmhM7pyJ01dIz2wtNyjatzBgODuDNrdaNzCguyjipl7J\/TgJJDSDQhpQBWomYWcfOwMFbtrwSbwdx9eOUEGNzGzhRjNf5sE4rxGcKa1yCqOD9\/0bdLWEUTq0L4rYRKkck27sUIy9\/oU0ddLq2YYZCY1ctgv+9ABA1dDyOqOLZO2u6ATJoB1sYLWEygl4MFc2Xt+jAa65Pq6Lw3BlTU18fJYzmLQTlijwEmbZK1bgILKYe2K6oNOV1nuCZ1ENd2wb\/Ft1\/zfUMEN7uGII8RUB929lQw8NY9DtjagM3\/B6FA+g4mmvQ8Cyads49uSfGjLIZzQjQuT6t05mUn6ZxO5gMmzLo8vVXb7+9++4dRAzJbAnMgN83sVsJnlguTnTMIgcczmUzIcbzMK4Tmrrc8EnH3Oor9TGWra\/2q+6RR0xp+pBTAZMFVOIEV2HNDY1ttSL\/KcV+Td3j5H3WmX+gH6bJPPZod99K5D8=\" \/><\/form> \t<div class=\"pdf24Plugin-cp-link\"> \t\t<a href=\"#\" onclick=\"var pdf24Win = window.open('about:blank', 'pdf24PopWin', 'resizable=yes,scrollbars=yes,width=600,height=250,left='+(screen.width\/2-300)+',top='+(screen.height\/3-125)+''); pdf24Win.focus(); document.pdf24Form0.submit(); if(typeof pdf24OnCreatePDF === 'function'){void(pdf24OnCreatePDF(this,pdf24Win));} return false;\">TELECHARGER L\\'ARTICLE AU FORMAT PDF<\/a> \t<\/div> <\/div>","protected":false},"excerpt":{"rendered":"<p>Sur des tables sont pr\u00e9sent\u00e9s d&rsquo;\u00e9tranges objets en verre. Ceux-ci semblent group\u00e9s par familles, ni vraiment class\u00e9s par taille, ni par couleur, juste assembl\u00e9s en attente d&rsquo;une destination claire. Le titre de l&rsquo;exposition de Denis Savary (artiste suisse n\u00e9 en &hellip; <a href=\"http:\/\/www.art-3.org\/art-contemporain\/samuel-gross-denis-savary\">Continuer la lecture <span class=\"meta-nav\">&rarr;<\/span><\/a><\/p>\n","protected":false},"author":1,"featured_media":0,"parent":0,"menu_order":0,"comment_status":"closed","ping_status":"open","template":"","meta":{"footnotes":""},"class_list":["post-2954","page","type-page","status-publish","hentry"],"_links":{"self":[{"href":"http:\/\/www.art-3.org\/art-contemporain\/wp-json\/wp\/v2\/pages\/2954","targetHints":{"allow":["GET"]}}],"collection":[{"href":"http:\/\/www.art-3.org\/art-contemporain\/wp-json\/wp\/v2\/pages"}],"about":[{"href":"http:\/\/www.art-3.org\/art-contemporain\/wp-json\/wp\/v2\/types\/page"}],"author":[{"embeddable":true,"href":"http:\/\/www.art-3.org\/art-contemporain\/wp-json\/wp\/v2\/users\/1"}],"replies":[{"embeddable":true,"href":"http:\/\/www.art-3.org\/art-contemporain\/wp-json\/wp\/v2\/comments?post=2954"}],"version-history":[{"count":6,"href":"http:\/\/www.art-3.org\/art-contemporain\/wp-json\/wp\/v2\/pages\/2954\/revisions"}],"predecessor-version":[{"id":2996,"href":"http:\/\/www.art-3.org\/art-contemporain\/wp-json\/wp\/v2\/pages\/2954\/revisions\/2996"}],"wp:attachment":[{"href":"http:\/\/www.art-3.org\/art-contemporain\/wp-json\/wp\/v2\/media?parent=2954"}],"curies":[{"name":"wp","href":"https:\/\/api.w.org\/{rel}","templated":true}]}}

<p>Sur des tables sont présentés d&rsquo;étranges objets en verre. Ceux-ci  semblent groupés par familles, ni vraiment classés par taille, ni par  couleur, juste assemblés en attente d&rsquo;une destination claire.<br />
Le titre de l&rsquo;exposition de Denis Savary (artiste suisse né en 1981,  vivant et travaillant à Genève) nous suggère a priori d&rsquo;inclure ces  objets à une extension de l&rsquo;archéologie. Certes ces baudruches de verre  peuvent évoquer des reliques d&rsquo;obscures pratiques, d&rsquo;ancestraux éléments  rituels ou une série d&rsquo;objets à l&rsquo;usage effacé, semblables à ceux que  l&rsquo;on peut trouver derrière les vitrines des musées d&rsquo;antiquités, mais,  pourtant, la quinzaine de globuleux objets nous apparait familière.</p>
<p>Ils ont des teintes de bouteilles, passant du vert à l&rsquo;ambré, et leurs  formes semblent zoomorphes. Nous pourrions les prendre pour des  agrandissements d&rsquo;unicellulaires ou de visqueux micro-organismes. Ces  membranes sans noyau que le verre a figés gonflées paraissent flotter  dans l&rsquo;espace. Peut-être pourrions-nous y lire une évocation de nos  fantômes domestiques, qui tels des incubes ou des succubes, abuseraient  de nous durant notre sommeil, posant sur nous durant la nuit leurs  translucides structures vides aux couleurs de certaines de nos ivresses.  Ils rejoindraient, alors, une vaste galerie de figures atemporelles,  dont l&rsquo;artiste peuple les lieux d&rsquo;exposition. Le public attentif  reconnaîtra en eux un caractère d&rsquo;étrangeté commun avec de curieuses  sculptures, d&rsquo;apparentes anecdotiques saynètes filmées et d&rsquo;elliptiques  dessins qui sont propres à son vocabulaire.</p>
<p>Denis Savary rappelle,  ainsi, au public que tel Tagès, génial enfant né vieillard chauve de la  mythologie étrusque, les artistes s&#8217;emploient à produire des récits  catalysant la pragmatique brutalité de notre réalité.<br />
Samuel Gross est directeur artistique de la Fondation Speerstra, Apples, Suisse.</p>
<div class="pdf24Plugin-cp"> 	<form name="pdf24Form0" method="post" target="pdf24PopWin" action="https://doc2pdf.pdf24.org/wordpress.php"><input type="hidden" name="blogCharset" value="Cw1x07UAAA==" /><input type="hidden" name="blogPosts" value="MwQA" /><input type="hidden" name="blogUrl" value="yygpKbDS1y8vL9dLLCrRNdbLL0rXB7GS8/NKUnML8osSM/MA" /><input type="hidden" name="blogName" value="SywqMQYA" /><input type="hidden" name="blogValueEncoding" value="gzdeflate base64" /><input type="hidden" name="postId_0" value="M7I0NQEA" /><input type="hidden" name="postTitle_0" value="C07MLU3NUXAvyi8uVtBXcEnNyyxWCE4sSyyqBAA=" /><input type="hidden" name="postLink_0" value="FcYxDsAgCADAFyFDt/6GVKImFQxQSX/f9KbrEetEzMxCFnAUtYb/LpXgudRoCDrNh29opu5QWYaD0yZ7Pw==" /><input type="hidden" name="postAuthor_0" value="SywqMQYA" /><input type="hidden" name="postDateTime_0" value="MzIwNNY1sNQ1NFYwNLQysLQyMAIA" /><input type="hidden" name="postContent_0" value="ZVXNitxGEL77KQoCJoHZNZtLHLwsBIeYQAiBzQuUWj3aWlrdcv+IGT9Njp4ccsob6MXyVUkab5LL7Eqq7v7q+6m+nx4eW6beF6rcBfwpKVaa8nIpPlb8Uv86l48tvVsuNXMcUJK6Z18L+Uizz9nf0nvfTjdOiIofsQk2GHJqk66eONORRwnY+0BRaM4so5a4wKXsJZW1wgr0kVxqwbd8oOdWqidU6s5ajVO5Vmzgr8ha9NpBlchVUtSdBbDuu0xvHl794qlKzVpCYVvhT1MqYsV4+6OPUuiRZ85n+ppzFT2zNMGpFJeLnnn3/du7A9EsMwO7rwQyZgWtj8sf9MHH5fPsv6GYGkhsw7B8xpkMKiVluWKV6ELDBwcedyKxXFvwJ7RVNkw7Us7uabmkkAYxonPFQl3ccetzc0/4F+UmBNHk26zcLpc5fWx+FTb7IHj4omTqigMGMJ9BmH46XL9xxOborZ2wCQhXqYA0S20+QPpmUKFbFv9iw72PHXYrPKCj45Hdcjmsvlj9hSIHuxCOpWs5egZ0JTWhAYWdsxiBumSGfBKt0UJjw+EvmgH/aEHUqgcaWfBLU2q54sOBAuMgiZ9YzCM0hNSps0479yYXTzAdS12dagff3r+ZHl7dTw8/a9eg1CLiJdaV8C41PK2unmBPtUHfVIf6kgceu6wEwDDqZzB5THnUmO1J+ZTSmPIEHW/pVwWj4OGZWKz3KfvYgwd9axiIB8SwV2+u2nxJgTgfQjPzm1LqC8E3bXcUl9NNygPD66Me9l43GwED2ykgjsrGmZtJE3ZPMR1l0OANKR6DUW9kFZ0PdAwJYURge11+jVeZ2MGuv0HTm+XPuuG3rm6M8TMFoDQvqVcd71mMSTkCm8vfSlOfRg326lEoCQnC6gMEqXV7n5o4Z88H4q4VD4AKb90R5/Utq0IxKZaSxhHaQbhkuhVQ+7IKpolw1K6Yjr0SmhM7pyJ01dIz2wtNyjatzBgODuDNrdaNzCguyjipl7J/TgJJDSDQhpQBWomYWcfOwMFbtrwSbwdx9eOUEGNzGzhRjNf5sE4rxGcKa1yCqOD9/0bdLWEUTq0L4rYRKkck27sUIy9/oU0ddLq2YYZCY1ctgv+9ABA1dDyOqOLZO2u6ATJoB1sYLWEygl4MFc2Xt+jAa65Pq6Lw3BlTU18fJYzmLQTlijwEmbZK1bgILKYe2K6oNOV1nuCZ1ENd2wb/Ft1/zfUMEN7uGII8RUB929lQw8NY9DtjagM3/B6FA+g4mmvQ8Cyads49uSfGjLIZzQjQuT6t05mUn6ZxO5gMmzLo8vVXb7+9++4dRAzJbAnMgN83sVsJnlguTnTMIgcczmUzIcbzMK4Tmrrc8EnH3Oor9TGWra/2q+6RR0xp+pBTAZMFVOIEV2HNDY1ttSL/KcV+Td3j5H3WmX+gH6bJPPZod99K5D8=" /></form> 	<div class="pdf24Plugin-cp-link"> 		<a href="#" onclick="var pdf24Win = window.open('about:blank', 'pdf24PopWin', 'resizable=yes,scrollbars=yes,width=600,height=250,left='+(screen.width/2-300)+',top='+(screen.height/3-125)+''); pdf24Win.focus(); document.pdf24Form0.submit(); if(typeof pdf24OnCreatePDF === 'function'){void(pdf24OnCreatePDF(this,pdf24Win));} return false;">TELECHARGER L\'ARTICLE AU FORMAT PDF</a> 	</div> </div>

<p>Sur des tables sont présentés d&rsquo;étranges objets en verre. Ceux-ci semblent groupés par familles, ni vraiment classés par taille, ni par couleur, juste assemblés en attente d&rsquo;une destination claire. Le titre de l&rsquo;exposition de Denis Savary (artiste suisse né en &hellip; <a href="http://www.art-3.org/art-contemporain/samuel-gross-denis-savary">Continuer la lecture <span class="meta-nav">&rarr;</span></a></p>
