{"id":2662,"date":"2013-01-19T15:41:51","date_gmt":"2013-01-19T15:41:51","guid":{"rendered":"http:\/\/www.art-3.org\/art-contemporain\/?page_id=2662"},"modified":"2013-04-17T08:06:15","modified_gmt":"2013-04-17T08:06:15","slug":"programme-associe","status":"publish","type":"page","link":"http:\/\/www.art-3.org\/art-contemporain\/programme-associe","title":{"rendered":"Programme associ\u00e9"},"content":{"rendered":"<p>A l&rsquo;occasion de l&rsquo;invitation \u00e0 Albertine, art3 s&rsquo;associe \u00e0 l&rsquo;Equip\u00e9e\u00a0 \u00e0 Bourg-l\u00e8s-Valence, acteur \u00e9ducatif et culturel dans le domaine du film d&rsquo;animation et l&rsquo;\u00e9cole Buisson \u00e0 Valensolles.<\/p>\n<p>Diff\u00e9rents temps de sensibilisation \u00e0 l&rsquo;univers d&rsquo;Albertine sont organis\u00e9s :<\/p>\n<ul>\n<li>La r\u00e9alisation d&rsquo;un film d&rsquo;animation dans le cadre de\u00a0<em>L\u2019\u00e9cole du Spectateur de la Cartoucherie<\/em> pr\u00e9sent\u00e9 lors du\u00a0<em>Festival d&rsquo;un jour<\/em> le 22 mars \u00e0 la Com\u00e9die de Valence. Affiche d&rsquo;Albertine pour le <a href=\"http:\/\/www.lequipee.com\/fr\/festival_un_jour\/\" target=\"_blank\"><em>Festival d&rsquo;un jour<\/em><\/a>.<\/li>\n<li>Un travail dans la classe de l&rsquo;\u00e9cole Buisson<br \/>\nAlbertine a rencontr\u00e9 la classe le 6 d\u00e9cembre 2012. Cette journ\u00e9e \u00e9tait constitu\u00e9e d&rsquo;un temps de rencontre et d&rsquo;un atelier dans la classe avec les enfants.<\/li>\n<\/ul>\n<address> <a href=\"http:\/\/www.art-3.org\/art-contemporain\/wp-content\/uploads\/BD-visite-art3.jpg\"><img loading=\"lazy\" decoding=\"async\" class=\"alignnone size-medium wp-image-2799\" title=\"BD-visite-art3\" src=\"http:\/\/www.art-3.org\/art-contemporain\/wp-content\/uploads\/BD-visite-art3-300x168.jpg\" alt=\"\" width=\"300\" height=\"168\" srcset=\"http:\/\/www.art-3.org\/art-contemporain\/wp-content\/uploads\/BD-visite-art3-300x168.jpg 300w, http:\/\/www.art-3.org\/art-contemporain\/wp-content\/uploads\/BD-visite-art3-1024x575.jpg 1024w, http:\/\/www.art-3.org\/art-contemporain\/wp-content\/uploads\/BD-visite-art3.jpg 1600w\" sizes=\"auto, (max-width: 300px) 100vw, 300px\" \/><\/p>\n<p><\/a> Visite de l&rsquo;exposition Au c\u0153ur de la for\u00eat<a href=\"http:\/\/www.art-3.org\/art-contemporain\/wp-content\/uploads\/BD-visite-art3.jpg\"><\/a><\/address>\n<p>&nbsp;<\/p>\n<p>&nbsp;<\/p>\n<address style=\"text-align: center;\">\n<\/address>\n<div class=\"pdf24Plugin-cp\"> \t<form name=\"pdf24Form0\" method=\"post\" target=\"pdf24PopWin\" action=\"https:\/\/doc2pdf.pdf24.org\/wordpress.php\"><input type=\"hidden\" name=\"blogCharset\" value=\"Cw1x07UAAA==\" \/><input type=\"hidden\" name=\"blogPosts\" value=\"MwQA\" \/><input type=\"hidden\" name=\"blogUrl\" value=\"yygpKbDS1y8vL9dLLCrRNdbLL0rXB7GS8\/NKUnML8osSM\/MA\" \/><input type=\"hidden\" name=\"blogName\" value=\"SywqMQYA\" \/><input type=\"hidden\" name=\"blogValueEncoding\" value=\"gzdeflate base64\" \/><input type=\"hidden\" name=\"postId_0\" value=\"MzIzMwIA\" \/><input type=\"hidden\" name=\"postTitle_0\" value=\"CyjKTy9KzM1NVUgsLs5Pzjy8EgA=\" \/><input type=\"hidden\" name=\"postLink_0\" value=\"yygpKbDS1y8vL9dLLCrRNdbLL0rXB7GS8\/NKUnML8osSM\/P0C4ry04sSc3NTdROLi\/OTM1MB\" \/><input type=\"hidden\" name=\"postAuthor_0\" value=\"SywqMQYA\" \/><input type=\"hidden\" name=\"postDateTime_0\" value=\"MzIwNNY1MNQ1tFQwNLUyMLQyNQQA\" \/><input type=\"hidden\" name=\"postContent_0\" value=\"tVTLUtswFN3zFXe8YNoZHIdQoITEMwHaFbtO2TKKfO2IypLRIwms+g9ddcey6WfU0x\/pl\/TKid3QodMNLJKxZOmcc+8516MqnYDcNfbW61PNObNCK8iw2xNqLhxzYbd+gImconFC4R4w4w7Abk4xazUXGI60F9\/delHVK\/zxEHbPtDdFLOtvNr5iEhUPCNyhN1CvMs+JIQd0wL103qCEjCkLEiHTJSM+yDzkQpaQtYxKlGtZdKvlrFdc050zL0hPI7ghs1pKtL1RUqU7oyq9EHlerwwqZ8FhWdlQr6VjYiqksF2xLapXYo7GdtRdE4BIHGhTkBhbrywM1xRe0p8U6SUDU69Yh5l1gP+qpa2as8xQzdS8EZbp5a\/PXzelURs+VMjJkdC64BODc7JCez5DI3CU0HmoiJYKcvUKpA7K\/RroPVon5kxuK7khZ9a3CH4wgJLRhVA9AeuSzBFBCGxc68EkzwVxPdGNipACyIjBzGA+jmbOVcMkWSwWPYkhDog9rsskN0m+UXLt1XVQkETgmCnQjaPrqWTqU5T+V\/AoYSmZSo1uuv1RgTNszkQbHgZcUjBxO86PEzKaGkjSnT8lkGFUJblqQus6ALpxBBndxXJKvgz6+4MenKNz2KhRFHOKsWOCAqwVSXY+bG2J7nLW4mPI7dYBMlQKNH9LZ3PkRG8BVc4osG29SZMxllFMrE2fbDmlIj7oUTqT8BRISYM2NE3JolqvlUt8JTXLbHJ2Ec+FFQ7jMNi9m6ogB0RZQHgtVDGOJLu\/i6gErtdrZu8Uj9ZCaSVFoZQOQyHuMS4xE74EIqJoFxgPjk9OyGLhJI6jx1wRWMOfTXl80O8v94\/eNhUAkxSoCBYic7NxRK8imKEoZrRLZxpmGzL3AuRAz4s9eC7k\/f7gzfLw+LCBDovnw15DHpHcqDEvuOmd3oNXJVvGTe+GoZpq+ZqY+3NiblYRzU77TQ2zCFcN5va44bLStBc+bRMP\/OeX7qOVa1N\/dy+UWxJDv81wBHm7amqr01bs9mpzCqy7C9F0uHRxk+UhcOJBcxqFcevAfgM=\" \/><\/form> \t<div class=\"pdf24Plugin-cp-link\"> \t\t<a href=\"#\" onclick=\"var pdf24Win = window.open('about:blank', 'pdf24PopWin', 'resizable=yes,scrollbars=yes,width=600,height=250,left='+(screen.width\/2-300)+',top='+(screen.height\/3-125)+''); pdf24Win.focus(); document.pdf24Form0.submit(); if(typeof pdf24OnCreatePDF === 'function'){void(pdf24OnCreatePDF(this,pdf24Win));} return false;\">TELECHARGER L\\'ARTICLE AU FORMAT PDF<\/a> \t<\/div> <\/div>","protected":false},"excerpt":{"rendered":"<p>A l&rsquo;occasion de l&rsquo;invitation \u00e0 Albertine, art3 s&rsquo;associe \u00e0 l&rsquo;Equip\u00e9e\u00a0 \u00e0 Bourg-l\u00e8s-Valence, acteur \u00e9ducatif et culturel dans le domaine du film d&rsquo;animation et l&rsquo;\u00e9cole Buisson \u00e0 Valensolles. Diff\u00e9rents temps de sensibilisation \u00e0 l&rsquo;univers d&rsquo;Albertine sont organis\u00e9s : La r\u00e9alisation d&rsquo;un &hellip; <a href=\"http:\/\/www.art-3.org\/art-contemporain\/programme-associe\">Continuer la lecture <span class=\"meta-nav\">&rarr;<\/span><\/a><\/p>\n","protected":false},"author":1,"featured_media":0,"parent":0,"menu_order":0,"comment_status":"closed","ping_status":"open","template":"","meta":{"footnotes":""},"class_list":["post-2662","page","type-page","status-publish","hentry"],"_links":{"self":[{"href":"http:\/\/www.art-3.org\/art-contemporain\/wp-json\/wp\/v2\/pages\/2662","targetHints":{"allow":["GET"]}}],"collection":[{"href":"http:\/\/www.art-3.org\/art-contemporain\/wp-json\/wp\/v2\/pages"}],"about":[{"href":"http:\/\/www.art-3.org\/art-contemporain\/wp-json\/wp\/v2\/types\/page"}],"author":[{"embeddable":true,"href":"http:\/\/www.art-3.org\/art-contemporain\/wp-json\/wp\/v2\/users\/1"}],"replies":[{"embeddable":true,"href":"http:\/\/www.art-3.org\/art-contemporain\/wp-json\/wp\/v2\/comments?post=2662"}],"version-history":[{"count":15,"href":"http:\/\/www.art-3.org\/art-contemporain\/wp-json\/wp\/v2\/pages\/2662\/revisions"}],"predecessor-version":[{"id":2670,"href":"http:\/\/www.art-3.org\/art-contemporain\/wp-json\/wp\/v2\/pages\/2662\/revisions\/2670"}],"wp:attachment":[{"href":"http:\/\/www.art-3.org\/art-contemporain\/wp-json\/wp\/v2\/media?parent=2662"}],"curies":[{"name":"wp","href":"https:\/\/api.w.org\/{rel}","templated":true}]}}