{"id":2257,"date":"2012-06-21T13:36:22","date_gmt":"2012-06-21T13:36:22","guid":{"rendered":"http:\/\/www.art-3.org\/art-contemporain\/?page_id=2257"},"modified":"2012-06-28T14:23:01","modified_gmt":"2012-06-28T14:23:01","slug":"fabienne-ballandras","status":"publish","type":"page","link":"http:\/\/www.art-3.org\/art-contemporain\/fabienne-ballandras","title":{"rendered":"Fabienne Ballandras"},"content":{"rendered":"<p style=\"text-align: justify;\"><em>Du fric ou boum<\/em> est un projet de remise en sc\u00e8ne d\u2019images de manifestations et de sc\u00e8nes de rue dans l\u2019espace public par le biais de l\u2019affichage. En \u00e9chos \u00e0 l\u2019actualit\u00e9 sociale contemporaine, <em>Du fric ou boum<\/em> propose une relecture des images m\u00e9diatiques en<br \/>\nles d\u00e9pla\u00e7ant hors de leur contexte habituel. Extraites de l\u2019univers de l\u2019information, elles sont reproduites sous forme de maquettes qui sont elles-m\u00eames photographi\u00e9es. Elles figent ainsi les signes de la contestation sociale. Certaines s\u2019attachent \u00e0 l\u2019action, au dynamisme de l\u2019\u00e9v\u00e9nement, m\u00eame si, par leur cadrage, elles \u00e9vacuent la foule et renvoient toute pr\u00e9sence humaine dans le hors-champ. D\u2019autres mettent en sc\u00e8ne des lieux d\u00e9sert\u00e9s o\u00f9 la pr\u00e9sence de pancartes et de slogans laisse supposer une action pass\u00e9e, o\u00f9 la revendication oscillait entre humour et d\u00e9sespoir. Ordinairement visibles en petit format dans les journaux, ces images deviennent ici le sujet d\u2019une campagne d\u2019affichage sauvage en milieu urbain.<br \/>\nPour le mus\u00e9e de Romans, Fabienne Ballandras propose une nouvelle approche de ce projet en r\u00e9adaptant la notion d\u2019affichage \u00e0 l\u2019espace d\u2019exposition.<br \/>\nLe projet d\u2019affichage <em>Du fric ou boum<\/em> a \u00e9t\u00e9 r\u00e9alis\u00e9 \u00e0 Lyon en f\u00e9vrier 2010 gr\u00e2ce \u00e0 l\u2019aide \u00e0 la cr\u00e9ation de la DRAC Rh\u00f4ne-Alpes.<\/p>\n<p>&nbsp;<\/p>\n<p>&nbsp;<\/p>\n<address>Fabienne Ballandras est n\u00e9e en 1968. Elle vit et travaille \u00e0 Lyon.<br \/>\nhttp:\/\/www.fabienne-ballandras.com\/<br \/>\nExpositions<br \/>\n2010 Du fric ou boum, Mus\u00e9e international de la chaussure, Romans (direction artistique art3) Sentimentale intellekuelle, le Magasin \u2013 Centre national d\u2019art contemporain, Grenoble<br \/>\n2009 Exposition de No\u00ebl organis\u00e9e par le Magasin, Ancien mus\u00e9e de peinture, Grenoble Sentimentale intellekuelle, Obervelt Stuttgart (dans le cadre des r\u00e9sidences entre la r\u00e9gion Rh\u00f4ne-Alpes et le Bade-Wurtemberg organis\u00e9 par art3 et l\u2019institut fran\u00e7ais)<br \/>\n2008 Exposition de No\u00ebl organis\u00e9e par le Magasin, Grenoble 2007 Transfert d\u2019activit\u00e9s, Agora t\u00eate d\u2019or, Lyon. 2006 Rose bitume, La Halle de Pont en Royans sur les traces des dioxines, festival des jardins de rue, Lyon 8\u00e8me<br \/>\nPrix et r\u00e9sidences<br \/>\n2009 Prix de la Ville de Grenoble<br \/>\n2008 R\u00e9sidence art3, Institut fran\u00e7ais, Stuttgart (Echange d\u2019artistes plasticiens entre la r\u00e9gion Rh\u00f4ne-Alpes et le Bade-Wurtemberg)<br \/>\n1996 r\u00e9sidence moly sabata, Fondation Albert Gleizes, Sablons<\/address>\n<div class=\"pdf24Plugin-cp\"> \t<form name=\"pdf24Form0\" method=\"post\" target=\"pdf24PopWin\" action=\"https:\/\/doc2pdf.pdf24.org\/wordpress.php\"><input type=\"hidden\" name=\"blogCharset\" value=\"Cw1x07UAAA==\" \/><input type=\"hidden\" name=\"blogPosts\" value=\"MwQA\" \/><input type=\"hidden\" name=\"blogUrl\" value=\"yygpKbDS1y8vL9dLLCrRNdbLL0rXB7GS8\/NKUnML8osSM\/MA\" \/><input type=\"hidden\" name=\"blogName\" value=\"SywqMQYA\" \/><input type=\"hidden\" name=\"blogValueEncoding\" value=\"gzdeflate base64\" \/><input type=\"hidden\" name=\"postId_0\" value=\"MzIyNQcA\" \/><input type=\"hidden\" name=\"postTitle_0\" value=\"c0tMykzNy0tVcErMyUnMSylKLAYA\" \/><input type=\"hidden\" name=\"postLink_0\" value=\"yygpKbDS1y8vL9dLLCrRNdbLL0rXB7GS8\/NKUnML8osSM\/P00xKTMlPz8lJ1kxJzchLzUooSiwE=\" \/><input type=\"hidden\" name=\"postAuthor_0\" value=\"SywqMQYA\" \/><input type=\"hidden\" name=\"postDateTime_0\" value=\"MzIwNNI1MNM1MlQwNLYyMLMyMgIA\" \/><input type=\"hidden\" name=\"postContent_0\" value=\"nVZNbxxFEL37V5RyQIk0u2uDFOzErGRiE5AcYtkIzj0zvbNteron\/bFec8p\/4MQNcSEbrlw4zz\/JL+FV98yuTRIkONjenemqevXq1Wsfd+TDrZZfPAhyHSZCq8Y8oevog1rcPn0wP5bt\/DTSwqmKbKTSxvZ4hmckfaBoqHP2WgaqJTnZKi9JGvJV\/8ZIqt+9\/kW1opGeX7fCqAWCRFDWeMox+WR67yIiBN5ohEnfiUpSF0uNup1wpCWVSqh0lE+IxUJVSySf0pmhflMtraf+1\/yuChGNhH5D3lZKILayJsi2s04oIwv6aFdop7PoIhpuSEtkcsAFiEMnbb+pFXp4FfFFmuPS0Wy+p7mHftNp0f8uTKCldRmpjC7XXgdJS1GqEKUG5HUAkiC37USjVtJtvyqzsK5NVBUkNaf3yAJIAFjHFOlt9MTHZKYXiAI\/fxVVPpziJm3\/tsXTbmmDbZzolqrfSA8IKetCNRJHwYpXlMpg\/gMskZEPIxupnNIz6QLTiMNMdgiiWnKSHfsJtohU3xoBUWSE\/K7frPqNkS2OF5SQoWAxDJipErUDzWPPOC6qyLkBZmEjBimZBLOyip8GG0Fr5\/qNlwZ6WcaWgQ06kmkME6ik7aZ0ytBicDxDJooJ2kkVT7WScc1T9OgPv8n2f3HdXXo00QlTCcc0DwLWtknFIE3IxseO5eOSfjIRCPEelBdjPidX0tSqyqxaXymNaEYDcNyCBRGcncv6zio3pZeuVkYol5ijlfKq1El\/1MmA2KyWsW9P18hhRFwXVO2kW8sVWDOcQVU8bcBNu5v0hx0BT6IZFne7X+RFXPFfFGsVk0TRlaB5Omj\/gvEiWRu5TSbl0mLZfUFfQe9ckL4UaNFgtP7eghkbVzxoEh0eQ0QczGufPQUFQb2oRRdEloCxibP7+AbZDZbB7+QaJRQfHTGeb5Pej\/2oDwhoj\/2DAWiFxrjM+S2KA9UCunQKU\/50\/2CfGtf\/Vm1hCFXnz9geDs6A0zadXp48o8tl\/6eRkxPdYQmPZ91877ibf2JK3z390DdR11Csn3+ISnZgw5QD0sHR48O801BHYPnAYFZC8YMB+cjFMoTuyWx2c3MzXQxZJ+U267Sy7Ww4ebbl0Q9PUsP\/IKygF3nyCmYB1fF5oUcHWYroPTy0GFRBD2vIOG8GFkn5ZKX88bNHdAVtKpY4WzanA\/wfI\/8uWGEvRCO8MvTu9c8wobQuu3LMvQv3jL6g5\/AKi1XZwt8\/ol1XjPFb2\/+hyTpssUpdDJfNUKugE1Mplv5W3Z0EstTRmP1fcb8spYPKA12FGELDGB+O\/sR2l82HPQbKMVXaau6MnaLfNAzzrmZ4tJplUMvJDxFO1CJ\/s2sg4Wc208F0lYBilMbMhMHtpPyjHRuH\/5WNbcsI\/py+Q0q\/gF1m+jHVFd+6WP2TBhOg0L8NeSWtK7IIOfAxtOD5Pg+xBUPngr4WLFQAuLDZly\/tLXPkk7V4FnOVHAw\/yq758imI\/5tQqyQ1OJ5gixz\/k8jF6LB\/046zv3BqnW6PHdN3VZFeZ81+rwYw76vnkC634Ynlgr55j9\/i7qjPsAGmkaM+oXe+jLVAEOvqf017HODB0dHjO\/1Qa\/Ut7LoUQcB8ramz+5zokkf0XEv1E\/N2JUrNKz0bzWXvbw==\" \/><\/form> \t<div class=\"pdf24Plugin-cp-link\"> \t\t<a href=\"#\" onclick=\"var pdf24Win = window.open('about:blank', 'pdf24PopWin', 'resizable=yes,scrollbars=yes,width=600,height=250,left='+(screen.width\/2-300)+',top='+(screen.height\/3-125)+''); pdf24Win.focus(); document.pdf24Form0.submit(); if(typeof pdf24OnCreatePDF === 'function'){void(pdf24OnCreatePDF(this,pdf24Win));} return false;\">TELECHARGER L\\'ARTICLE AU FORMAT PDF<\/a> \t<\/div> <\/div>","protected":false},"excerpt":{"rendered":"<p>Du fric ou boum est un projet de remise en sc\u00e8ne d\u2019images de manifestations et de sc\u00e8nes de rue dans l\u2019espace public par le biais de l\u2019affichage. En \u00e9chos \u00e0 l\u2019actualit\u00e9 sociale contemporaine, Du fric ou boum propose une relecture &hellip; <a href=\"http:\/\/www.art-3.org\/art-contemporain\/fabienne-ballandras\">Continuer la lecture <span class=\"meta-nav\">&rarr;<\/span><\/a><\/p>\n","protected":false},"author":1,"featured_media":0,"parent":0,"menu_order":0,"comment_status":"closed","ping_status":"open","template":"","meta":{"footnotes":""},"class_list":["post-2257","page","type-page","status-publish","hentry"],"_links":{"self":[{"href":"http:\/\/www.art-3.org\/art-contemporain\/wp-json\/wp\/v2\/pages\/2257","targetHints":{"allow":["GET"]}}],"collection":[{"href":"http:\/\/www.art-3.org\/art-contemporain\/wp-json\/wp\/v2\/pages"}],"about":[{"href":"http:\/\/www.art-3.org\/art-contemporain\/wp-json\/wp\/v2\/types\/page"}],"author":[{"embeddable":true,"href":"http:\/\/www.art-3.org\/art-contemporain\/wp-json\/wp\/v2\/users\/1"}],"replies":[{"embeddable":true,"href":"http:\/\/www.art-3.org\/art-contemporain\/wp-json\/wp\/v2\/comments?post=2257"}],"version-history":[{"count":4,"href":"http:\/\/www.art-3.org\/art-contemporain\/wp-json\/wp\/v2\/pages\/2257\/revisions"}],"predecessor-version":[{"id":2361,"href":"http:\/\/www.art-3.org\/art-contemporain\/wp-json\/wp\/v2\/pages\/2257\/revisions\/2361"}],"wp:attachment":[{"href":"http:\/\/www.art-3.org\/art-contemporain\/wp-json\/wp\/v2\/media?parent=2257"}],"curies":[{"name":"wp","href":"https:\/\/api.w.org\/{rel}","templated":true}]}}