{"id":2038,"date":"2012-05-04T08:56:33","date_gmt":"2012-05-04T08:56:33","guid":{"rendered":"http:\/\/www.art-3.org\/art-contemporain\/?page_id=2038"},"modified":"2013-01-15T15:08:36","modified_gmt":"2013-01-15T15:08:36","slug":"texte-de-theodora-domenech-sur-samuel-richardot","status":"publish","type":"page","link":"http:\/\/www.art-3.org\/art-contemporain\/texte-de-theodora-domenech-sur-samuel-richardot","title":{"rendered":"Samuel Richardot : Texte de Th\u00e9odora Domenech"},"content":{"rendered":"<h4 style=\"text-align: justify;\">Les peintures de Samuel Richardot s\u2019\u00e9loignent au fil des ann\u00e9es de l\u2019aspect figuratif de ses premi\u00e8res cr\u00e9ations. Les figures reconnaissables telles que des plantes ou des objets, laissent place \u00e0 des formes \u00ab\u00a0en creux\u00a0\u00bb ou \u00ab\u00a0par d\u00e9faut\u00a0\u00bb. Le proc\u00e9d\u00e9 le plus caract\u00e9ristique de ses derni\u00e8res toiles est de r\u00e9pandre de la peinture fortement dilu\u00e9e sur une zone bien d\u00e9limit\u00e9e (par un syst\u00e8me de \u00ab\u00a0pochoir\u00a0\u00bb) d\u2019une toile pos\u00e9e \u00e0 plat. Cette technique cr\u00e9e un contraste fort entre la disposition al\u00e9atoire de la peinture que renforce le processus de s\u00e9chage et le contour g\u00e9om\u00e9trique dans lequel elle s\u2019inscrit. Les \u00e9l\u00e9ments nous donnent l\u2019impression d\u2019avoir \u00e9t\u00e9 d\u00e9coup\u00e9s dans une autre toile et agenc\u00e9s avec des fragments similaires. D\u2019autres types d\u2019interventions, comme l\u2019utilisation d\u2019une bombe de peinture, causent la m\u00eame impression. Sans d\u00e9but ni fin, les lignes dessin\u00e9es \u00e0 la bombe semblent, elles aussi, pr\u00e9lev\u00e9es dans une composition pr\u00e9existante. L\u2019artiste am\u00e8ne le spectateur \u00e0 retracer le chemin de l\u2019\u00e9laboration de l\u2019\u0153uvre, en se repr\u00e9sentant les \u00e9tapes successives dont il ne reste que des \u00ab\u00a0t\u00e9moins\u00a0\u00bb ou des \u00ab\u00a0\u00e9chantillons\u00a0\u00bb.<\/h4>\n<h4>Il est int\u00e9ressant alors de remarquer la temporalit\u00e9 paradoxale de l\u2019oeuvre. Le temps de s\u00e9chage d\u2019une peinture dilu\u00e9e est par exemple beaucoup plus long que celui du trac\u00e9 de peinture cr\u00e9\u00e9 par la bombe. La succession d\u2019actions op\u00e9r\u00e9es sur la toile suppose par ailleurs un encha\u00eenement temporel qui rappelle le flux lin\u00e9aire de la narration. Les peintures, dans leur \u00e9tat final, font cohabiter ces diff\u00e9rentes r\u00e9alit\u00e9s temporelles en les mettant au m\u00eame niveau. L\u2019artiste sugg\u00e8re des effets de superposition, mais \u00e0 y regarder de pr\u00e8s, toutes les formes sont peintes directement sur la toile. Les \u0153uvres de Samuel Richardot nous invitent ainsi \u00e0 confronter nos diff\u00e9rentes perceptions du temps\u00a0: son aspect fragmentaire autant que lin\u00e9aire, sa nature h\u00e9t\u00e9rog\u00e8ne et homog\u00e8ne. Sans \u00eatre narratives, ses peintures nous ram\u00e8nent en amont de toute narration aux \u00e9v\u00e9nements, aux \u00e9l\u00e9ments \u00e0 partir desquels une histoire se constitue, une vie nouvelle prend forme.<\/h4>\n<h4>Th\u00e9odora Domenech<\/h4>\n<p>Samuel Richardot est n\u00e9 en 1982 \u00e0 Aurillac. Vit et travaille entre Paris et l\u2019Auvergne.<br \/>\nIl est repr\u00e9sent\u00e9 par la galerie BaliceHertling, Paris<br \/>\nExpositions personnelles (s\u00e9lection) \/  Selected solo exhibtions<br \/>\n2012              art 3 Valence<br \/>\n2011              Frac Languedoc-Roussillon, Montpellier, France<br \/>\n2010              Balice Hertling, Paris<br \/>\n2009              La Galerie \u2013 Centre d\u2019Art Contemporain, Noisy-Le-Sec, France<br \/>\n2008              Balice Hertling, Paris<br \/>\nExpositions collectives ( s\u00e9lection) \/ Selected group exhibitions<br \/>\n2011              Lyon<br \/>\n2009              Present \/ Future, Artissima Art Fair, Turin, Italy<br \/>\n2008              Le Printemps de Septembre, Toulouse, France<br \/>\n2008              Rendez-vous, Shanghai Art Museum, Shanghai, China<br \/>\n2007              Rendez-vous, Les Subsistances, Lyon, France<br \/>\n2007              Cadrage\/D\u00e9bordement, Exposition des F\u00e9licit\u00e9s de l\u2019Ecole Nationale Sup\u00e9rieure des Beaux-Arts,  ENSBA, Paris<br \/>\n2006              Nicolas Guiet \u2013 Samuel Richardot, Laur\u00e9ats du Prix Novembre \u00e0 Vitry, Vitry-sur-Seine, France<br \/>\n51\u00e8me Salon de Montrouge, Montrouge, France<br \/>\nCollections<br \/>\nFNAC, Centre national des arts plastiques \u2013 Minist\u00e8re de la culture et de la communication, Paris<br \/>\nFRAC Languedoc-Rousillon, Montpellier<br \/>\nFormation \/ Education<br \/>\n2006 D.N.S.A.P., Ecole Nationale Sup\u00e9rieure des Beaux-Arts de Paris, Paris<br \/>\nPrix \/ Grants<br \/>\n2007              Prix Nicolas Feuillatte Jeune Espoir<br \/>\n2007              Prix Jean Chevalier<br \/>\n2006              Prix Sp\u00e9cial du Jury, 51\u00e8me Salon de Montrouge, Montrouge, France<br \/>\n2006              Prix Novembre \u00e0 Vitry, Vitry-sur-Seine, France<br \/>\nBibliographie \/ Selected bibliographie<br \/>\n2010              Judica\u00ebl Lavrador, \u201cPeint sur du vent\u201d, Les Inrockuptibles, No. 780, Novembre<br \/>\nAlice Motard, \u201cEntente cordiale\u201d, Domus, No. 932, January<br \/>\nLilian Davies, \u201cSamuel Richardot\u201d, Artforum, January<br \/>\n2009              Marianne Lanav\u00e8re, \u201cSamuel Richardot\u201d, Interview with Benjamin Thorel, Journal de La Galerie \u2013 Centre d\u2019Art<br \/>\nContemporain de Noisy-Le-Sec, September<br \/>\n2008              David Lewis, \u201cSamuel Richardot\u201d, www.artforum.com, March\/April<\/p>\n<div class=\"pdf24Plugin-cp\"> \t<form name=\"pdf24Form0\" method=\"post\" target=\"pdf24PopWin\" action=\"https:\/\/doc2pdf.pdf24.org\/wordpress.php\"><input type=\"hidden\" name=\"blogCharset\" value=\"Cw1x07UAAA==\" \/><input type=\"hidden\" name=\"blogPosts\" value=\"MwQA\" \/><input type=\"hidden\" name=\"blogUrl\" value=\"yygpKbDS1y8vL9dLLCrRNdbLL0rXB7GS8\/NKUnML8osSM\/MA\" \/><input type=\"hidden\" name=\"blogName\" value=\"SywqMQYA\" \/><input type=\"hidden\" name=\"blogValueEncoding\" value=\"gzdeflate base64\" \/><input type=\"hidden\" name=\"postId_0\" value=\"MzIwtgAA\" \/><input type=\"hidden\" name=\"postTitle_0\" value=\"C07MLU3NUQjKTM5ILErJL1GwUghJrShJVUhJVQjJOLwyPyW\/KFHBJT83NS81OQMA\" \/><input type=\"hidden\" name=\"postLink_0\" value=\"FchBDoAgDATAFxUO3vxNQzeWRCgpJfh89TYZjRhnznvvxB50JPMr\/yrWA22Yc+058ARIQKEw+Y7EGjqK0lxOk9vCTV6LsovFCw==\" \/><input type=\"hidden\" name=\"postAuthor_0\" value=\"SywqMQYA\" \/><input type=\"hidden\" name=\"postDateTime_0\" value=\"MzIwNNI1MNU1MFEwsLAyMLUyNgYA\" \/><input type=\"hidden\" name=\"postContent_0\" value=\"nVfbblvHFX33Vwzy5ABHlKykjZ2qAmhZci1YgmAaeR8eDslxD2fouVBUnvwPeSrQAH40EyA\/0DcR\/RF\/Sdfac3iTIrdpEJgiz8yevddea+05R+NvVUw3jfnrV8nM055u7Mh9r97lmOzw5i9fHb82UU2NdSkH\/DUwqqcn2TTqja3HOgx8UvHzh38sF43HRuOS0lkNbYOVUWnnlouyq8EiHaemTng6ykEjPH+PDB\/MxC4\/MX4dlgs88i52FE+WtfgMpvbOaRuj7jf4nkzDj\/fZyEHTRruET5\/lq++\/MylWquEG5oTntVHLj\/J06MMEH7e\/3n40DieaPL\/9ePsvbuZvUx3UYLkY6pz4M\/NAhr5eLvCravClyUhUB12n5SJYAFXSkFoGJri2luQtczQx8SEKm2o3CLKy0WtMmU4yE2Y5sE0GXirmoLIz6kePf\/oWSeLkxk5s4tPHTDA7FW9iWn6aSDzJ29djbwNz\/loNADdDSA5q6iN3on4AkTrqxKSEZ6YeO8mdqBvGBMgp6JhKVgpJBUl2YCNiWDZG6YYtwkn3KmGoYBy2AuymoGZizEIAZADCjIwyic94kkedo+XCT5aLFAqI2kU8fU+CscPCLetiHWwqhAAQywXRisp5RgYtiB35ZSdgUoxMkvXrGZLEBqBGAGufp8tFLGcQGzQ4rBBCUsjN1VygZ6YuRAl6VI6KAB9kQvSOesHQ3IoO30zZcskxmTDDWlK3QnWTSeF8TraxUSi9bkrfT\/oC3go5bNBZiAo4J8tfsHdTSweKQ8aooJ+TchaacKA2DqZUhXJYV4SGDiNCiR\/NBFJxqVJFKzgh2gpNAYRmVnS5ggL5rvvLBWYOWlNSAJ3lhmRJCj1ZfnLSWlGyTgYdxJnBgDW1CdLYMcTsVpLHWbrvQ1t\/+e3fP+UZawavIwnDA1m8Zv3S4qSJa8w16WNnRtqcFFzFcQNTWSmfzEeDJx4sWal49bswDi1pGl8edo72x98ePzrCP68aESbwh4ZxCg\/XjQ\/CVfiRDjghEE2Ic4oKGqpPQXt64Oe6MatqvGE14hJcucv1VcfXEllJnGdTx2aOPQjWNzqToMVckO9IKqxNk60aZEV8SeOtUBRtyWjdc2Sh17CtVFALJ5UH+YN0nfbCuoT4MU\/ReSNhNJBCR0kJNAcVLH9zxZkKBhDle6QT9HQq4sT\/wybPwUOwT28MwelQOl4ku54e1UrfWWSpOQqcbiqYDc6o\/Vj3LWSEqoGiHQ7ZGbF1DgXBP64zEWd1wpcJ3EyXwVO040AZnXepG\/NoRFsWcpjhEPNBOpWnJqyoX6kJBgYJfQMKjDDdkAwhD8tPSB5+xWSazQiJzFvKk4wxpFon34a4gFBI\/\/sDVIzMuhmKZxlgsmUSsMhh8DQWrLiDCLKuzbR0lvQg824\/fs+M1GrMtu4ljYFhESJyat2tSkX2Ssg0FpsMfiQChxuO\/aR8ae1n+QvNsu3sjL2MOxcDqSEUg3CcHDALojMwBbcNKZDLHO2HAxVyIVT5ZW3snFPsG8GPnAXFpMZopIydKOMDczdlFMFHM2uYwUxoCeN0g9KiLcG\/RYl+ACGrFx7HYPa1z6bH9xpCdQIkVvHk2dNDJtTNAerQdUf9YBMBgiJnIph2Sl5pXAVkuIF1XaQSYM6do35Q+8ePWrfZeN1GuCN4SUD6z8Hw2vzNhIQGjaoSr91+Ol9RVDofOfNEAY8jzVwU\/rXaV6pn+M0MwIPGw1zGti+72jiHB08O1c5\/gFl9o35ADq42m1VPdledwX1gLW6UzcDXe288RwldtVIXaDLdwJpQcd1OmIPdMKVE9fs1Hh4cPNtdDi972YLz+cNPuLQIzvS0LrI+oTLEmTkOL72NN3uvzV7P1PfyOHj6B\/LYxrr2jaDLCfRY7WK9hnoU6NuCtb0D9h0YX99492C1V1ARlbOvznK5E3RpXbh5aP6lziDZSr0FDVHuq6Sbmwfrwyi6Ctatx1EPToHLAGO+9blB98x\/xegNNGR+3JthcaV6GKOjsbaSyAW258nmx0qdjGHjm0jffSESrbCX+1GuFzVthKDcz+ZOjBM9gJuZ\/Re4BHnY8kTuNZtWiauf8ZJclzHRDudTdNCoS\/Edzuwer4AgVG4HwXPMifkeqkIi6vSy97x7j5R\/3s3k0iKkjuplttA6eXnXPVCSzvIaI9aMTsxBz5k0gE4C\/wg3VfnYw6AAZa2725A\/PZGrfQ9XErk3UWbg2chU23\/ubDlpybph4Nll96Ra6ca1IJQXM1TMd4Hy7hKljgvrLN8o1mO8zo3MBpNWP+BWm52tdRmW20Cdveme3HGI+waxWgtnLpNgX50Ocgm3DfiLzmWn1+l2rjro8f\/cQSYpKe1mJvjvq5eAKsUHCVa61Pb2zGR6Pd+Rzg3Hyynefmz48uZzox2UYGZ6q9T7\/JG1PdRQW\/Yiq\/NMNvwf\/X4g9h+m2nPbb6wf4VY3htNuGVt\/+8GDpn6eB2DE8tcG7Z\/xcgyX+vzhn1e8Gcg9CDXyxejzh5+L\/F85vBb+PePywjd5WndHfff0oFpn3h7VFZO+8AmqkpCnjvcjzv4wAHhGImKY5zbIs28OK3WuXdZh5Y2v8fKFtrzQuCBECXJXrRIE9MF1gaa2u\/2+S1+AWRrTl1zXM4rl4aiv5J3Qmmt1bdMYTHXvNF+N3o55gcVZeP8tgvzyqFvrezPwuGd35LUev828O45OEAbowLX9AhLX19cd3aLRgd4rVlyP97tTXH+O9qfHj\/4D\" \/><\/form> \t<div class=\"pdf24Plugin-cp-link\"> \t\t<a href=\"#\" onclick=\"var pdf24Win = window.open('about:blank', 'pdf24PopWin', 'resizable=yes,scrollbars=yes,width=600,height=250,left='+(screen.width\/2-300)+',top='+(screen.height\/3-125)+''); pdf24Win.focus(); document.pdf24Form0.submit(); if(typeof pdf24OnCreatePDF === 'function'){void(pdf24OnCreatePDF(this,pdf24Win));} return false;\">TELECHARGER L\\'ARTICLE AU FORMAT PDF<\/a> \t<\/div> <\/div>","protected":false},"excerpt":{"rendered":"<p>Les peintures de Samuel Richardot s\u2019\u00e9loignent au fil des ann\u00e9es de l\u2019aspect figuratif de ses premi\u00e8res cr\u00e9ations. Les figures reconnaissables telles que des plantes ou des objets, laissent place \u00e0 des formes \u00ab\u00a0en creux\u00a0\u00bb ou \u00ab\u00a0par d\u00e9faut\u00a0\u00bb. Le proc\u00e9d\u00e9 le &hellip; <a href=\"http:\/\/www.art-3.org\/art-contemporain\/texte-de-theodora-domenech-sur-samuel-richardot\">Continuer la lecture <span class=\"meta-nav\">&rarr;<\/span><\/a><\/p>\n","protected":false},"author":1,"featured_media":0,"parent":0,"menu_order":0,"comment_status":"closed","ping_status":"closed","template":"","meta":{"footnotes":""},"class_list":["post-2038","page","type-page","status-publish","hentry"],"_links":{"self":[{"href":"http:\/\/www.art-3.org\/art-contemporain\/wp-json\/wp\/v2\/pages\/2038","targetHints":{"allow":["GET"]}}],"collection":[{"href":"http:\/\/www.art-3.org\/art-contemporain\/wp-json\/wp\/v2\/pages"}],"about":[{"href":"http:\/\/www.art-3.org\/art-contemporain\/wp-json\/wp\/v2\/types\/page"}],"author":[{"embeddable":true,"href":"http:\/\/www.art-3.org\/art-contemporain\/wp-json\/wp\/v2\/users\/1"}],"replies":[{"embeddable":true,"href":"http:\/\/www.art-3.org\/art-contemporain\/wp-json\/wp\/v2\/comments?post=2038"}],"version-history":[{"count":6,"href":"http:\/\/www.art-3.org\/art-contemporain\/wp-json\/wp\/v2\/pages\/2038\/revisions"}],"predecessor-version":[{"id":2643,"href":"http:\/\/www.art-3.org\/art-contemporain\/wp-json\/wp\/v2\/pages\/2038\/revisions\/2643"}],"wp:attachment":[{"href":"http:\/\/www.art-3.org\/art-contemporain\/wp-json\/wp\/v2\/media?parent=2038"}],"curies":[{"name":"wp","href":"https:\/\/api.w.org\/{rel}","templated":true}]}}