{"id":1015,"date":"2011-07-27T12:56:33","date_gmt":"2011-07-27T12:56:33","guid":{"rendered":"http:\/\/www.art-3.org\/art-contemporain\/?page_id=1015"},"modified":"2012-06-21T14:40:18","modified_gmt":"2012-06-21T14:40:18","slug":"luis-bisbe-texte-de-pascal-thevenet","status":"publish","type":"page","link":"http:\/\/www.art-3.org\/art-contemporain\/luis-bisbe-texte-de-pascal-thevenet","title":{"rendered":"Luis Bisbe : texte de Pascal Th\u00e9venet"},"content":{"rendered":"<p style=\"text-align: justify;\">Les doubles envers<br \/>\nL&rsquo;intervention \u00e0 Valence de Luis Bisbe, artiste espagnol invit\u00e9 par art 3  dans le cadre des \u00e9changes europ\u00e9ens, s&rsquo;articule en trois objets, trois  lieux : <em>Loveurs<\/em> sur le parvis de la m\u00e9diath\u00e8que de Valence,<em> Doblue Room<\/em> dans la -petite- salle d&rsquo;exposition d&rsquo;art3, <em>Autoreverse<\/em> entre les mains du lecteur. Luis Bisbe nous convoque ainsi \u00e0 se  d\u00e9placer de l&rsquo;espace le plus publique jusqu&rsquo;\u00e0 celui plus intime de  l&rsquo;individu. Le d\u00e9nominateur commun de cet aspect tripartite du travail  de l&rsquo;artiste espagnol est la question de la confrontation de la r\u00e9alit\u00e9  avec son \u00e9vocation, qu&rsquo;elle soit celle du plasticien ou la n\u00f4tre.<br \/>\n<em>Loveurs<\/em> est une vid\u00e9o : deux laveurs de carreaux, de part et  d&rsquo;autre d&rsquo;une grande fen\u00eatre, se livrent au nettoyage m\u00e9thodique et  synchronis\u00e9, dans le geste, non dans l&rsquo;acte, d&rsquo;une vitrine d&rsquo;un b\u00e2timent  publique. Les protagonistes se font toujours face, dans l&rsquo;espoir d&rsquo;une  communication que laisserait entrevoir la transparence dissimul\u00e9e puis  r\u00e9v\u00e9l\u00e9e. Communication illusoire puisque la r\u00e9union des Loveurs ne se  fera qu&rsquo;avec la disparition de l&rsquo;ombre noire, dans le but de masquer une  intimit\u00e9 recouvr\u00e9e puis effac\u00e9e par le d\u00e9roulement \u00e0 rebours du film.  Nous, spectateurs, n&rsquo;acc\u00e9deront pas \u00e0 l&rsquo;espace de l&rsquo;intimit\u00e9 puisque  nous ne pouvons voir la qu\u00eate infructueuse des Loveurs que de  l&rsquo;ext\u00e9rieur, juste dans l&rsquo;illusion que cette sc\u00e8ne se passe dans  l&rsquo;imm\u00e9diat, du fait de la co\u00efncidence du d\u00e9cor du film avec son endroit  de projection.<br \/>\n<em>Doblue Room<\/em>, montr\u00e9e dans l&rsquo;espace plus confin\u00e9 d&rsquo;art3, reprend  le principe de l&rsquo;affrontement de la repr\u00e9sentation avec son mod\u00e8le. Une  pi\u00e8ce vide, dont la blancheur est \u00e0 peine alt\u00e9r\u00e9e par quelques lignes  rouges, invite le spectateur aux m\u00eames actions qu&rsquo;a pu faire Luis Bisbe :  arpenter, scruter, projeter. Les traces sur les murs, le plafond, le  sol, nous laissent un go\u00fbt de d\u00e9j\u00e0-vu, un sentiment de familiarit\u00e9. Un  rectangle rose, des croisements de traits, une procession de minuscules  personnages, nous d\u00e9rangent. Parce que <em>Doblue Room<\/em> est un miroir dont le reflet se superpose, tout en se d\u00e9calant, \u00e0 la r\u00e9alit\u00e9 de la salle d&rsquo;exposition. Parce que <em>Doblue Room<\/em> est un double renversement : le bas de la repr\u00e9sentation est le haut du  mod\u00e8le, le sud de la projection est le nord de son origine. La v\u00e9rit\u00e9  de <em>Doblue Room<\/em> est la subjectivit\u00e9 de nos regards face \u00e0 une r\u00e9alit\u00e9 que nous ne pouvons appr\u00e9hender dans son entier.<br \/>\n<em>Autoreverse<\/em> ne s&rsquo;adresse plus \u00e0 une perception collective, mais  \u00e0 celle individuelle de par le format du livre choisi pour cette \u0153uvre.  Une succession d&rsquo;images, apparemment sans lien s\u00e9mantique, pourrait  faire croire \u00e0 un catalogue de vues, dont on sait qu&rsquo;elles n&rsquo;ont de  r\u00e9alit\u00e9 que pour elles-m\u00eames. En ce sens, Luis Bisbe r\u00e9fl\u00e9chit sur la  mat\u00e9rialit\u00e9 de la page, o\u00f9 le recto et le verso sont la double face d&rsquo;un  m\u00eame objet : l&rsquo;image d&rsquo;un avers r\u00e9pond et conduit \u00e0 celle de son  revers.<br \/>\nAutoreverse interroge notre perception du r\u00e9el. Pour la premi\u00e8re partie  de l&rsquo;ouvrage : dans ce qu&rsquo;elle nous contraint, l\u00e0 o\u00f9 les  pseudos-transparences correspondent \u00e0 des \u00e9l\u00e9ments de coercition,  limitatifs mais n\u00e9cessaires pour Luis Bisbe. Puis en ce qu&rsquo;elle nous  \u00e9chappe, dans la mesure o\u00f9 les dessins de la seconde partie sont des  interpr\u00e9tations imaginaires d&rsquo;\u00e9l\u00e9ments rendus objectifs par la  photographie.<br \/>\nL&rsquo;artiste espagnol nous invite d&rsquo;ailleurs \u00e0 tester ces doubles envers  que suscite la repr\u00e9sentation, forc\u00e9ment arbitraire, de la r\u00e9alit\u00e9, en  laissant libre cours \u00e0 nos capacit\u00e9s d&rsquo;interpr\u00e9tation de par la page  blanche laiss\u00e9e \u00e0 notre disposition \u00e0 la fin du livre \u00e9dit\u00e9 par art3.<br \/>\nPascal Thevenet<\/p>\n<address>Luis Bisbe est n\u00e9 \u00e0 M\u00e1laga en 1965. Il vit et travaille \u00e0 Barcelone.<br \/>\nEtudes et  bourses <\/address>\n<address>2000    Beca Museu d\u2019Art de Sabadell-Art3\/Valence, Francia<br \/>\n1990    Licenciado en Bellas Artes por la Universitat de Barcelona<br \/>\n1898    Beca \u201cErasmus\u201d en la Winchester School of Arts, AngleterreExpositions individuelles (s\u00e9lection)<br \/>\n2001     \u201cPiso piloto\u201d Galeria Salvador Diaz, Madrid<br \/>\n2000    Wake-Op. Ciclo \u201cDireccions\u201d Centre Cultural La Caixa, Lleida<br \/>\n1998    \u201cRunnor\u201d Escultura al Jard\u00ed, Caixa de Sabadell, Sabadell<\/address>\n<address>Expositions Collectives (s\u00e9lection)<br \/>\n2002    Surplus, Centro Cultural de Espa\u00f1a, Lima, Per\u00fa<br \/>\n2001    Formas del exilio, Galer\u00eda Claramunt, Barcelona<br \/>\nEx-parc d\u2019atraccions. Barcelona Art Report Experiences<br \/>\n2000    Luis Bisbe\/Joana Cera. Por amor a Arte, Porto<br \/>\n1999    Nou Planetes, Dos piezas juntas. La Capella, Barcelona<br \/>\nSentimental. Sentimental room, Barcelona<br \/>\nArt Forum, Galer\u00eda Antonio de Barcelona (Barcelona), Berl\u00edn<\/address>\n<div class=\"pdf24Plugin-cp\"> \t<form name=\"pdf24Form0\" method=\"post\" target=\"pdf24PopWin\" action=\"https:\/\/doc2pdf.pdf24.org\/wordpress.php\"><input type=\"hidden\" name=\"blogCharset\" value=\"Cw1x07UAAA==\" \/><input type=\"hidden\" name=\"blogPosts\" value=\"MwQA\" \/><input type=\"hidden\" name=\"blogUrl\" value=\"yygpKbDS1y8vL9dLLCrRNdbLL0rXB7GS8\/NKUnML8osSM\/MA\" \/><input type=\"hidden\" name=\"blogName\" value=\"SywqMQYA\" \/><input type=\"hidden\" name=\"blogValueEncoding\" value=\"gzdeflate base64\" \/><input type=\"hidden\" name=\"postId_0\" value=\"MzQwNAUA\" \/><input type=\"hidden\" name=\"postTitle_0\" value=\"8ynNLFZwyixOSlWwUihJrShJVUhJVQhILE5OzFEIyTi8siw1L7UEAA==\" \/><input type=\"hidden\" name=\"postLink_0\" value=\"FcZBDoAgDATAF5UevPmbghshQUpgFZ9vnNNksu+qa61gg7IFH6f+S96Iq\/uw0rTeZUosM0KIl5AD0m0mq8KMBw38AA==\" \/><input type=\"hidden\" name=\"postAuthor_0\" value=\"SywqMQYA\" \/><input type=\"hidden\" name=\"postDateTime_0\" value=\"MzIwNNQ1MNc1MlcwNLIyMLcyNgYA\" \/><input type=\"hidden\" name=\"postContent_0\" value=\"jVjBjhy3Eb3nKwgfAhvo3ZUsJJDkjQBptQ5irJKFFMdnTjdnlhs22SKbg5VP+oecAtiAk5PGgBAEyCXJsZEf0ZfkvWJ3T8+uFUQHqbuHLFa9evWqqNNOpf6NM7\/6pDc3\/ZF2duMfq+ucert+88UnTy5MUk3IK4d\/jd+amE5XUZ08+dnFz2N6ncMX1vcmbo3vbfBq+EH9QTvja6Maoy6yTeqZTStTKR17m3qjTOr0xgenrN\/aftipTkf+qB4o1WiflDOq1k2kgaSGXX2l\/YZn5xi6YWd8qlQaj6bNOmOD8aqPAYeF1bXpsaK8KWdNvlGP1alpn1yELWyk0xM8q5QjD8LZW6yDq06rdtg1VvdXw7vXWdwfI6m4Wz0PK4fPL0Noi4nirFZHneltb45U0g4mm9E3c9OFZAWUZu\/ug0p8eZr7EA3BNMUY4EPExLjVFnabjJe6h8PHCxSVDzmpOvhtoItcaQl5MsBu2HVO1yZKNJMTALs2EqnDzg5ptNyJ9L7O4xrsr43LtixBNm0r0c9GrG\/s1jYZnhge40NrvaZvcKVts+fq2vRKpw4+A3vbMTNINsLoo95q69TSrTtcMKknlHAtFcQkIQh0HYPv9eJbHHagKHmj9NbUKpF0u22oZVGl5rAMk5GC7RmdE1eAD8zXFmwJmcb88A\/AfjwS+g5J6FX2RiH4YRdAo4ZsclqWSNA6RqPzTcUXxqyAwj7dmTmd3mhoE7XHyrXxw4\/4rWLinN1GZF\/prLzp+\/BGbwyp2F+FRnJFk+mNr68AhU3DrprLBGXRw4gnOPJpOrjm5+XBqLRo\/dIZtRr+ykzj5JkWTDBIEkOvNzyrxxs8XCMFqg\/5OjDsNQhVHZ6HNAYbDw4cmWFLWphY4GZTMlEjI8L2LfcgCSCIBw9iEQ2ssW12KHS4xRJGwrfDjh+O1dmBUetAWBgpK8sRXI4VQpekxmwCWCmRNU7fE0Togx04EqfbmWPjz6FdRRacjWaP+Cr3XNNqHheFHKVihJHR1CFv4+y7WQMsedOiNmBRDJArQR1lF81KIAU119a1x0r9FvUNVrCMpMDw4uekwlRjWA+wl7j\/VpUvnN\/7NEFTpAP+dnAxIJoJ\/tcZXDSIYh1z3WeTkznAbtTC\/WE3MBuhq7GSLmEOuSBJmVIOUcDvqR7elQzA7zSu329oR92tBAfSY6r+4W++tk3hRSZ6dYgTWPvqN76JLHOpwRiugR3OXxb1bemuVAsUJU+3eUwcRQepPdYDwEPxjqYDURslkoqSqm13ALxei2KVFI+KhS3DLplJx2bH29AM7xxo\/TVp1NnhXS1aQ74xy9i7chqFT6WlFiHlnWEZa8ccTMwC0o7Kqdi6DUsmZEhDVTqsqP+eUdCZG8jLjy0WakEqLUoCdGEK4rJ1Q\/fQnzvDNg9u1jHLg0CNpyIaKOKaaiFtFU1MqCttR0M+GnlG0K4qPCxa4CmvahOGfwtWSPD18MPRNlf8zJ\/tBONat9ZZVumwI16KtdZjMIDZGBIRw6k1m75AL+rcU2tSJVUKb+FfGmsc\/SsnDg4Aq0MTDt5rQUycY5ly5vD9sbrUEUkhl3+KSGOHgL0oAihZg0dm7aDaoHrKMN+JgxBQCh+\/kskamQXlWcXLplYo87FJ4v\/1p8xr8EPmtULGx6JfOn2EldKBjbrSVLisJnJK4lJuxl37+po2+BDlRxI6RLsBPcEIrbYUCWnTzf\/wlbHmlZjcTvH7kODdRsemNBtixBTuQWL4t+VMd4znCrXJCYhVXbSht6DoQgvuTF5Upon+mDopUCIA46nIX206ibgOzomnQAVTGrhTRidH9SwjUpk0ZsFfh9hqwVO6vKqvQFBLn+Oojf\/5ExoGEBMNSLmeSTqrYyEmwkOHbCWTSTSLUwymgRY0Yu+uxKp017GCWQ1xRA+TSq9d2BQt32aaFLbiqMQ9B2NTmptOKOV3C3vxXxYeFSU5Vuc4ghLP6XwhHdi3dpzhcYRogwaztDSQA8JjDEQEYfhnKZ+6Dxx78MxEBaZSuDLyWlixGGWKnpXZnzxfYrdcp2mNPnWQJB4AkW+y7fd5HImsCkMm3iw4o+S2E8OGDOR4t+AH0kxNdqjSUGJFr2gh67EMh9YcDMEcFejg40JXKevl7DrN+pQxSoWDlwUhqlYyuQnpaDk8cTXm0cToxgmjXKGQgVkU6wCHbZmVQSIMCaj\/dSqERr8jAUmfVLK8zyWikpnGf8TTclXrunlawoXKIOdmdroht\/0kQMkQ\/RmZVKiWVEGYxVyUCVcS5BEXDnFqyuYiKPbjXG5+tYQixQeidVehDxi5uys7z\/gXH7uBSAxjw5xbPoYZmYGAZM9Zm1V7+zaspCQS+on02jvKWlEF6uIs+ujKMp8yUx7eZypCWxqjJtstx886jMdTFGuN8YRL9zDcwmqWnlJRapofilnOC2JKriWYeqf7aWlCGHf2SsWRbHE5fzDhd6kTWpf6\/RXKAdeV05MOsqobEc4ni8KnuHN6gukXw1+c3miGd\/\/RL39xrH7jeB9h\/Y13Qyd+PWNrc8HPuTrvMwnB+4\/MyXg+PZnO2p\/6+b179xT+PDO1Vi8wvmJU\/PD2z0+jSNcrvdINWHqE9wcn041efYm6qa0eT7r\/6JGYuLC14ecm0Ntn2IZ+iY1SDQLr194y6awaWp98ng09fPRw9uXD2+\/Oo05tTh\/efk+D2P+NZT6ESq\/QDUC8sOYJkM2nnGYoLuZ8bvjpoLMk9SmS6EoD\/mw8EuHf55E87tJCLDvrwHse+WtEC6EFBm6LmKJ6bvW3lXqBPmeb\/XYJ\/Rv9R3P0uw53LFu7QGPPwdK6phO0dVb+h+Isuz5HMAAt\/kzbGw25d8Y2CyQfjs68zB7DAfeec9biNgyu6is09uF9VXYvM1TNTz+V5SUmZ3Mj\/hgin9OHVzmyk1fF97D3HYeeo+6Hv9N7qEulLk0c\/nUL0C\/ZvKlWTpkbTJ+hKoAO7xG601HjKgpZvk2B85sjFE0tHNQciwXC4\/06plu9NCBUrxAVMiTifSsf+1o6+Spo7DrD5ZWdBfXY8i\/hZcUPfdiD\/4h7cYtUl6h8sAnRP4d0dNZ8i1iu4bFOxyV5Hel91\/9X09yt0cgWL5izQ3t3OYMBUrldoPPU9wF38IMCUZ\/Oj5\/BiolueO8Xif4v\" \/><\/form> \t<div class=\"pdf24Plugin-cp-link\"> \t\t<a href=\"#\" onclick=\"var pdf24Win = window.open('about:blank', 'pdf24PopWin', 'resizable=yes,scrollbars=yes,width=600,height=250,left='+(screen.width\/2-300)+',top='+(screen.height\/3-125)+''); pdf24Win.focus(); document.pdf24Form0.submit(); if(typeof pdf24OnCreatePDF === 'function'){void(pdf24OnCreatePDF(this,pdf24Win));} return false;\">TELECHARGER L\\'ARTICLE AU FORMAT PDF<\/a> \t<\/div> <\/div>","protected":false},"excerpt":{"rendered":"<p>Les doubles envers L&rsquo;intervention \u00e0 Valence de Luis Bisbe, artiste espagnol invit\u00e9 par art 3 dans le cadre des \u00e9changes europ\u00e9ens, s&rsquo;articule en trois objets, trois lieux : Loveurs sur le parvis de la m\u00e9diath\u00e8que de Valence, Doblue Room dans &hellip; <a href=\"http:\/\/www.art-3.org\/art-contemporain\/luis-bisbe-texte-de-pascal-thevenet\">Continuer la lecture <span class=\"meta-nav\">&rarr;<\/span><\/a><\/p>\n","protected":false},"author":1,"featured_media":0,"parent":0,"menu_order":18,"comment_status":"closed","ping_status":"open","template":"","meta":{"footnotes":""},"class_list":["post-1015","page","type-page","status-publish","hentry"],"_links":{"self":[{"href":"http:\/\/www.art-3.org\/art-contemporain\/wp-json\/wp\/v2\/pages\/1015","targetHints":{"allow":["GET"]}}],"collection":[{"href":"http:\/\/www.art-3.org\/art-contemporain\/wp-json\/wp\/v2\/pages"}],"about":[{"href":"http:\/\/www.art-3.org\/art-contemporain\/wp-json\/wp\/v2\/types\/page"}],"author":[{"embeddable":true,"href":"http:\/\/www.art-3.org\/art-contemporain\/wp-json\/wp\/v2\/users\/1"}],"replies":[{"embeddable":true,"href":"http:\/\/www.art-3.org\/art-contemporain\/wp-json\/wp\/v2\/comments?post=1015"}],"version-history":[{"count":4,"href":"http:\/\/www.art-3.org\/art-contemporain\/wp-json\/wp\/v2\/pages\/1015\/revisions"}],"predecessor-version":[{"id":2288,"href":"http:\/\/www.art-3.org\/art-contemporain\/wp-json\/wp\/v2\/pages\/1015\/revisions\/2288"}],"wp:attachment":[{"href":"http:\/\/www.art-3.org\/art-contemporain\/wp-json\/wp\/v2\/media?parent=1015"}],"curies":[{"name":"wp","href":"https:\/\/api.w.org\/{rel}","templated":true}]}}