{"id":4242,"date":"2017-12-20T14:23:17","date_gmt":"2017-12-20T14:23:17","guid":{"rendered":"http:\/\/www.art-3.org\/art-contemporain\/wp-content\/uploads\/07-dupuy-Plaque-recolle\u0301e-de\u0301tail.jpeg"},"modified":"2018-04-04T14:02:55","modified_gmt":"2018-04-04T14:02:55","slug":"07-dupuy-plaque-recollee-detail","status":"inherit","type":"attachment","link":"http:\/\/www.art-3.org\/art-contemporain\/dector-dupuy.php\/07-dupuy-plaque-recollee-detail","title":{"rendered":"07-dupuy-Plaque recolle\u0301e (de\u0301tail)"},"author":1,"featured_media":0,"comment_status":"closed","ping_status":"closed","template":"","meta":[],"class_list":["post-4242","attachment","type-attachment","status-inherit","hentry"],"description":{"rendered":"<p class=\"attachment\"><a href='http:\/\/www.art-3.org\/art-contemporain\/wp-content\/uploads\/07-dupuy-Plaque-recolle\u0301e-de\u0301tail.jpeg'><img loading=\"lazy\" decoding=\"async\" width=\"300\" height=\"221\" src=\"http:\/\/www.art-3.org\/art-contemporain\/wp-content\/uploads\/07-dupuy-Plaque-recolle\u0301e-de\u0301tail-300x221.jpeg\" class=\"attachment-medium size-medium\" alt=\"\" srcset=\"http:\/\/www.art-3.org\/art-contemporain\/wp-content\/uploads\/07-dupuy-Plaque-recolle\u0301e-de\u0301tail-300x221.jpeg 300w, http:\/\/www.art-3.org\/art-contemporain\/wp-content\/uploads\/07-dupuy-Plaque-recolle\u0301e-de\u0301tail-768x566.jpeg 768w, http:\/\/www.art-3.org\/art-contemporain\/wp-content\/uploads\/07-dupuy-Plaque-recolle\u0301e-de\u0301tail.jpeg 850w\" sizes=\"auto, (max-width: 300px) 100vw, 300px\" \/><\/a><\/p>\n<div class=\"pdf24Plugin-cp\"> \t<form name=\"pdf24Form0\" method=\"post\" target=\"pdf24PopWin\" action=\"https:\/\/doc2pdf.pdf24.org\/wordpress.php\"><input type=\"hidden\" name=\"blogCharset\" value=\"Cw1x07UAAA==\" \/><input type=\"hidden\" name=\"blogPosts\" value=\"MwQA\" \/><input type=\"hidden\" name=\"blogUrl\" value=\"yygpKbDS1y8vL9dLLCrRNdbLL0rXB7GS8\/NKUnML8osSM\/MA\" \/><input type=\"hidden\" name=\"blogName\" value=\"SywqMQYA\" \/><input type=\"hidden\" name=\"blogValueEncoding\" value=\"gzdeflate base64\" \/><input type=\"hidden\" name=\"postId_0\" value=\"MzEyMQIA\" \/><input type=\"hidden\" name=\"postTitle_0\" value=\"MzDXTSktKK3UDchJLCxNVShKTc7PyUk905iqoJECpEoSM3M0AQ==\" \/><input type=\"hidden\" name=\"postLink_0\" value=\"JcdRCoAgDADQE80FfQTdZuhIYbo1JtLtI\/p7r0bYibjWSuQBe1K\/8FPWEdxNndrAwjnUoUybT7JquB1\/wITuyeCcVYQZCgc1eQE=\" \/><input type=\"hidden\" name=\"postAuthor_0\" value=\"SywqMQYA\" \/><input type=\"hidden\" name=\"postDateTime_0\" value=\"MzIwNNc1NNI1MlAwNLEyNLIyNAcA\" \/><input type=\"hidden\" name=\"postContent_0\" value=\"vZJBboMwEEX3PcVoNmmlGJNEIVEEnKFXGIELrmxw8VBDdr1fD1UD3XWdLmzNl2y95y\/nDipD3hdIzFS1VnWMZU7QDuqt2LXM7iZlCCGhgcUp6YdGLlPVd6ys6wfSnQxuyx3L0Zmeai\/Ti6hHN87i1dDHqMSgqt4Y9f2lRB13Jm2Sd6eaXZlr28BySXdNgYbuM0IdT2+Z\/NxVCEHX3BZ4SlOEVumm5QKPxwOCH6oCH2kpInOKqNUW\/5YlrKr1aMHru\/qdEchEv1XOK\/5HP4gh7OGhvEt2nc5ZtvFieDBv41zPacC146X8kfs9PFuaxPovbsuz3fQChzT9jDprQpBlLikuVz79AA==\" \/><\/form> \t<div class=\"pdf24Plugin-cp-link\"> \t\t<a href=\"#\" onclick=\"var pdf24Win = window.open('about:blank', 'pdf24PopWin', 'resizable=yes,scrollbars=yes,width=600,height=250,left='+(screen.width\/2-300)+',top='+(screen.height\/3-125)+''); pdf24Win.focus(); document.pdf24Form0.submit(); if(typeof pdf24OnCreatePDF === 'function'){void(pdf24OnCreatePDF(this,pdf24Win));} return false;\">TELECHARGER L\\'ARTICLE AU FORMAT PDF<\/a> \t<\/div> <\/div>"},"caption":{"rendered":"<p>Cette plaque a \u00e9t\u00e9 bris\u00e9e, puis recoll\u00e9e.\u2028 Sur les quatre vis qui la maintenaient, il n\u2019en reste plus que deux.\u2028 L\u2019un des trous (en haut \u00e0 gauche) a disparu.<br \/>\nUne restauration peinte a \u00e9t\u00e9 faite sur la lettre E du mot SCELLER : on peut voir que la couleur est l\u00e9g\u00e8rement plus claire et plus ros\u00e9e.\u2028  <a href=\"http:\/\/www.art-3.org\/art-contemporain\/dector-dupuy.php\/07-dupuy-plaque-recollee-detail\">Continuer la lecture <span class=\"meta-nav\">&rarr;<\/span><\/a><\/p>\n"},"alt_text":"","media_type":"image","mime_type":"image\/jpeg","media_details":{"width":850,"height":626,"file":"07-dupuy-Plaque-recolle\u0301e-de\u0301tail.jpeg","sizes":{"thumbnail":{"file":"07-dupuy-Plaque-recolle\u0301e-de\u0301tail-150x150.jpeg","width":150,"height":150,"mime_type":"image\/jpeg","source_url":"http:\/\/www.art-3.org\/art-contemporain\/wp-content\/uploads\/07-dupuy-Plaque-recolle\u0301e-de\u0301tail-150x150.jpeg"},"medium":{"file":"07-dupuy-Plaque-recolle\u0301e-de\u0301tail-300x221.jpeg","width":300,"height":221,"mime_type":"image\/jpeg","source_url":"http:\/\/www.art-3.org\/art-contemporain\/wp-content\/uploads\/07-dupuy-Plaque-recolle\u0301e-de\u0301tail-300x221.jpeg"},"medium_large":{"file":"07-dupuy-Plaque-recolle\u0301e-de\u0301tail-768x566.jpeg","width":768,"height":566,"mime_type":"image\/jpeg","source_url":"http:\/\/www.art-3.org\/art-contemporain\/wp-content\/uploads\/07-dupuy-Plaque-recolle\u0301e-de\u0301tail-768x566.jpeg"},"post-thumbnail":{"file":"07-dupuy-Plaque-recolle\u0301e-de\u0301tail-850x198.jpeg","width":850,"height":198,"mime_type":"image\/jpeg","source_url":"http:\/\/www.art-3.org\/art-contemporain\/wp-content\/uploads\/07-dupuy-Plaque-recolle\u0301e-de\u0301tail-850x198.jpeg"},"full":{"file":"07-dupuy-Plaque-recolle\u0301e-de\u0301tail.jpeg","width":850,"height":626,"mime_type":"image\/jpeg","source_url":"http:\/\/www.art-3.org\/art-contemporain\/wp-content\/uploads\/07-dupuy-Plaque-recolle\u0301e-de\u0301tail.jpeg"}},"image_meta":{"aperture":"2.2","credit":"","camera":"iPhone SE","caption":"","created_timestamp":"1511959001","copyright":"","focal_length":"4.15","iso":"25","shutter_speed":"0.0065359477124183","title":"","orientation":"1","keywords":[]}},"post":4235,"source_url":"http:\/\/www.art-3.org\/art-contemporain\/wp-content\/uploads\/07-dupuy-Plaque-recolle\u0301e-de\u0301tail.jpeg","_links":{"self":[{"href":"http:\/\/www.art-3.org\/art-contemporain\/wp-json\/wp\/v2\/media\/4242","targetHints":{"allow":["GET"]}}],"collection":[{"href":"http:\/\/www.art-3.org\/art-contemporain\/wp-json\/wp\/v2\/media"}],"about":[{"href":"http:\/\/www.art-3.org\/art-contemporain\/wp-json\/wp\/v2\/types\/attachment"}],"author":[{"embeddable":true,"href":"http:\/\/www.art-3.org\/art-contemporain\/wp-json\/wp\/v2\/users\/1"}],"replies":[{"embeddable":true,"href":"http:\/\/www.art-3.org\/art-contemporain\/wp-json\/wp\/v2\/comments?post=4242"}],"wp:attached-to":[{"embeddable":true,"post_type":"post","id":4235,"href":"http:\/\/www.art-3.org\/art-contemporain\/wp-json\/wp\/v2\/posts\/4235"}],"curies":[{"name":"wp","href":"https:\/\/api.w.org\/{rel}","templated":true}]}}

<p>Cette plaque a été brisée, puis recollée.  Sur les quatre vis qui la maintenaient, il n’en reste plus que deux.  L’un des trous (en haut à gauche) a disparu.<br />
Une restauration peinte a été faite sur la lettre E du mot SCELLER : on peut voir que la couleur est légèrement plus claire et plus rosée.   <a href="http://www.art-3.org/art-contemporain/dector-dupuy.php/07-dupuy-plaque-recollee-detail">Continuer la lecture <span class="meta-nav">&rarr;</span></a></p>
