{"id":4241,"date":"2017-12-20T14:23:11","date_gmt":"2017-12-20T14:23:11","guid":{"rendered":"http:\/\/www.art-3.org\/art-contemporain\/wp-content\/uploads\/06-dupuy-plaque-commemorative.jpeg"},"modified":"2018-04-04T14:03:11","modified_gmt":"2018-04-04T14:03:11","slug":"06-dupuy-plaque-commemorative","status":"inherit","type":"attachment","link":"http:\/\/www.art-3.org\/art-contemporain\/dector-dupuy.php\/06-dupuy-plaque-commemorative","title":{"rendered":"06-dupuy-plaque-commemorative"},"author":1,"featured_media":0,"comment_status":"closed","ping_status":"closed","template":"","meta":[],"class_list":["post-4241","attachment","type-attachment","status-inherit","hentry"],"description":{"rendered":"<p class=\"attachment\"><a href='http:\/\/www.art-3.org\/art-contemporain\/wp-content\/uploads\/06-dupuy-plaque-commemorative.jpeg'><img loading=\"lazy\" decoding=\"async\" width=\"300\" height=\"225\" src=\"http:\/\/www.art-3.org\/art-contemporain\/wp-content\/uploads\/06-dupuy-plaque-commemorative-300x225.jpeg\" class=\"attachment-medium size-medium\" alt=\"\" srcset=\"http:\/\/www.art-3.org\/art-contemporain\/wp-content\/uploads\/06-dupuy-plaque-commemorative-300x225.jpeg 300w, http:\/\/www.art-3.org\/art-contemporain\/wp-content\/uploads\/06-dupuy-plaque-commemorative-768x576.jpeg 768w, http:\/\/www.art-3.org\/art-contemporain\/wp-content\/uploads\/06-dupuy-plaque-commemorative.jpeg 850w\" sizes=\"auto, (max-width: 300px) 100vw, 300px\" \/><\/a><\/p>\n<div class=\"pdf24Plugin-cp\"> \t<form name=\"pdf24Form0\" method=\"post\" target=\"pdf24PopWin\" action=\"https:\/\/doc2pdf.pdf24.org\/wordpress.php\"><input type=\"hidden\" name=\"blogCharset\" value=\"Cw1x07UAAA==\" \/><input type=\"hidden\" name=\"blogPosts\" value=\"MwQA\" \/><input type=\"hidden\" name=\"blogUrl\" value=\"yygpKbDS1y8vL9dLLCrRNdbLL0rXB7GS8\/NKUnML8osSM\/MA\" \/><input type=\"hidden\" name=\"blogName\" value=\"SywqMQYA\" \/><input type=\"hidden\" name=\"blogValueEncoding\" value=\"gzdeflate base64\" \/><input type=\"hidden\" name=\"postId_0\" value=\"MzEyMQQA\" \/><input type=\"hidden\" name=\"postTitle_0\" value=\"MzDTTSktKK3ULchJLCxN1U3Oz81Nzc0vSizJLEsFAA==\" \/><input type=\"hidden\" name=\"postLink_0\" value=\"JcrRCoAgDEDRL9IFQQ\/9zdCRQnNrzKS\/z+jtXjjFXXeAMUZE87BGsQO+StKcWMWwNsiUXCzkrv2JWhSW7Z+gJ16dpmYmntjrTS8=\" \/><input type=\"hidden\" name=\"postAuthor_0\" value=\"SywqMQYA\" \/><input type=\"hidden\" name=\"postDateTime_0\" value=\"MzIwNNc1NNI1MlAwNLEyNLIyNAQA\" \/><input type=\"hidden\" name=\"postContent_0\" value=\"vZFBboMwEEX3PcVoNmmlgGmikCjC3GUELrjC4OBxDDl9DXTXNV1Ymi+P9J6\/CwtVR85JJGaqWqN6xrIgaEf1JQ8ts70LEUJIaeTknA5jI5apGnpWxg4j6V4Eu+WehbfdQLUTWZ7U3vo5sR09vIr3xigT11k\/VfptVXMoC20aWNZ130js6DUj1Koatkxu7iuEoGtuJZ6zDKFVumlZ4ul0QXBjJXEfvyTSpghZPfFvQYlRtfYGnH6p3xmBumi2ajnF\/2IGMYQj7ES65rfpcs03Ugy7kTbC7ZIFXBtdqvY8HOHd0JSs\/39fnmqnD\/jMsmcUWROCKAtB8djy7Qc=\" \/><\/form> \t<div class=\"pdf24Plugin-cp-link\"> \t\t<a href=\"#\" onclick=\"var pdf24Win = window.open('about:blank', 'pdf24PopWin', 'resizable=yes,scrollbars=yes,width=600,height=250,left='+(screen.width\/2-300)+',top='+(screen.height\/3-125)+''); pdf24Win.focus(); document.pdf24Form0.submit(); if(typeof pdf24OnCreatePDF === 'function'){void(pdf24OnCreatePDF(this,pdf24Win));} return false;\">TELECHARGER L\\'ARTICLE AU FORMAT PDF<\/a> \t<\/div> <\/div>"},"caption":{"rendered":"<p>Une autre intervention a eu lieu sur la premi\u00e8re lettre du nom du maire d\u2019Itchevan.\u2028 Le bas de la premi\u00e8re lettre a \u00e9t\u00e9 repeint pour restaurer la lettre C.\u2028 Mais c\u2019est un G qui aurait d\u00fb \u00eatre restaur\u00e9 : le nom du maire est ARMEN GOULARIAN.\u2028 La trace de la barre du G est encore bien visible dans le ciment qui a servi \u00e0 restaurer la plaque. (michel dupuy) <a href=\"http:\/\/www.art-3.org\/art-contemporain\/dector-dupuy.php\/06-dupuy-plaque-commemorative\">Continuer la lecture <span class=\"meta-nav\">&rarr;<\/span><\/a><\/p>\n"},"alt_text":"","media_type":"image","mime_type":"image\/jpeg","media_details":{"width":850,"height":638,"file":"06-dupuy-plaque-commemorative.jpeg","sizes":{"thumbnail":{"file":"06-dupuy-plaque-commemorative-150x150.jpeg","width":150,"height":150,"mime_type":"image\/jpeg","source_url":"http:\/\/www.art-3.org\/art-contemporain\/wp-content\/uploads\/06-dupuy-plaque-commemorative-150x150.jpeg"},"medium":{"file":"06-dupuy-plaque-commemorative-300x225.jpeg","width":300,"height":225,"mime_type":"image\/jpeg","source_url":"http:\/\/www.art-3.org\/art-contemporain\/wp-content\/uploads\/06-dupuy-plaque-commemorative-300x225.jpeg"},"medium_large":{"file":"06-dupuy-plaque-commemorative-768x576.jpeg","width":768,"height":576,"mime_type":"image\/jpeg","source_url":"http:\/\/www.art-3.org\/art-contemporain\/wp-content\/uploads\/06-dupuy-plaque-commemorative-768x576.jpeg"},"post-thumbnail":{"file":"06-dupuy-plaque-commemorative-850x198.jpeg","width":850,"height":198,"mime_type":"image\/jpeg","source_url":"http:\/\/www.art-3.org\/art-contemporain\/wp-content\/uploads\/06-dupuy-plaque-commemorative-850x198.jpeg"},"full":{"file":"06-dupuy-plaque-commemorative.jpeg","width":850,"height":638,"mime_type":"image\/jpeg","source_url":"http:\/\/www.art-3.org\/art-contemporain\/wp-content\/uploads\/06-dupuy-plaque-commemorative.jpeg"}},"image_meta":{"aperture":"2.2","credit":"","camera":"iPhone SE","caption":"","created_timestamp":"1511959001","copyright":"","focal_length":"4.15","iso":"25","shutter_speed":"0.0065359477124183","title":"","orientation":"1","keywords":[]}},"post":4235,"source_url":"http:\/\/www.art-3.org\/art-contemporain\/wp-content\/uploads\/06-dupuy-plaque-commemorative.jpeg","_links":{"self":[{"href":"http:\/\/www.art-3.org\/art-contemporain\/wp-json\/wp\/v2\/media\/4241","targetHints":{"allow":["GET"]}}],"collection":[{"href":"http:\/\/www.art-3.org\/art-contemporain\/wp-json\/wp\/v2\/media"}],"about":[{"href":"http:\/\/www.art-3.org\/art-contemporain\/wp-json\/wp\/v2\/types\/attachment"}],"author":[{"embeddable":true,"href":"http:\/\/www.art-3.org\/art-contemporain\/wp-json\/wp\/v2\/users\/1"}],"replies":[{"embeddable":true,"href":"http:\/\/www.art-3.org\/art-contemporain\/wp-json\/wp\/v2\/comments?post=4241"}],"wp:attached-to":[{"embeddable":true,"post_type":"post","id":4235,"href":"http:\/\/www.art-3.org\/art-contemporain\/wp-json\/wp\/v2\/posts\/4235"}],"curies":[{"name":"wp","href":"https:\/\/api.w.org\/{rel}","templated":true}]}}

<p>Une autre intervention a eu lieu sur la première lettre du nom du maire d’Itchevan.  Le bas de la première lettre a été repeint pour restaurer la lettre C.  Mais c’est un G qui aurait dû être restauré : le nom du maire est ARMEN GOULARIAN.  La trace de la barre du G est encore bien visible dans le ciment qui a servi à restaurer la plaque. (michel dupuy) <a href="http://www.art-3.org/art-contemporain/dector-dupuy.php/06-dupuy-plaque-commemorative">Continuer la lecture <span class="meta-nav">&rarr;</span></a></p>
