{"id":4238,"date":"2017-12-20T14:18:35","date_gmt":"2017-12-20T14:18:35","guid":{"rendered":"http:\/\/www.art-3.org\/art-contemporain\/wp-content\/uploads\/03-dector-flamme-feu.jpeg"},"modified":"2018-04-04T14:04:30","modified_gmt":"2018-04-04T14:04:30","slug":"03-dector-flamme-feu","status":"inherit","type":"attachment","link":"http:\/\/www.art-3.org\/art-contemporain\/dector-dupuy.php\/03-dector-flamme-feu","title":{"rendered":"03-dector-flamme-feu"},"author":1,"featured_media":0,"comment_status":"closed","ping_status":"closed","template":"","meta":[],"class_list":["post-4238","attachment","type-attachment","status-inherit","hentry"],"description":{"rendered":"<p class=\"attachment\"><a href='http:\/\/www.art-3.org\/art-contemporain\/wp-content\/uploads\/03-dector-flamme-feu-e1520936854611.jpeg'><img loading=\"lazy\" decoding=\"async\" width=\"300\" height=\"300\" src=\"http:\/\/www.art-3.org\/art-contemporain\/wp-content\/uploads\/03-dector-flamme-feu-300x300.jpeg\" class=\"attachment-medium size-medium\" alt=\"\" srcset=\"http:\/\/www.art-3.org\/art-contemporain\/wp-content\/uploads\/03-dector-flamme-feu-300x300.jpeg 300w, http:\/\/www.art-3.org\/art-contemporain\/wp-content\/uploads\/03-dector-flamme-feu-150x150.jpeg 150w, http:\/\/www.art-3.org\/art-contemporain\/wp-content\/uploads\/03-dector-flamme-feu-768x768.jpeg 768w, http:\/\/www.art-3.org\/art-contemporain\/wp-content\/uploads\/03-dector-flamme-feu-1024x1024.jpeg 1024w, http:\/\/www.art-3.org\/art-contemporain\/wp-content\/uploads\/03-dector-flamme-feu-e1520936854611.jpeg 226w\" sizes=\"auto, (max-width: 300px) 100vw, 300px\" \/><\/a><\/p>\n<div class=\"pdf24Plugin-cp\"> \t<form name=\"pdf24Form0\" method=\"post\" target=\"pdf24PopWin\" action=\"https:\/\/doc2pdf.pdf24.org\/wordpress.php\"><input type=\"hidden\" name=\"blogCharset\" value=\"Cw1x07UAAA==\" \/><input type=\"hidden\" name=\"blogPosts\" value=\"MwQA\" \/><input type=\"hidden\" name=\"blogUrl\" value=\"yygpKbDS1y8vL9dLLCrRNdbLL0rXB7GS8\/NKUnML8osSM\/MA\" \/><input type=\"hidden\" name=\"blogName\" value=\"SywqMQYA\" \/><input type=\"hidden\" name=\"blogValueEncoding\" value=\"gzdeflate base64\" \/><input type=\"hidden\" name=\"postId_0\" value=\"MzEytgAA\" \/><input type=\"hidden\" name=\"postTitle_0\" value=\"MzDWTUlNLskv0k3LSczNTdVNSy0FAA==\" \/><input type=\"hidden\" name=\"postLink_0\" value=\"LchRCsAgCADQE5lBf7tNlK3BShFFdvsx2N\/jTTM5ECMiVTUoifXET4230RLWem3s1IwVuos\/SaZgLvDfuOtaBIP8BQ==\" \/><input type=\"hidden\" name=\"postAuthor_0\" value=\"SywqMQYA\" \/><input type=\"hidden\" name=\"postDateTime_0\" value=\"MzIwNNc1NNI1MlAwNLEyNLIyNgUA\" \/><input type=\"hidden\" name=\"postContent_0\" value=\"tVJBboMwELz3FStf0kpxbKChaQT8ZQUOuMLYwqYmeX0XyK090sNYM4f1zNpTOKh79L5kGALWnVFDYFWB0I3qVh66ENxViBjjCcfAs5MdW7Gw2g5BGWdH1IOIbtNDEJPrLTZeyIw3qg525LcejVH8piauknMqP7P8cn7Pk+T05VR7qAptWliG9NCWrMfHnQGN2k2jvw81g6ib0JUsk5JBp3TbhafwY12yfVPSvTNhjcd+vw43qtGTAa8f6skZYE+B1jRehf8MBETiEfY1SM5yJmwGRHY3+MgvM2EzILL\/BjJ9n5fjuQOx3T3+aC+kaR7ZWoWlI1OwR3g1OPO1r9fls9z8RnHkN8VZFQNRFQIJrnr5AQ==\" \/><\/form> \t<div class=\"pdf24Plugin-cp-link\"> \t\t<a href=\"#\" onclick=\"var pdf24Win = window.open('about:blank', 'pdf24PopWin', 'resizable=yes,scrollbars=yes,width=600,height=250,left='+(screen.width\/2-300)+',top='+(screen.height\/3-125)+''); pdf24Win.focus(); document.pdf24Form0.submit(); if(typeof pdf24OnCreatePDF === 'function'){void(pdf24OnCreatePDF(this,pdf24Win));} return false;\">TELECHARGER L\\'ARTICLE AU FORMAT PDF<\/a> \t<\/div> <\/div>"},"caption":{"rendered":"<p>Photo 1: Sur la berge du Rh\u00f4ne, c\u00f4t\u00e9 Guilherand-Granges, \u00ab La flamme de la r\u00e9sistance ne s\u2019est pas \u00e9teinte et ne s\u2019\u00e9teindra jamais \u00bb, sculpture de Robert Marion.<br \/>\n <a href=\"http:\/\/www.art-3.org\/art-contemporain\/dector-dupuy.php\/03-dector-flamme-feu\">Continuer la lecture <span class=\"meta-nav\">&rarr;<\/span><\/a><\/p>\n"},"alt_text":"","media_type":"image","mime_type":"image\/jpeg","media_details":{"width":226,"height":226,"file":"03-dector-flamme-feu-e1520936854611.jpeg","sizes":{"thumbnail":{"file":"03-dector-flamme-feu-150x150.jpeg","width":150,"height":150,"mime_type":"image\/jpeg","source_url":"http:\/\/www.art-3.org\/art-contemporain\/wp-content\/uploads\/03-dector-flamme-feu-150x150.jpeg"},"medium":{"file":"03-dector-flamme-feu-300x300.jpeg","width":300,"height":300,"mime_type":"image\/jpeg","source_url":"http:\/\/www.art-3.org\/art-contemporain\/wp-content\/uploads\/03-dector-flamme-feu-300x300.jpeg"},"medium_large":{"file":"03-dector-flamme-feu-768x768.jpeg","width":768,"height":768,"mime_type":"image\/jpeg","source_url":"http:\/\/www.art-3.org\/art-contemporain\/wp-content\/uploads\/03-dector-flamme-feu-768x768.jpeg"},"large":{"file":"03-dector-flamme-feu-1024x1024.jpeg","width":1024,"height":1024,"mime_type":"image\/jpeg","source_url":"http:\/\/www.art-3.org\/art-contemporain\/wp-content\/uploads\/03-dector-flamme-feu-1024x1024.jpeg"},"post-thumbnail":{"file":"03-dector-flamme-feu-940x198.jpeg","width":940,"height":198,"mime_type":"image\/jpeg","source_url":"http:\/\/www.art-3.org\/art-contemporain\/wp-content\/uploads\/03-dector-flamme-feu-940x198.jpeg"},"full":{"file":"03-dector-flamme-feu-e1520936854611.jpeg","width":226,"height":226,"mime_type":"image\/jpeg","source_url":"http:\/\/www.art-3.org\/art-contemporain\/wp-content\/uploads\/03-dector-flamme-feu-e1520936854611.jpeg"}},"image_meta":{"aperture":"2.2","credit":"","camera":"iPhone 6s Plus","caption":"","created_timestamp":"1511952505","copyright":"","focal_length":"4.15","iso":"25","shutter_speed":"0.00028595939376609","title":"","orientation":"0","keywords":[]}},"post":4235,"source_url":"http:\/\/www.art-3.org\/art-contemporain\/wp-content\/uploads\/03-dector-flamme-feu-e1520936854611.jpeg","_links":{"self":[{"href":"http:\/\/www.art-3.org\/art-contemporain\/wp-json\/wp\/v2\/media\/4238","targetHints":{"allow":["GET"]}}],"collection":[{"href":"http:\/\/www.art-3.org\/art-contemporain\/wp-json\/wp\/v2\/media"}],"about":[{"href":"http:\/\/www.art-3.org\/art-contemporain\/wp-json\/wp\/v2\/types\/attachment"}],"author":[{"embeddable":true,"href":"http:\/\/www.art-3.org\/art-contemporain\/wp-json\/wp\/v2\/users\/1"}],"replies":[{"embeddable":true,"href":"http:\/\/www.art-3.org\/art-contemporain\/wp-json\/wp\/v2\/comments?post=4238"}],"wp:attached-to":[{"embeddable":true,"post_type":"post","id":4235,"href":"http:\/\/www.art-3.org\/art-contemporain\/wp-json\/wp\/v2\/posts\/4235"}],"curies":[{"name":"wp","href":"https:\/\/api.w.org\/{rel}","templated":true}]}}

<p>Photo 1: Sur la berge du Rhône, côté Guilherand-Granges, « La flamme de la résistance ne s’est pas éteinte et ne s’éteindra jamais », sculpture de Robert Marion.<br />
 <a href="http://www.art-3.org/art-contemporain/dector-dupuy.php/03-dector-flamme-feu">Continuer la lecture <span class="meta-nav">&rarr;</span></a></p>
