{"id":4236,"date":"2017-12-20T14:14:54","date_gmt":"2017-12-20T14:14:54","guid":{"rendered":"http:\/\/www.art-3.org\/art-contemporain\/wp-content\/uploads\/01-dector-e\u0301pervie\u0300re.jpg"},"modified":"2018-04-04T14:06:40","modified_gmt":"2018-04-04T14:06:40","slug":"01-dector-eperviere","status":"inherit","type":"attachment","link":"http:\/\/www.art-3.org\/art-contemporain\/dector-dupuy.php\/01-dector-eperviere","title":{"rendered":"01-dector-e\u0301pervie\u0300re"},"author":1,"featured_media":0,"comment_status":"closed","ping_status":"closed","template":"","meta":[],"class_list":["post-4236","attachment","type-attachment","status-inherit","hentry"],"description":{"rendered":"<p class=\"attachment\"><a href='http:\/\/www.art-3.org\/art-contemporain\/wp-content\/uploads\/01-dector-e\u0301pervie\u0300re.jpg'><img loading=\"lazy\" decoding=\"async\" width=\"300\" height=\"300\" src=\"http:\/\/www.art-3.org\/art-contemporain\/wp-content\/uploads\/01-dector-e\u0301pervie\u0300re-300x300.jpg\" class=\"attachment-medium size-medium\" alt=\"\" srcset=\"http:\/\/www.art-3.org\/art-contemporain\/wp-content\/uploads\/01-dector-e\u0301pervie\u0300re-300x300.jpg 300w, http:\/\/www.art-3.org\/art-contemporain\/wp-content\/uploads\/01-dector-e\u0301pervie\u0300re-150x150.jpg 150w, http:\/\/www.art-3.org\/art-contemporain\/wp-content\/uploads\/01-dector-e\u0301pervie\u0300re-768x768.jpg 768w, http:\/\/www.art-3.org\/art-contemporain\/wp-content\/uploads\/01-dector-e\u0301pervie\u0300re-1024x1024.jpg 1024w\" sizes=\"auto, (max-width: 300px) 100vw, 300px\" \/><\/a><\/p>\n<div class=\"pdf24Plugin-cp\"> \t<form name=\"pdf24Form0\" method=\"post\" target=\"pdf24PopWin\" action=\"https:\/\/doc2pdf.pdf24.org\/wordpress.php\"><input type=\"hidden\" name=\"blogCharset\" value=\"Cw1x07UAAA==\" \/><input type=\"hidden\" name=\"blogPosts\" value=\"MwQA\" \/><input type=\"hidden\" name=\"blogUrl\" value=\"yygpKbDS1y8vL9dLLCrRNdbLL0rXB7GS8\/NKUnML8osSM\/MA\" \/><input type=\"hidden\" name=\"blogName\" value=\"SywqMQYA\" \/><input type=\"hidden\" name=\"blogValueEncoding\" value=\"gzdeflate base64\" \/><input type=\"hidden\" name=\"postId_0\" value=\"MzEyNgMA\" \/><input type=\"hidden\" name=\"postTitle_0\" value=\"MzDUTUlNLskv0k0901iQWlSWmXqmoSgVAA==\" \/><input type=\"hidden\" name=\"postLink_0\" value=\"LchBCoAwDATAFzWpePM3pQ22B5uwpAZ\/L4K3Ybq7HcwRQQWedlKc\/KnqdLlMUcbkJtUVqS1bD1k3zlv6T0xwD4G8\" \/><input type=\"hidden\" name=\"postAuthor_0\" value=\"SywqMQYA\" \/><input type=\"hidden\" name=\"postDateTime_0\" value=\"MzIwNNc1NNI1MlAwNLEyNLIyNQEA\" \/><input type=\"hidden\" name=\"postContent_0\" value=\"tVJNb8MgDL3vV1hcuklNoOu+VCX5LyhhCVUCCJxCe9r+X3\/UHNLbru3h2X6SxXu2qRy0owyhZhJRtsOkDLKmkjB49V1vBkR34DzGWEqPxb60vudL1VqDanLWS214dCs3yGc3WtkFLnZFp1q0vlDXX6f8Savrj1fl0fWbptJTD0ufNn3NRnk5M6Buu3IZzqZlEHWHQ832QjAYlO4HvJHg25rd21hBTyfCYpD9X0kxqU7PEwR9UbeagRzJUvYTFD7WElCOW7i7xO5dJEKWoPwIic+Pr0TIEpQfMoV4fUtLWOegIrJ8quWGM9otPE8yFflHHZZVuvRCbeJEZjJjwJuKS4Jrnv4A\" \/><\/form> \t<div class=\"pdf24Plugin-cp-link\"> \t\t<a href=\"#\" onclick=\"var pdf24Win = window.open('about:blank', 'pdf24PopWin', 'resizable=yes,scrollbars=yes,width=600,height=250,left='+(screen.width\/2-300)+',top='+(screen.height\/3-125)+''); pdf24Win.focus(); document.pdf24Form0.submit(); if(typeof pdf24OnCreatePDF === 'function'){void(pdf24OnCreatePDF(this,pdf24Win));} return false;\">TELECHARGER L\\'ARTICLE AU FORMAT PDF<\/a> \t<\/div> <\/div>"},"caption":{"rendered":"<p>Ramass\u00e9 sur le Pont des l\u00f4nes et d\u00e9pos\u00e9 sur la grille d\u2019un \u00e9dicule en face du CNR au Port de l\u2019\u00c9pervi\u00e8re en face de CNR mercredi 28\/11. (michel dector). <a href=\"http:\/\/www.art-3.org\/art-contemporain\/dector-dupuy.php\/01-dector-eperviere\">Continuer la lecture <span class=\"meta-nav\">&rarr;<\/span><\/a><\/p>\n"},"alt_text":"","media_type":"image","mime_type":"image\/jpeg","media_details":{"width":2685,"height":2685,"file":"01-dector-e\u0301pervie\u0300re.jpg","sizes":{"thumbnail":{"file":"01-dector-e\u0301pervie\u0300re-150x150.jpg","width":150,"height":150,"mime_type":"image\/jpeg","source_url":"http:\/\/www.art-3.org\/art-contemporain\/wp-content\/uploads\/01-dector-e\u0301pervie\u0300re-150x150.jpg"},"medium":{"file":"01-dector-e\u0301pervie\u0300re-300x300.jpg","width":300,"height":300,"mime_type":"image\/jpeg","source_url":"http:\/\/www.art-3.org\/art-contemporain\/wp-content\/uploads\/01-dector-e\u0301pervie\u0300re-300x300.jpg"},"medium_large":{"file":"01-dector-e\u0301pervie\u0300re-768x768.jpg","width":768,"height":768,"mime_type":"image\/jpeg","source_url":"http:\/\/www.art-3.org\/art-contemporain\/wp-content\/uploads\/01-dector-e\u0301pervie\u0300re-768x768.jpg"},"large":{"file":"01-dector-e\u0301pervie\u0300re-1024x1024.jpg","width":1024,"height":1024,"mime_type":"image\/jpeg","source_url":"http:\/\/www.art-3.org\/art-contemporain\/wp-content\/uploads\/01-dector-e\u0301pervie\u0300re-1024x1024.jpg"},"post-thumbnail":{"file":"01-dector-e\u0301pervie\u0300re-940x198.jpg","width":940,"height":198,"mime_type":"image\/jpeg","source_url":"http:\/\/www.art-3.org\/art-contemporain\/wp-content\/uploads\/01-dector-e\u0301pervie\u0300re-940x198.jpg"},"full":{"file":"01-dector-e\u0301pervie\u0300re.jpg","width":2685,"height":2685,"mime_type":"image\/jpeg","source_url":"http:\/\/www.art-3.org\/art-contemporain\/wp-content\/uploads\/01-dector-e\u0301pervie\u0300re.jpg"}},"image_meta":{"aperture":"2.2","credit":"","camera":"iPhone 6s Plus","caption":"","created_timestamp":"1511955509","copyright":"","focal_length":"4.15","iso":"25","shutter_speed":"0.0017825311942959","title":"","orientation":"0","keywords":[]}},"post":4235,"source_url":"http:\/\/www.art-3.org\/art-contemporain\/wp-content\/uploads\/01-dector-e\u0301pervie\u0300re.jpg","_links":{"self":[{"href":"http:\/\/www.art-3.org\/art-contemporain\/wp-json\/wp\/v2\/media\/4236","targetHints":{"allow":["GET"]}}],"collection":[{"href":"http:\/\/www.art-3.org\/art-contemporain\/wp-json\/wp\/v2\/media"}],"about":[{"href":"http:\/\/www.art-3.org\/art-contemporain\/wp-json\/wp\/v2\/types\/attachment"}],"author":[{"embeddable":true,"href":"http:\/\/www.art-3.org\/art-contemporain\/wp-json\/wp\/v2\/users\/1"}],"replies":[{"embeddable":true,"href":"http:\/\/www.art-3.org\/art-contemporain\/wp-json\/wp\/v2\/comments?post=4236"}],"wp:attached-to":[{"embeddable":true,"post_type":"post","id":4235,"href":"http:\/\/www.art-3.org\/art-contemporain\/wp-json\/wp\/v2\/posts\/4235"}],"curies":[{"name":"wp","href":"https:\/\/api.w.org\/{rel}","templated":true}]}}

<p>Ramassé sur le Pont des lônes et déposé sur la grille d’un édicule en face du CNR au Port de l’Épervière en face de CNR mercredi 28/11. (michel dector). <a href="http://www.art-3.org/art-contemporain/dector-dupuy.php/01-dector-eperviere">Continuer la lecture <span class="meta-nav">&rarr;</span></a></p>
